Back to Multiple platform build/check report for BioC 3.21:   simplified   long
ABCDEF[G]HIJKLMNOPQRSTUVWXYZ

This page was generated on 2025-01-28 11:47 -0500 (Tue, 28 Jan 2025).

HostnameOSArch (*)R versionInstalled pkgs
nebbiolo1Linux (Ubuntu 24.04.1 LTS)x86_64R Under development (unstable) (2025-01-20 r87609) -- "Unsuffered Consequences" 4659
palomino7Windows Server 2022 Datacenterx64R Under development (unstable) (2025-01-21 r87610 ucrt) -- "Unsuffered Consequences" 4454
lconwaymacOS 12.7.1 Montereyx86_64R Under development (unstable) (2025-01-22 r87618) -- "Unsuffered Consequences" 4465
kjohnson3macOS 13.7.1 Venturaarm64R Under development (unstable) (2025-01-20 r87609) -- "Unsuffered Consequences" 4419
kunpeng2Linux (openEuler 22.03 LTS-SP1)aarch64R Under development (unstable) (2024-11-24 r87369) -- "Unsuffered Consequences" 4409
Click on any hostname to see more info about the system (e.g. compilers)      (*) as reported by 'uname -p', except on Windows and Mac OS X

Package 894/2286HostnameOS / ArchINSTALLBUILDCHECKBUILD BIN
GRaNIE 1.11.0  (landing page)
Christian Arnold
Snapshot Date: 2025-01-27 13:40 -0500 (Mon, 27 Jan 2025)
git_url: https://git.bioconductor.org/packages/GRaNIE
git_branch: devel
git_last_commit: 7fdc850
git_last_commit_date: 2024-10-29 11:11:39 -0500 (Tue, 29 Oct 2024)
nebbiolo1Linux (Ubuntu 24.04.1 LTS) / x86_64  OK    OK    OK  UNNEEDED, same version is already published
palomino7Windows Server 2022 Datacenter / x64  OK    OK    WARNINGS    OK  NO, package depends on 'DESeq2' which is only available as a source package that needs compilation
lconwaymacOS 12.7.1 Monterey / x86_64  OK    OK    OK    OK  NO, package depends on 'DESeq2' which is only available as a source package that needs compilation
kjohnson3macOS 13.7.1 Ventura / arm64  OK    OK    OK    OK  NO, package depends on 'DESeq2' which is only available as a source package that needs compilation
kunpeng2Linux (openEuler 22.03 LTS-SP1) / aarch64  OK    OK    WARNINGS  


CHECK results for GRaNIE on kunpeng2

To the developers/maintainers of the GRaNIE package:
- Allow up to 24 hours (and sometimes 48 hours) for your latest push to git@git.bioconductor.org:packages/GRaNIE.git to reflect on this report. See Troubleshooting Build Report for more information.
- Use the following Renviron settings to reproduce errors and warnings.
- If 'R CMD check' started to fail recently on the Linux builder(s) over a missing dependency, add the missing dependency to 'Suggests:' in your DESCRIPTION file. See Renviron.bioc for more information.
- See Martin Grigorov's blog post for how to debug Linux ARM64 related issues on a x86_64 host.

raw results


Summary

Package: GRaNIE
Version: 1.11.0
Command: /home/biocbuild/R/R/bin/R CMD check --install=check:GRaNIE.install-out.txt --library=/home/biocbuild/R/R/site-library --no-vignettes --timings GRaNIE_1.11.0.tar.gz
StartedAt: 2025-01-28 11:16:15 -0000 (Tue, 28 Jan 2025)
EndedAt: 2025-01-28 11:25:41 -0000 (Tue, 28 Jan 2025)
EllapsedTime: 566.6 seconds
RetCode: 0
Status:   WARNINGS  
CheckDir: GRaNIE.Rcheck
Warnings: 5

Command output

##############################################################################
##############################################################################
###
### Running command:
###
###   /home/biocbuild/R/R/bin/R CMD check --install=check:GRaNIE.install-out.txt --library=/home/biocbuild/R/R/site-library --no-vignettes --timings GRaNIE_1.11.0.tar.gz
###
##############################################################################
##############################################################################


* using log directory ‘/home/biocbuild/bbs-3.21-bioc/meat/GRaNIE.Rcheck’
* using R Under development (unstable) (2024-11-24 r87369)
* using platform: aarch64-unknown-linux-gnu
* R was compiled by
    aarch64-unknown-linux-gnu-gcc (GCC) 14.2.0
    GNU Fortran (GCC) 14.2.0
* running under: openEuler 24.03 (LTS)
* using session charset: UTF-8
* using option ‘--no-vignettes’
* checking for file ‘GRaNIE/DESCRIPTION’ ... OK
* this is package ‘GRaNIE’ version ‘1.11.0’
* package encoding: UTF-8
* checking package namespace information ... OK
* checking package dependencies ... INFO
Imports includes 37 non-default packages.
Importing from so many packages makes the package vulnerable to any of
them becoming unavailable.  Move as many as possible to Suggests and
use conditionally.
* checking if this is a source package ... OK
* checking if there is a namespace ... OK
* checking for hidden files and directories ... OK
* checking for portable file names ... OK
* checking for sufficient/correct file permissions ... OK
* checking whether package ‘GRaNIE’ can be installed ... WARNING
Found the following significant warnings:
  Warning: program compiled against libxml 212 using older 211
See ‘/home/biocbuild/bbs-3.21-bioc/meat/GRaNIE.Rcheck/00install.out’ for details.
* checking installed package size ... OK
* checking package directory ... OK
* checking ‘build’ directory ... OK
* checking DESCRIPTION meta-information ... OK
* checking top-level files ... OK
* checking for left-over files ... OK
* checking index information ... OK
* checking package subdirectories ...Warning: program compiled against libxml 212 using older 211
 OK
* checking code files for non-ASCII characters ... OK
* checking R files for syntax errors ... OK
* checking whether the package can be loaded ... OK
* checking whether the package can be loaded with stated dependencies ... OK
* checking whether the package can be unloaded cleanly ... OK
* checking whether the namespace can be loaded with stated dependencies ... NOTE
Warning: program compiled against libxml 212 using older 211

A namespace must be able to be loaded with just the base namespace
loaded: otherwise if the namespace gets loaded by a saved object, the
session will be unable to start.

Probably some imports need to be declared in the NAMESPACE file.
* checking whether the namespace can be unloaded cleanly ... OK
* checking loading without being on the library search path ... OK
* checking whether startup messages can be suppressed ... NOTE
Warning: program compiled against libxml 212 using older 211

It looks like this package (or a package it requires) has a startup
message which cannot be suppressed: see ?packageStartupMessage.
* checking dependencies in R code ... NOTE
Warning: program compiled against libxml 212 using older 211
* checking S3 generic/method consistency ... WARNING
Warning: program compiled against libxml 212 using older 211
See section ‘Generic functions and methods’ in the ‘Writing R
Extensions’ manual.
* checking replacement functions ... WARNING
Warning: program compiled against libxml 212 using older 211
The argument of a replacement function which corresponds to the right
hand side must be named ‘value’.
* checking foreign function calls ... NOTE
Warning: program compiled against libxml 212 using older 211
See chapter ‘System and foreign language interfaces’ in the ‘Writing R
Extensions’ manual.
* checking R code for possible problems ... NOTE
Warning: program compiled against libxml 212 using older 211
.performIHW: no visible binding for global variable 'adj_pvalue'
Undefined global functions or variables:
  adj_pvalue
* checking Rd files ... OK
* checking Rd metadata ... OK
* checking Rd cross-references ... OK
* checking for missing documentation entries ... WARNING
Warning: program compiled against libxml 212 using older 211
All user-level objects in a package should have documentation entries.
See chapter ‘Writing R documentation files’ in the ‘Writing R
Extensions’ manual.
* checking for code/documentation mismatches ... WARNING
Warning: program compiled against libxml 212 using older 211
Warning: program compiled against libxml 212 using older 211
Warning: program compiled against libxml 212 using older 211
* checking Rd \usage sections ... NOTE
Warning: program compiled against libxml 212 using older 211
The \usage entries for S3 methods should use the \method markup and not
their full name.
See chapter ‘Writing R documentation files’ in the ‘Writing R
Extensions’ manual.
* checking Rd contents ... OK
* checking for unstated dependencies in examples ... OK
* checking files in ‘vignettes’ ... OK
* checking examples ... OK
Examples with CPU (user + system) or elapsed time > 5s
                                user system elapsed
generateStatsSummary           7.937  0.435   9.038
addSNPData                     6.137  0.782  10.003
plotDiagnosticPlots_TFPeaks    5.207  0.331   6.765
calculateCommunitiesEnrichment 4.164  0.738   5.612
plotGeneralGraphStats          4.327  0.430   5.451
plotDiagnosticPlots_peakGene   4.511  0.219   5.394
addConnections_TF_peak         3.519  0.312   5.662
addConnections_peak_gene       2.903  0.227   5.383
* checking for unstated dependencies in vignettes ... OK
* checking package vignettes ... OK
* checking running R code from vignettes ... SKIPPED
* checking re-building of vignette outputs ... SKIPPED
* checking PDF version of manual ... OK
* DONE

Status: 5 WARNINGs, 6 NOTEs
See
  ‘/home/biocbuild/bbs-3.21-bioc/meat/GRaNIE.Rcheck/00check.log’
for details.


Installation output

GRaNIE.Rcheck/00install.out

##############################################################################
##############################################################################
###
### Running command:
###
###   /home/biocbuild/R/R/bin/R CMD INSTALL GRaNIE
###
##############################################################################
##############################################################################


* installing to library ‘/home/biocbuild/R/R-4.5.0-devel_2024-11-24/site-library’
* installing *source* package ‘GRaNIE’ ...
** using staged installation
** R
** byte-compile and prepare package for lazy loading
Warning: program compiled against libxml 212 using older 211
** help
*** installing help indices
*** copying figures
** building package indices
** installing vignettes
** testing if installed package can be loaded from temporary location
Warning: program compiled against libxml 212 using older 211
** testing if installed package can be loaded from final location
Warning: program compiled against libxml 212 using older 211
** testing if installed package keeps a record of temporary installation path
* DONE (GRaNIE)

Tests output


Example timings

GRaNIE.Rcheck/GRaNIE-Ex.timings

nameusersystemelapsed
AR_classification_wrapper000
addConnections_TF_peak3.5190.3125.662
addConnections_peak_gene2.9030.2275.383
addData000
addSNPData 6.137 0.78210.003
addTFBS0.0000.0000.001
add_TF_gene_correlation1.9550.2152.878
add_featureVariation000
build_eGRN_graph1.9040.2563.574
calculateCommunitiesEnrichment4.1640.7385.612
calculateCommunitiesStats1.9790.2402.907
calculateGeneralEnrichment2.2580.2543.198
calculateTFEnrichment2.1500.1513.005
changeOutputDirectory1.8240.1152.637
deleteIntermediateData1.9290.1592.758
filterConnectionsForPlotting1.7750.0802.574
filterData2.5580.0923.877
filterGRNAndConnectGenes2.9560.1483.812
generateStatsSummary7.9370.4359.038
getCounts3.2200.3124.243
getGRNConnections1.6960.0682.471
getGRNSummary2.6770.1323.514
getParameters2.9330.3153.994
getTopNodes1.8680.1162.693
initializeGRN0.0220.0040.027
loadExampleObject1.8160.0522.563
nGenes1.9250.1282.747
nPeaks1.8560.0632.636
nTFs1.6760.0362.948
overlapPeaksAndTFBS1.8020.0482.545
performAllNetworkAnalyses000
plotCommunitiesEnrichment3.6880.1404.536
plotCommunitiesStats3.3370.2314.262
plotCorrelations2.2190.1803.035
plotDiagnosticPlots_TFPeaks5.2070.3316.765
plotDiagnosticPlots_peakGene4.5110.2195.394
plotGeneralEnrichment2.1950.1242.974
plotGeneralGraphStats4.3270.4305.451
plotPCA_all3.1900.0483.926
plotTFEnrichment4.1830.0964.972
plot_stats_connectionSummary2.4770.1443.325
visualizeGRN3.4230.1474.296