Back to Multiple platform build/check report for BioC 3.23:   simplified   long
AB[C]DEFGHIJKLMNOPQRSTUVWXYZ

This page was generated on 2025-11-18 11:38 -0500 (Tue, 18 Nov 2025).

HostnameOSArch (*)R versionInstalled pkgs
nebbiolo1Linux (Ubuntu 24.04.3 LTS)x86_64R Under development (unstable) (2025-10-20 r88955) -- "Unsuffered Consequences" 4826
lconwaymacOS 12.7.6 Montereyx86_64R Under development (unstable) (2025-10-21 r88958) -- "Unsuffered Consequences" 4561
kjohnson3macOS 13.7.7 Venturaarm64R Under development (unstable) (2025-11-04 r88984) -- "Unsuffered Consequences" 4562
Click on any hostname to see more info about the system (e.g. compilers)      (*) as reported by 'uname -p', except on Windows and Mac OS X

Package 283/2325HostnameOS / ArchINSTALLBUILDCHECKBUILD BIN
CatsCradle 1.5.1  (landing page)
Michael Shapiro
Snapshot Date: 2025-11-17 13:40 -0500 (Mon, 17 Nov 2025)
git_url: https://git.bioconductor.org/packages/CatsCradle
git_branch: devel
git_last_commit: 032f58b
git_last_commit_date: 2025-11-04 07:21:19 -0500 (Tue, 04 Nov 2025)
nebbiolo1Linux (Ubuntu 24.04.3 LTS) / x86_64  OK    OK    OK  UNNEEDED, same version is already published
lconwaymacOS 12.7.6 Monterey / x86_64  OK    ERROR  skippedskipped
kjohnson3macOS 13.7.7 Ventura / arm64  OK    ERROR  skippedskipped


BUILD results for CatsCradle on lconway

To the developers/maintainers of the CatsCradle package:
- Allow up to 24 hours (and sometimes 48 hours) for your latest push to git@git.bioconductor.org:packages/CatsCradle.git to reflect on this report. See Troubleshooting Build Report for more information.
- Use the following Renviron settings to reproduce errors and warnings.
- If 'R CMD check' started to fail recently on the Linux builder(s) over a missing dependency, add the missing dependency to 'Suggests:' in your DESCRIPTION file. See Renviron.bioc for more information.

raw results


Summary

Package: CatsCradle
Version: 1.5.1
Command: /Library/Frameworks/R.framework/Resources/bin/R CMD build --keep-empty-dirs --no-resave-data CatsCradle
StartedAt: 2025-11-17 16:27:37 -0500 (Mon, 17 Nov 2025)
EndedAt: 2025-11-17 16:46:13 -0500 (Mon, 17 Nov 2025)
EllapsedTime: 1115.6 seconds
RetCode: 1
Status:   ERROR  
PackageFile: None
PackageFileSize: NA

Command output

##############################################################################
##############################################################################
###
### Running command:
###
###   /Library/Frameworks/R.framework/Resources/bin/R CMD build --keep-empty-dirs --no-resave-data CatsCradle
###
##############################################################################
##############################################################################


* checking for file ‘CatsCradle/DESCRIPTION’ ... OK
* preparing ‘CatsCradle’:
* checking DESCRIPTION meta-information ... OK
* installing the package (it is needed to build vignettes)
* creating vignettes ... ERROR
--- re-building ‘CatsCradle.Rmd’ using rmarkdown
2025-11-17 16:28:35.210 R[64374:14046065] XType: Using static font registry.

 [0%] Downloaded 12184 bytes...
 [0%] Downloaded 39144 bytes...
 [0%] Downloaded 55528 bytes...
 [0%] Downloaded 71496 bytes...
 [0%] Downloaded 82280 bytes...
 [0%] Downloaded 98664 bytes...
 [0%] Downloaded 114984 bytes...
 [0%] Downloaded 131368 bytes...
 [0%] Downloaded 134888 bytes...
 [0%] Downloaded 140280 bytes...
 [0%] Downloaded 146984 bytes...
 [0%] Downloaded 163368 bytes...
 [0%] Downloaded 179688 bytes...
 [0%] Downloaded 196072 bytes...
 [0%] Downloaded 211688 bytes...
 [0%] Downloaded 228072 bytes...
 [0%] Downloaded 244040 bytes...
 [0%] Downloaded 260424 bytes...
 [0%] Downloaded 276760 bytes...
 [0%] Downloaded 293192 bytes...
 [0%] Downloaded 309576 bytes...
 [0%] Downloaded 318540 bytes...
 [0%] Downloaded 334924 bytes...
 [1%] Downloaded 351244 bytes...
 [1%] Downloaded 367628 bytes...
 [1%] Downloaded 383948 bytes...
 [1%] Downloaded 400332 bytes...
 [1%] Downloaded 416652 bytes...
 [1%] Downloaded 433036 bytes...
 [1%] Downloaded 449372 bytes...
 [1%] Downloaded 465804 bytes...
 [1%] Downloaded 482068 bytes...
 [1%] Downloaded 498452 bytes...
 [1%] Downloaded 514772 bytes...
 [1%] Downloaded 531156 bytes...
 [1%] Downloaded 547476 bytes...
 [1%] Downloaded 563860 bytes...
 [1%] Downloaded 580180 bytes...
 [1%] Downloaded 596564 bytes...
 [1%] Downloaded 612900 bytes...
 [1%] Downloaded 629332 bytes...
 [1%] Downloaded 645596 bytes...
 [1%] Downloaded 661980 bytes...
 [2%] Downloaded 678300 bytes...
 [2%] Downloaded 694684 bytes...
 [2%] Downloaded 711004 bytes...
 [2%] Downloaded 727388 bytes...
 [2%] Downloaded 743708 bytes...
 [2%] Downloaded 760092 bytes...
 [2%] Downloaded 776412 bytes...
 [2%] Downloaded 792796 bytes...
 [2%] Downloaded 809116 bytes...
 [2%] Downloaded 825500 bytes...
 [2%] Downloaded 841820 bytes...
 [2%] Downloaded 858204 bytes...
 [2%] Downloaded 874524 bytes...
 [2%] Downloaded 890908 bytes...
 [2%] Downloaded 907228 bytes...
 [2%] Downloaded 923612 bytes...
 [2%] Downloaded 939932 bytes...
 [2%] Downloaded 956316 bytes...
 [2%] Downloaded 972636 bytes...
 [2%] Downloaded 989020 bytes...
 [2%] Downloaded 1005340 bytes...
 [3%] Downloaded 1021724 bytes...
 [3%] Downloaded 1038044 bytes...
 [3%] Downloaded 1054428 bytes...
 [3%] Downloaded 1070748 bytes...
 [3%] Downloaded 1087132 bytes...
 [3%] Downloaded 1103452 bytes...
 [3%] Downloaded 1119836 bytes...
 [3%] Downloaded 1136156 bytes...
 [3%] Downloaded 1152540 bytes...
 [3%] Downloaded 1168860 bytes...
 [3%] Downloaded 1185244 bytes...
 [3%] Downloaded 1201564 bytes...
 [3%] Downloaded 1217948 bytes...
 [3%] Downloaded 1234268 bytes...
 [3%] Downloaded 1250652 bytes...
 [3%] Downloaded 1266972 bytes...
 [3%] Downloaded 1283356 bytes...
 [3%] Downloaded 1299692 bytes...
 [3%] Downloaded 1316124 bytes...
 [3%] Downloaded 1332388 bytes...
 [3%] Downloaded 1348772 bytes...
 [4%] Downloaded 1365092 bytes...
 [4%] Downloaded 1381476 bytes...
 [4%] Downloaded 1397796 bytes...
 [4%] Downloaded 1414180 bytes...
 [4%] Downloaded 1430500 bytes...
 [4%] Downloaded 1446884 bytes...
 [4%] Downloaded 1463204 bytes...
 [4%] Downloaded 1479588 bytes...
 [4%] Downloaded 1495908 bytes...
 [4%] Downloaded 1512292 bytes...
 [4%] Downloaded 1528612 bytes...
 [4%] Downloaded 1544996 bytes...
 [4%] Downloaded 1561316 bytes...
 [4%] Downloaded 1577700 bytes...
 [4%] Downloaded 1594020 bytes...
 [4%] Downloaded 1610404 bytes...
 [4%] Downloaded 1626724 bytes...
 [4%] Downloaded 1643108 bytes...
 [4%] Downloaded 1659444 bytes...
 [4%] Downloaded 1675876 bytes...
 [5%] Downloaded 1692140 bytes...
 [5%] Downloaded 1708524 bytes...
 [5%] Downloaded 1724844 bytes...
 [5%] Downloaded 1741228 bytes...
 [5%] Downloaded 1757548 bytes...
 [5%] Downloaded 1773932 bytes...
 [5%] Downloaded 1790252 bytes...
 [5%] Downloaded 1806636 bytes...
 [5%] Downloaded 1822956 bytes...
 [5%] Downloaded 1839340 bytes...
 [5%] Downloaded 1855660 bytes...
 [5%] Downloaded 1872044 bytes...
 [5%] Downloaded 1888364 bytes...
 [5%] Downloaded 1904748 bytes...
 [5%] Downloaded 1921068 bytes...
 [5%] Downloaded 1937452 bytes...
 [5%] Downloaded 1953772 bytes...
 [5%] Downloaded 1970156 bytes...
 [5%] Downloaded 1986476 bytes...
 [5%] Downloaded 2002860 bytes...
 [5%] Downloaded 2019196 bytes...
 [6%] Downloaded 2035628 bytes...
 [6%] Downloaded 2051892 bytes...
 [6%] Downloaded 2068276 bytes...
 [6%] Downloaded 2084596 bytes...
 [6%] Downloaded 2100980 bytes...
 [6%] Downloaded 2117300 bytes...
 [6%] Downloaded 2133684 bytes...
 [6%] Downloaded 2150004 bytes...
 [6%] Downloaded 2166388 bytes...
 [6%] Downloaded 2182724 bytes...
 [6%] Downloaded 2199108 bytes...
 [6%] Downloaded 2199156 bytes...
 [6%] Downloaded 2215420 bytes...
 [6%] Downloaded 2231804 bytes...
 [6%] Downloaded 2248124 bytes...
 [6%] Downloaded 2264508 bytes...
 [6%] Downloaded 2280828 bytes...
 [6%] Downloaded 2297212 bytes...
 [6%] Downloaded 2313532 bytes...
 [6%] Downloaded 2329916 bytes...
 [6%] Downloaded 2346236 bytes...
 [7%] Downloaded 2362620 bytes...
 [7%] Downloaded 2378940 bytes...
 [7%] Downloaded 2395324 bytes...
 [7%] Downloaded 2411644 bytes...
 [7%] Downloaded 2428028 bytes...
 [7%] Downloaded 2444348 bytes...
 [7%] Downloaded 2460732 bytes...
 [7%] Downloaded 2477052 bytes...
 [7%] Downloaded 2493436 bytes...
 [7%] Downloaded 2509756 bytes...
 [7%] Downloaded 2526140 bytes...
 [7%] Downloaded 2542476 bytes...
 [7%] Downloaded 2558908 bytes...
 [7%] Downloaded 2575172 bytes...
 [7%] Downloaded 2591556 bytes...
 [7%] Downloaded 2607876 bytes...
 [7%] Downloaded 2624260 bytes...
 [7%] Downloaded 2640580 bytes...
 [7%] Downloaded 2656964 bytes...
 [7%] Downloaded 2673284 bytes...
 [7%] Downloaded 2689668 bytes...
 [8%] Downloaded 2705988 bytes...
 [8%] Downloaded 2722372 bytes...
 [8%] Downloaded 2738692 bytes...
 [8%] Downloaded 2755076 bytes...
 [8%] Downloaded 2771396 bytes...
 [8%] Downloaded 2787780 bytes...
 [8%] Downloaded 2804100 bytes...
 [8%] Downloaded 2820484 bytes...
 [8%] Downloaded 2836804 bytes...
 [8%] Downloaded 2853188 bytes...
 [8%] Downloaded 2869508 bytes...
 [8%] Downloaded 2885892 bytes...
 [8%] Downloaded 2902228 bytes...
 [8%] Downloaded 2918660 bytes...
 [8%] Downloaded 2934924 bytes...
 [8%] Downloaded 2951308 bytes...
 [8%] Downloaded 2967628 bytes...
 [8%] Downloaded 2984012 bytes...
 [8%] Downloaded 3000332 bytes...
 [8%] Downloaded 3016716 bytes...
 [8%] Downloaded 3033036 bytes...
 [9%] Downloaded 3049420 bytes...
 [9%] Downloaded 3065756 bytes...
 [9%] Downloaded 3082188 bytes...
 [9%] Downloaded 3098452 bytes...
 [9%] Downloaded 3114836 bytes...
 [9%] Downloaded 3131156 bytes...
 [9%] Downloaded 3147540 bytes...
 [9%] Downloaded 3163860 bytes...
 [9%] Downloaded 3180244 bytes...
 [9%] Downloaded 3196564 bytes...
 [9%] Downloaded 3212948 bytes...
 [9%] Downloaded 3229268 bytes...
 [9%] Downloaded 3245652 bytes...
 [9%] Downloaded 3261972 bytes...
 [9%] Downloaded 3278356 bytes...
 [9%] Downloaded 3294676 bytes...
 [9%] Downloaded 3311060 bytes...
 [9%] Downloaded 3327380 bytes...
 [9%] Downloaded 3343764 bytes...
 [9%] Downloaded 3360084 bytes...
 [10%] Downloaded 3376468 bytes...
 [10%] Downloaded 3392788 bytes...
 [10%] Downloaded 3409172 bytes...
 [10%] Downloaded 3425508 bytes...
 [10%] Downloaded 3441940 bytes...
 [10%] Downloaded 3458204 bytes...
 [10%] Downloaded 3474588 bytes...
 [10%] Downloaded 3490908 bytes...
 [10%] Downloaded 3507292 bytes...
 [10%] Downloaded 3523612 bytes...
 [10%] Downloaded 3539996 bytes...
 [10%] Downloaded 3556316 bytes...
 [10%] Downloaded 3572700 bytes...
 [10%] Downloaded 3589036 bytes...
 [10%] Downloaded 3605468 bytes...
 [10%] Downloaded 3621732 bytes...
 [10%] Downloaded 3638116 bytes...
 [10%] Downloaded 3654436 bytes...
 [10%] Downloaded 3670820 bytes...
 [10%] Downloaded 3687140 bytes...
 [10%] Downloaded 3703524 bytes...
 [11%] Downloaded 3719844 bytes...
 [11%] Downloaded 3736228 bytes...
 [11%] Downloaded 3752564 bytes...
 [11%] Downloaded 3768996 bytes...
 [11%] Downloaded 3785260 bytes...
 [11%] Downloaded 3801644 bytes...
 [11%] Downloaded 3817964 bytes...
 [11%] Downloaded 3834348 bytes...
 [11%] Downloaded 3850668 bytes...
 [11%] Downloaded 3867052 bytes...
 [11%] Downloaded 3883372 bytes...
 [11%] Downloaded 3899756 bytes...
 [11%] Downloaded 3916092 bytes...
 [11%] Downloaded 3932476 bytes...
 [11%] Downloaded 3932524 bytes...
 [11%] Downloaded 3948788 bytes...
 [11%] Downloaded 3965172 bytes...
 [11%] Downloaded 3981492 bytes...
 [11%] Downloaded 3997876 bytes...
 [11%] Downloaded 4014196 bytes...
 [11%] Downloaded 4030580 bytes...
 [11%] Downloaded 4046900 bytes...
 [12%] Downloaded 4063284 bytes...
 [12%] Downloaded 4079604 bytes...
 [12%] Downloaded 4095988 bytes...
 [12%] Downloaded 4112308 bytes...
 [12%] Downloaded 4128692 bytes...
 [12%] Downloaded 4145012 bytes...
 [12%] Downloaded 4161396 bytes...
 [12%] Downloaded 4177716 bytes...
 [12%] Downloaded 4194100 bytes...
 [12%] Downloaded 4210420 bytes...
 [12%] Downloaded 4226804 bytes...
 [12%] Downloaded 4243124 bytes...
 [12%] Downloaded 4259508 bytes...
 [12%] Downloaded 4275828 bytes...
 [12%] Downloaded 4292212 bytes...
 [12%] Downloaded 4308532 bytes...
 [12%] Downloaded 4324916 bytes...
 [12%] Downloaded 4341236 bytes...
 [12%] Downloaded 4357620 bytes...
 [12%] Downloaded 4373940 bytes...
 [13%] Downloaded 4390324 bytes...
 [13%] Downloaded 4406644 bytes...
 [13%] Downloaded 4423028 bytes...
 [13%] Downloaded 4439364 bytes...
 [13%] Downloaded 4455796 bytes...
 [13%] Downloaded 4472060 bytes...
 [13%] Downloaded 4488444 bytes...
 [13%] Downloaded 4504764 bytes...
 [13%] Downloaded 4521148 bytes...
 [13%] Downloaded 4537468 bytes...
 [13%] Downloaded 4553852 bytes...
 [13%] Downloaded 4570172 bytes...
 [13%] Downloaded 4586556 bytes...
 [13%] Downloaded 4602876 bytes...
 [13%] Downloaded 4619260 bytes...
 [13%] Downloaded 4635580 bytes...
 [13%] Downloaded 4651964 bytes...
 [13%] Downloaded 4668284 bytes...
 [13%] Downloaded 4684668 bytes...
 [13%] Downloaded 4700988 bytes...
 [13%] Downloaded 4717372 bytes...
 [14%] Downloaded 4733692 bytes...
 [14%] Downloaded 4750076 bytes...
 [14%] Downloaded 4766396 bytes...
 [14%] Downloaded 4782780 bytes...
 [14%] Downloaded 4799116 bytes...
 [14%] Downloaded 4815548 bytes...
 [14%] Downloaded 4831812 bytes...
 [14%] Downloaded 4848196 bytes...
 [14%] Downloaded 4864516 bytes...
 [14%] Downloaded 4880900 bytes...
 [14%] Downloaded 4897220 bytes...
 [14%] Downloaded 4913604 bytes...
 [14%] Downloaded 4929924 bytes...
 [14%] Downloaded 4946308 bytes...
 [14%] Downloaded 4962628 bytes...
 [14%] Downloaded 4979012 bytes...
 [14%] Downloaded 4995332 bytes...
 [14%] Downloaded 5011716 bytes...
 [14%] Downloaded 5028036 bytes...
 [14%] Downloaded 5044420 bytes...
 [15%] Downloaded 5060740 bytes...
 [15%] Downloaded 5077124 bytes...
 [15%] Downloaded 5093444 bytes...
 [15%] Downloaded 5109828 bytes...
 [15%] Downloaded 5126148 bytes...
 [15%] Downloaded 5142532 bytes...
 [15%] Downloaded 5158852 bytes...
 [15%] Downloaded 5175236 bytes...
 [15%] Downloaded 5191556 bytes...
 [15%] Downloaded 5207940 bytes...
 [15%] Downloaded 5224260 bytes...
 [15%] Downloaded 5240644 bytes...
 [15%] Downloaded 5256964 bytes...
 [15%] Downloaded 5273348 bytes...
 [15%] Downloaded 5289668 bytes...
 [15%] Downloaded 5306052 bytes...
 [15%] Downloaded 5322372 bytes...
 [15%] Downloaded 5338756 bytes...
 [15%] Downloaded 5355076 bytes...
 [15%] Downloaded 5371460 bytes...
 [15%] Downloaded 5387780 bytes...
 [16%] Downloaded 5404164 bytes...
 [16%] Downloaded 5420484 bytes...
 [16%] Downloaded 5436868 bytes...
 [16%] Downloaded 5453188 bytes...
 [16%] Downloaded 5469572 bytes...
 [16%] Downloaded 5485892 bytes...
 [16%] Downloaded 5502276 bytes...
 [16%] Downloaded 5518596 bytes...
 [16%] Downloaded 5534980 bytes...
 [16%] Downloaded 5551300 bytes...
 [16%] Downloaded 5567684 bytes...
 [16%] Downloaded 5584004 bytes...
 [16%] Downloaded 5600388 bytes...
 [16%] Downloaded 5616708 bytes...
 [16%] Downloaded 5633092 bytes...
 [16%] Downloaded 5649412 bytes...
 [16%] Downloaded 5665796 bytes...
 [16%] Downloaded 5682116 bytes...
 [16%] Downloaded 5698500 bytes...
 [16%] Downloaded 5714820 bytes...
 [16%] Downloaded 5731204 bytes...
 [17%] Downloaded 5747524 bytes...
 [17%] Downloaded 5763908 bytes...
 [17%] Downloaded 5780228 bytes...
 [17%] Downloaded 5796612 bytes...
 [17%] Downloaded 5812932 bytes...
 [17%] Downloaded 5829316 bytes...
 [17%] Downloaded 5845636 bytes...
 [17%] Downloaded 5862020 bytes...
 [17%] Downloaded 5878340 bytes...
 [17%] Downloaded 5894724 bytes...
 [17%] Downloaded 5911044 bytes...
 [17%] Downloaded 5927428 bytes...
 [17%] Downloaded 5943748 bytes...
 [17%] Downloaded 5960132 bytes...
 [17%] Downloaded 5976468 bytes...
 [17%] Downloaded 5992900 bytes...
 [17%] Downloaded 6009164 bytes...
 [17%] Downloaded 6025548 bytes...
 [17%] Downloaded 6041868 bytes...
 [17%] Downloaded 6058252 bytes...
 [18%] Downloaded 6074572 bytes...
 [18%] Downloaded 6090956 bytes...
 [18%] Downloaded 6107276 bytes...
 [18%] Downloaded 6123660 bytes...
 [18%] Downloaded 6139980 bytes...
 [18%] Downloaded 6156364 bytes...
 [18%] Downloaded 6172684 bytes...
 [18%] Downloaded 6189068 bytes...
 [18%] Downloaded 6205388 bytes...
 [18%] Downloaded 6221772 bytes...
 [18%] Downloaded 6238092 bytes...
 [18%] Downloaded 6254476 bytes...
 [18%] Downloaded 6270796 bytes...
 [18%] Downloaded 6287180 bytes...
 [18%] Downloaded 6303500 bytes...
 [18%] Downloaded 6319884 bytes...
 [18%] Downloaded 6336204 bytes...
 [18%] Downloaded 6352588 bytes...
 [18%] Downloaded 6368908 bytes...
 [18%] Downloaded 6385292 bytes...
 [18%] Downloaded 6401612 bytes...
 [19%] Downloaded 6417996 bytes...
 [19%] Downloaded 6434316 bytes...
 [19%] Downloaded 6450700 bytes...
 [19%] Downloaded 6467020 bytes...
 [19%] Downloaded 6483404 bytes...
 [19%] Downloaded 6499740 bytes...
 [19%] Downloaded 6516172 bytes...
 [19%] Downloaded 6532436 bytes...
 [19%] Downloaded 6548820 bytes...
 [19%] Downloaded 6565140 bytes...
 [19%] Downloaded 6581524 bytes...
 [19%] Downloaded 6597844 bytes...
 [19%] Downloaded 6614228 bytes...
 [19%] Downloaded 6630548 bytes...
 [19%] Downloaded 6646932 bytes...
 [19%] Downloaded 6663252 bytes...
 [19%] Downloaded 6679636 bytes...
 [19%] Downloaded 6695956 bytes...
 [19%] Downloaded 6712340 bytes...
 [19%] Downloaded 6728660 bytes...
 [19%] Downloaded 6745044 bytes...
 [20%] Downloaded 6761364 bytes...
 [20%] Downloaded 6777748 bytes...
 [20%] Downloaded 6794068 bytes...
 [20%] Downloaded 6810452 bytes...
 [20%] Downloaded 6826772 bytes...
 [20%] Downloaded 6843156 bytes...
 [20%] Downloaded 6859492 bytes...
 [20%] Downloaded 6875924 bytes...
 [20%] Downloaded 6892188 bytes...
 [20%] Downloaded 6908572 bytes...
 [20%] Downloaded 6924892 bytes...
 [20%] Downloaded 6941276 bytes...
 [20%] Downloaded 6957596 bytes...
 [20%] Downloaded 6973980 bytes...
 [20%] Downloaded 6990300 bytes...
 [20%] Downloaded 7006684 bytes...
 [20%] Downloaded 7023020 bytes...
 [20%] Downloaded 7039452 bytes...
 [20%] Downloaded 7055716 bytes...
 [20%] Downloaded 7072100 bytes...
 [21%] Downloaded 7088420 bytes...
 [21%] Downloaded 7104804 bytes...
 [21%] Downloaded 7121124 bytes...
 [21%] Downloaded 7137508 bytes...
 [21%] Downloaded 7153828 bytes...
 [21%] Downloaded 7170212 bytes...
 [21%] Downloaded 7186532 bytes...
 [21%] Downloaded 7202916 bytes...
 [21%] Downloaded 7219252 bytes...
 [21%] Downloaded 7235684 bytes...
 [21%] Downloaded 7251948 bytes...
 [21%] Downloaded 7268332 bytes...
 [21%] Downloaded 7284652 bytes...
 [21%] Downloaded 7301036 bytes...
 [21%] Downloaded 7317356 bytes...
 [21%] Downloaded 7333740 bytes...
 [21%] Downloaded 7350060 bytes...
 [21%] Downloaded 7366444 bytes...
 [21%] Downloaded 7382780 bytes...
 [21%] Downloaded 7399212 bytes...
 [21%] Downloaded 7415476 bytes...
 [22%] Downloaded 7431860 bytes...
 [22%] Downloaded 7448180 bytes...
 [22%] Downloaded 7464564 bytes...
 [22%] Downloaded 7480884 bytes...
 [22%] Downloaded 7497268 bytes...
 [22%] Downloaded 7513588 bytes...
 [22%] Downloaded 7529972 bytes...
 [22%] Downloaded 7546292 bytes...
 [22%] Downloaded 7562676 bytes...
 [22%] Downloaded 7578996 bytes...
 [22%] Downloaded 7595380 bytes...
 [22%] Downloaded 7611700 bytes...
 [22%] Downloaded 7628084 bytes...
 [22%] Downloaded 7644404 bytes...
 [22%] Downloaded 7660788 bytes...
 [22%] Downloaded 7677108 bytes...
 [22%] Downloaded 7693492 bytes...
 [22%] Downloaded 7709812 bytes...
 [22%] Downloaded 7726196 bytes...
 [22%] Downloaded 7742516 bytes...
 [23%] Downloaded 7758900 bytes...
 [23%] Downloaded 7775220 bytes...
 [23%] Downloaded 7791604 bytes...
 [23%] Downloaded 7807924 bytes...
 [23%] Downloaded 7824308 bytes...
 [23%] Downloaded 7840628 bytes...
 [23%] Downloaded 7857012 bytes...
 [23%] Downloaded 7873332 bytes...
 [23%] Downloaded 7889716 bytes...
 [23%] Downloaded 7906036 bytes...
 [23%] Downloaded 7922420 bytes...
 [23%] Downloaded 7938740 bytes...
 [23%] Downloaded 7955124 bytes...
 [23%] Downloaded 7971444 bytes...
 [23%] Downloaded 7987828 bytes...
 [23%] Downloaded 8004148 bytes...
 [23%] Downloaded 8020532 bytes...
 [23%] Downloaded 8036852 bytes...
 [23%] Downloaded 8053236 bytes...
 [23%] Downloaded 8069556 bytes...
 [23%] Downloaded 8085940 bytes...
 [24%] Downloaded 8102260 bytes...
 [24%] Downloaded 8118644 bytes...
 [24%] Downloaded 8134964 bytes...
 [24%] Downloaded 8151348 bytes...
 [24%] Downloaded 8167668 bytes...
 [24%] Downloaded 8184052 bytes...
 [24%] Downloaded 8200372 bytes...
 [24%] Downloaded 8216756 bytes...
 [24%] Downloaded 8233076 bytes...
 [24%] Downloaded 8249460 bytes...
 [24%] Downloaded 8265780 bytes...
 [24%] Downloaded 8282164 bytes...
 [24%] Downloaded 8298500 bytes...
 [24%] Downloaded 8314932 bytes...
 [24%] Downloaded 8331196 bytes...
 [24%] Downloaded 8347580 bytes...
 [24%] Downloaded 8363900 bytes...
 [24%] Downloaded 8380284 bytes...
 [24%] Downloaded 8396604 bytes...
 [24%] Downloaded 8412988 bytes...
 [24%] Downloaded 8429308 bytes...
 [25%] Downloaded 8445692 bytes...
 [25%] Downloaded 8462012 bytes...
 [25%] Downloaded 8478396 bytes...
 [25%] Downloaded 8494716 bytes...
 [25%] Downloaded 8511100 bytes...
 [25%] Downloaded 8527420 bytes...
 [25%] Downloaded 8543804 bytes...
 [25%] Downloaded 8560124 bytes...
 [25%] Downloaded 8576508 bytes...
 [25%] Downloaded 8592828 bytes...
 [25%] Downloaded 8609212 bytes...
 [25%] Downloaded 8625532 bytes...
 [25%] Downloaded 8641916 bytes...
 [25%] Downloaded 8658236 bytes...
 [25%] Downloaded 8674620 bytes...
 [25%] Downloaded 8690940 bytes...
 [25%] Downloaded 8707324 bytes...
 [25%] Downloaded 8723644 bytes...
 [25%] Downloaded 8740028 bytes...
 [25%] Downloaded 8756348 bytes...
 [26%] Downloaded 8772732 bytes...
 [26%] Downloaded 8789052 bytes...
 [26%] Downloaded 8805436 bytes...
 [26%] Downloaded 8821772 bytes...
 [26%] Downloaded 8838204 bytes...
 [26%] Downloaded 8854468 bytes...
 [26%] Downloaded 8870852 bytes...
 [26%] Downloaded 8887172 bytes...
 [26%] Downloaded 8903556 bytes...
 [26%] Downloaded 8919876 bytes...
 [26%] Downloaded 8936260 bytes...
 [26%] Downloaded 8952580 bytes...
 [26%] Downloaded 8968964 bytes...
 [26%] Downloaded 8985300 bytes...
 [26%] Downloaded 9001732 bytes...
 [26%] Downloaded 9017996 bytes...
 [26%] Downloaded 9034380 bytes...
 [26%] Downloaded 9050700 bytes...
 [26%] Downloaded 9067084 bytes...
 [26%] Downloaded 9083404 bytes...
 [26%] Downloaded 9099788 bytes...
 [27%] Downloaded 9116108 bytes...
 [27%] Downloaded 9132492 bytes...
 [27%] Downloaded 9148812 bytes...
 [27%] Downloaded 9165196 bytes...
 [27%] Downloaded 9181532 bytes...
 [27%] Downloaded 9197964 bytes...
 [27%] Downloaded 9214228 bytes...
 [27%] Downloaded 9230612 bytes...
 [27%] Downloaded 9246932 bytes...
 [27%] Downloaded 9263316 bytes...
 [27%] Downloaded 9279636 bytes...
 [27%] Downloaded 9296020 bytes...
 [27%] Downloaded 9312340 bytes...
 [27%] Downloaded 9328724 bytes...
 [27%] Downloaded 9345044 bytes...
 [27%] Downloaded 9361428 bytes...
 [27%] Downloaded 9377748 bytes...
 [27%] Downloaded 9394132 bytes...
 [27%] Downloaded 9410452 bytes...
 [27%] Downloaded 9426836 bytes...
 [27%] Downloaded 9443156 bytes...
 [28%] Downloaded 9459540 bytes...
 [28%] Downloaded 9475860 bytes...
 [28%] Downloaded 9492244 bytes...
 [28%] Downloaded 9508564 bytes...
 [28%] Downloaded 9524948 bytes...
 [28%] Downloaded 9541284 bytes...
 [28%] Downloaded 9557716 bytes...
 [28%] Downloaded 9573980 bytes...
 [28%] Downloaded 9590364 bytes...
 [28%] Downloaded 9606684 bytes...
 [28%] Downloaded 9623068 bytes...
 [28%] Downloaded 9639388 bytes...
 [28%] Downloaded 9655772 bytes...
 [28%] Downloaded 9672092 bytes...
 [28%] Downloaded 9688476 bytes...
 [28%] Downloaded 9704796 bytes...
 [28%] Downloaded 9721180 bytes...
 [28%] Downloaded 9737500 bytes...
 [28%] Downloaded 9753884 bytes...
 [28%] Downloaded 9770204 bytes...
 [29%] Downloaded 9786588 bytes...
 [29%] Downloaded 9802908 bytes...
 [29%] Downloaded 9819292 bytes...
 [29%] Downloaded 9835612 bytes...
 [29%] Downloaded 9851996 bytes...
 [29%] Downloaded 9868316 bytes...
 [29%] Downloaded 9884700 bytes...
 [29%] Downloaded 9901036 bytes...
 [29%] Downloaded 9917468 bytes...
 [29%] Downloaded 9933732 bytes...
 [29%] Downloaded 9950116 bytes...
 [29%] Downloaded 9966436 bytes...
 [29%] Downloaded 9982820 bytes...
 [29%] Downloaded 9999140 bytes...
 [29%] Downloaded 10015524 bytes...
 [29%] Downloaded 10031844 bytes...
 [29%] Downloaded 10048228 bytes...
 [29%] Downloaded 10064548 bytes...
 [29%] Downloaded 10080932 bytes...
 [29%] Downloaded 10097268 bytes...
 [29%] Downloaded 10113700 bytes...
 [30%] Downloaded 10129964 bytes...
 [30%] Downloaded 10146348 bytes...
 [30%] Downloaded 10162668 bytes...
 [30%] Downloaded 10179052 bytes...
 [30%] Downloaded 10195372 bytes...
 [30%] Downloaded 10211756 bytes...
 [30%] Downloaded 10228076 bytes...
 [30%] Downloaded 10244460 bytes...
 [30%] Downloaded 10260780 bytes...
 [30%] Downloaded 10277164 bytes...
 [30%] Downloaded 10293484 bytes...
 [30%] Downloaded 10309868 bytes...
 [30%] Downloaded 10326188 bytes...
 [30%] Downloaded 10342572 bytes...
 [30%] Downloaded 10358892 bytes...
 [30%] Downloaded 10375276 bytes...
 [30%] Downloaded 10391596 bytes...
 [30%] Downloaded 10407980 bytes...
 [30%] Downloaded 10424300 bytes...
 [30%] Downloaded 10440684 bytes...
 [31%] Downloaded 10457020 bytes...
 [31%] Downloaded 10473452 bytes...
 [31%] Downloaded 10489716 bytes...
 [31%] Downloaded 10506100 bytes...
 [31%] Downloaded 10522420 bytes...
 [31%] Downloaded 10538804 bytes...
 [31%] Downloaded 10555124 bytes...
 [31%] Downloaded 10571508 bytes...
 [31%] Downloaded 10587828 bytes...
 [31%] Downloaded 10604212 bytes...
 [31%] Downloaded 10620532 bytes...
 [31%] Downloaded 10636916 bytes...
 [31%] Downloaded 10653236 bytes...
 [31%] Downloaded 10669620 bytes...
 [31%] Downloaded 10685940 bytes...
 [31%] Downloaded 10702324 bytes...
 [31%] Downloaded 10718644 bytes...
 [31%] Downloaded 10735028 bytes...
 [31%] Downloaded 10751348 bytes...
 [31%] Downloaded 10767732 bytes...
 [31%] Downloaded 10784052 bytes...
 [32%] Downloaded 10800436 bytes...
 [32%] Downloaded 10816756 bytes...
 [32%] Downloaded 10833140 bytes...
 [32%] Downloaded 10849460 bytes...
 [32%] Downloaded 10865844 bytes...
 [32%] Downloaded 10882164 bytes...
 [32%] Downloaded 10898548 bytes...
 [32%] Downloaded 10914868 bytes...
 [32%] Downloaded 10931252 bytes...
 [32%] Downloaded 10947572 bytes...
 [32%] Downloaded 10963956 bytes...
 [32%] Downloaded 10980276 bytes...
 [32%] Downloaded 10996660 bytes...
 [32%] Downloaded 11012980 bytes...
 [32%] Downloaded 11029364 bytes...
 [32%] Downloaded 11045684 bytes...
 [32%] Downloaded 11062068 bytes...
 [32%] Downloaded 11078388 bytes...
 [32%] Downloaded 11094772 bytes...
 [32%] Downloaded 11111092 bytes...
 [32%] Downloaded 11127476 bytes...
 [33%] Downloaded 11143812 bytes...
 [33%] Downloaded 11160244 bytes...
 [33%] Downloaded 11176508 bytes...
 [33%] Downloaded 11192892 bytes...
 [33%] Downloaded 11209212 bytes...
 [33%] Downloaded 11225596 bytes...
 [33%] Downloaded 11241916 bytes...
 [33%] Downloaded 11258300 bytes...
 [33%] Downloaded 11274620 bytes...
 [33%] Downloaded 11291004 bytes...
 [33%] Downloaded 11307324 bytes...
 [33%] Downloaded 11323708 bytes...
 [33%] Downloaded 11340044 bytes...
 [33%] Downloaded 11356476 bytes...
 [33%] Downloaded 11372740 bytes...
 [33%] Downloaded 11389124 bytes...
 [33%] Downloaded 11405444 bytes...
 [33%] Downloaded 11421828 bytes...
 [33%] Downloaded 11438148 bytes...
 [33%] Downloaded 11454532 bytes...
 [34%] Downloaded 11470852 bytes...
 [34%] Downloaded 11487236 bytes...
 [34%] Downloaded 11503556 bytes...
 [34%] Downloaded 11519940 bytes...
 [34%] Downloaded 11536260 bytes...
 [34%] Downloaded 11552644 bytes...
 [34%] Downloaded 11568964 bytes...
 [34%] Downloaded 11585348 bytes...
 [34%] Downloaded 11601668 bytes...
 [34%] Downloaded 11618052 bytes...
 [34%] Downloaded 11634372 bytes...
 [34%] Downloaded 11650756 bytes...
 [34%] Downloaded 11667076 bytes...
 [34%] Downloaded 11683460 bytes...
 [34%] Downloaded 11699796 bytes...
 [34%] Downloaded 11716228 bytes...
 [34%] Downloaded 11732492 bytes...
 [34%] Downloaded 11748876 bytes...
 [34%] Downloaded 11765196 bytes...
 [34%] Downloaded 11781580 bytes...
 [34%] Downloaded 11797900 bytes...
 [35%] Downloaded 11814284 bytes...
 [35%] Downloaded 11830604 bytes...
 [35%] Downloaded 11846988 bytes...
 [35%] Downloaded 11863308 bytes...
 [35%] Downloaded 11879692 bytes...
 [35%] Downloaded 11896012 bytes...
 [35%] Downloaded 11912396 bytes...
 [35%] Downloaded 11928716 bytes...
 [35%] Downloaded 11945100 bytes...
 [35%] Downloaded 11961420 bytes...
 [35%] Downloaded 11977804 bytes...
 [35%] Downloaded 11994124 bytes...
 [35%] Downloaded 12010508 bytes...
 [35%] Downloaded 12026828 bytes...
 [35%] Downloaded 12043212 bytes...
 [35%] Downloaded 12059548 bytes...
 [35%] Downloaded 12075980 bytes...
 [35%] Downloaded 12092244 bytes...
 [35%] Downloaded 12108628 bytes...
 [35%] Downloaded 12124948 bytes...
 [35%] Downloaded 12141332 bytes...
 [36%] Downloaded 12157652 bytes...
 [36%] Downloaded 12174036 bytes...
 [36%] Downloaded 12190356 bytes...
 [36%] Downloaded 12206740 bytes...
 [36%] Downloaded 12223060 bytes...
 [36%] Downloaded 12239444 bytes...
 [36%] Downloaded 12255764 bytes...
 [36%] Downloaded 12272148 bytes...
 [36%] Downloaded 12288468 bytes...
 [36%] Downloaded 12304852 bytes...
 [36%] Downloaded 12321172 bytes...
 [36%] Downloaded 12337556 bytes...
 [36%] Downloaded 12353876 bytes...
 [36%] Downloaded 12370260 bytes...
 [36%] Downloaded 12386580 bytes...
 [36%] Downloaded 12402964 bytes...
 [36%] Downloaded 12419284 bytes...
 [36%] Downloaded 12435668 bytes...
 [36%] Downloaded 12451988 bytes...
 [36%] Downloaded 12468372 bytes...
 [37%] Downloaded 12484692 bytes...
 [37%] Downloaded 12501076 bytes...
 [37%] Downloaded 12517396 bytes...
 [37%] Downloaded 12533780 bytes...
 [37%] Downloaded 12550100 bytes...
 [37%] Downloaded 12566484 bytes...
 [37%] Downloaded 12582820 bytes...
 [37%] Downloaded 12599252 bytes...
 [37%] Downloaded 12615516 bytes...
 [37%] Downloaded 12631900 bytes...
 [37%] Downloaded 12648220 bytes...
 [37%] Downloaded 12664604 bytes...
 [37%] Downloaded 12680924 bytes...
 [37%] Downloaded 12697308 bytes...
 [37%] Downloaded 12713628 bytes...
 [37%] Downloaded 12730012 bytes...
 [37%] Downloaded 12746332 bytes...
 [37%] Downloaded 12762716 bytes...
 [37%] Downloaded 12779052 bytes...
 [37%] Downloaded 12795484 bytes...
 [37%] Downloaded 12811748 bytes...
 [38%] Downloaded 12828132 bytes...
 [38%] Downloaded 12844452 bytes...
 [38%] Downloaded 12860836 bytes...
 [38%] Downloaded 12877156 bytes...
 [38%] Downloaded 12893540 bytes...
 [38%] Downloaded 12909860 bytes...
 [38%] Downloaded 12926244 bytes...
 [38%] Downloaded 12942580 bytes...
 [38%] Downloaded 12959012 bytes...
 [38%] Downloaded 12975276 bytes...
 [38%] Downloaded 12991660 bytes...
 [38%] Downloaded 13007980 bytes...
 [38%] Downloaded 13024364 bytes...
 [38%] Downloaded 13040684 bytes...
 [38%] Downloaded 13057068 bytes...
 [38%] Downloaded 13073388 bytes...
 [38%] Downloaded 13089772 bytes...
 [38%] Downloaded 13106108 bytes...
 [38%] Downloaded 13122540 bytes...
 [38%] Downloaded 13138804 bytes...
 [39%] Downloaded 13155188 bytes...
 [39%] Downloaded 13171508 bytes...
 [39%] Downloaded 13187892 bytes...
 [39%] Downloaded 13204212 bytes...
 [39%] Downloaded 13220596 bytes...
 [39%] Downloaded 13236916 bytes...
 [39%] Downloaded 13253300 bytes...
 [39%] Downloaded 13269620 bytes...
 [39%] Downloaded 13286004 bytes...
 [39%] Downloaded 13302324 bytes...
 [39%] Downloaded 13318708 bytes...
 [39%] Downloaded 13335028 bytes...
 [39%] Downloaded 13351412 bytes...
 [39%] Downloaded 13367732 bytes...
 [39%] Downloaded 13384116 bytes...
 [39%] Downloaded 13400436 bytes...
 [39%] Downloaded 13416820 bytes...
 [39%] Downloaded 13433140 bytes...
 [39%] Downloaded 13449524 bytes...
 [39%] Downloaded 13465844 bytes...
 [39%] Downloaded 13482228 bytes...
 [40%] Downloaded 13498548 bytes...
 [40%] Downloaded 13514932 bytes...
 [40%] Downloaded 13531252 bytes...
 [40%] Downloaded 13547636 bytes...
 [40%] Downloaded 13563956 bytes...
 [40%] Downloaded 13580340 bytes...
 [40%] Downloaded 13596660 bytes...
 [40%] Downloaded 13613044 bytes...
 [40%] Downloaded 13629380 bytes...
 [40%] Downloaded 13645812 bytes...
 [40%] Downloaded 13662076 bytes...
 [40%] Downloaded 13678460 bytes...
 [40%] Downloaded 13694780 bytes...
 [40%] Downloaded 13711164 bytes...
 [40%] Downloaded 13727484 bytes...
 [40%] Downloaded 13743868 bytes...
 [40%] Downloaded 13760188 bytes...
 [40%] Downloaded 13776572 bytes...
 [40%] Downloaded 13792892 bytes...
 [40%] Downloaded 13809276 bytes...
 [40%] Downloaded 13825596 bytes...
 [41%] Downloaded 13841980 bytes...
 [41%] Downloaded 13858300 bytes...
 [41%] Downloaded 13874684 bytes...
 [41%] Downloaded 13891004 bytes...
 [41%] Downloaded 13907388 bytes...
 [41%] Downloaded 13923708 bytes...
 [41%] Downloaded 13940092 bytes...
 [41%] Downloaded 13956412 bytes...
 [41%] Downloaded 13972796 bytes...
 [41%] Downloaded 13989116 bytes...
 [41%] Downloaded 14005500 bytes...
 [41%] Downloaded 14021820 bytes...
 [41%] Downloaded 14038204 bytes...
 [41%] Downloaded 14054524 bytes...
 [41%] Downloaded 14070908 bytes...
 [41%] Downloaded 14087228 bytes...
 [41%] Downloaded 14103612 bytes...
 [41%] Downloaded 14119932 bytes...
 [41%] Downloaded 14136316 bytes...
 [41%] Downloaded 14152636 bytes...
 [42%] Downloaded 14169020 bytes...
 [42%] Downloaded 14185340 bytes...
 [42%] Downloaded 14201724 bytes...
 [42%] Downloaded 14218044 bytes...
 [42%] Downloaded 14234428 bytes...
 [42%] Downloaded 14250748 bytes...
 [42%] Downloaded 14267132 bytes...
 [42%] Downloaded 14283452 bytes...
 [42%] Downloaded 14299836 bytes...
 [42%] Downloaded 14316156 bytes...
 [42%] Downloaded 14332540 bytes...
 [42%] Downloaded 14348860 bytes...
 [42%] Downloaded 14365244 bytes...
 [42%] Downloaded 14381564 bytes...
 [42%] Downloaded 14397948 bytes...
 [42%] Downloaded 14414268 bytes...
 [42%] Downloaded 14430652 bytes...
 [42%] Downloaded 14446972 bytes...
 [42%] Downloaded 14463356 bytes...
Quitting from CatsCradle.Rmd:148-158 [[CC7]]
~~~~~~~~~~~~~~~~~~~~~~~~~~~~~~~~~~~~~~~~~~~~~~~~~~~~~~~~~~~~~~~~~~~~~~~~~~~~~~~~
<error/rlang_error>
Error in `curl::curl_download()`:
! Timeout was reached [zenodo.org]:
Operation timed out after 300001 milliseconds with 14463356 out of 33730584 bytes received
---
Backtrace:
    ▆
 1. ├─CatsCradle (local) getExample("hallmark")
 2. │ └─msigdbr::msigdbr(species = "mouse", category = "H")
 3. │   └─msigdbr:::load_msigdb_df(target_species = db_species)
 4. │     └─curl::curl_download(...)
 5. └─curl:::raise_libcurl_error(...)
~~~~~~~~~~~~~~~~~~~~~~~~~~~~~~~~~~~~~~~~~~~~~~~~~~~~~~~~~~~~~~~~~~~~~~~~~~~~~~~~

Error: processing vignette 'CatsCradle.Rmd' failed with diagnostics:
Timeout was reached [zenodo.org]:
Operation timed out after 300001 milliseconds with 14463356 out of 33730584 bytes received
--- failed re-building ‘CatsCradle.Rmd’

--- re-building ‘CatsCradleExampleData.Rmd’ using rmarkdown
--- finished re-building ‘CatsCradleExampleData.Rmd’

--- re-building ‘CatsCradleQuickStart.Rmd’ using rmarkdown

 [0%] Downloaded 10784 bytes...
 [0%] Downloaded 13480 bytes...
 [0%] Downloaded 17524 bytes...
 [0%] Downloaded 24264 bytes...
 [0%] Downloaded 29656 bytes...
 [0%] Downloaded 33752 bytes...
 [0%] Downloaded 41944 bytes...
 [0%] Downloaded 58328 bytes...
 [0%] Downloaded 60816 bytes...
 [0%] Downloaded 62164 bytes...
 [0%] Downloaded 66320 bytes...
 [0%] Downloaded 71824 bytes...
 [0%] Downloaded 75668 bytes...
 [0%] Downloaded 77328 bytes...
 [0%] Downloaded 82832 bytes...
 [0%] Downloaded 86676 bytes...
 [0%] Downloaded 88336 bytes...
 [0%] Downloaded 92180 bytes...
 [0%] Downloaded 93840 bytes...
 [0%] Downloaded 97012 bytes...
 [0%] Downloaded 99344 bytes...
 [0%] Downloaded 102516 bytes...
 [0%] Downloaded 108020 bytes...
 [0%] Downloaded 110352 bytes...
 [0%] Downloaded 113524 bytes...
 [0%] Downloaded 115856 bytes...
 [0%] Downloaded 119028 bytes...
 [0%] Downloaded 129364 bytes...
 [0%] Downloaded 132368 bytes...
 [0%] Downloaded 137872 bytes...
 [0%] Downloaded 140372 bytes...
 [0%] Downloaded 143376 bytes...
 [0%] Downloaded 145876 bytes...
 [0%] Downloaded 151380 bytes...
 [0%] Downloaded 156884 bytes...
 [0%] Downloaded 161716 bytes...
 [0%] Downloaded 164412 bytes...
 [0%] Downloaded 167220 bytes...
 [0%] Downloaded 171264 bytes...
 [0%] Downloaded 172724 bytes...
 [0%] Downloaded 175420 bytes...
 [0%] Downloaded 178228 bytes...
 [0%] Downloaded 180924 bytes...
 [0%] Downloaded 183732 bytes...
 [0%] Downloaded 186428 bytes...
 [0%] Downloaded 189236 bytes...
 [0%] Downloaded 191932 bytes...
 [0%] Downloaded 194068 bytes...
 [0%] Downloaded 197436 bytes...
 [0%] Downloaded 199572 bytes...
 [0%] Downloaded 205076 bytes...
 [0%] Downloaded 210580 bytes...
 [0%] Downloaded 213948 bytes...
 [0%] Downloaded 230332 bytes...
 [0%] Downloaded 243348 bytes...
 [0%] Downloaded 259732 bytes...
 [0%] Downloaded 275644 bytes...
 [0%] Downloaded 286292 bytes...
 [0%] Downloaded 302676 bytes...
 [0%] Downloaded 318996 bytes...
 [0%] Downloaded 335380 bytes...
 [1%] Downloaded 351700 bytes...
 [1%] Downloaded 368084 bytes...
 [1%] Downloaded 384404 bytes...
 [1%] Downloaded 400788 bytes...
 [1%] Downloaded 417108 bytes...
 [1%] Downloaded 433492 bytes...
 [1%] Downloaded 449812 bytes...
 [1%] Downloaded 466196 bytes...
 [1%] Downloaded 482516 bytes...
 [1%] Downloaded 498900 bytes...
 [1%] Downloaded 515220 bytes...
 [1%] Downloaded 531604 bytes...
 [1%] Downloaded 547924 bytes...
 [1%] Downloaded 564308 bytes...
 [1%] Downloaded 580644 bytes...
 [1%] Downloaded 597028 bytes...
 [1%] Downloaded 597076 bytes...
 [1%] Downloaded 613340 bytes...
 [1%] Downloaded 629724 bytes...
 [1%] Downloaded 646044 bytes...
 [1%] Downloaded 662428 bytes...
 [2%] Downloaded 678748 bytes...
 [2%] Downloaded 695132 bytes...
 [2%] Downloaded 711452 bytes...
 [2%] Downloaded 727836 bytes...
 [2%] Downloaded 744172 bytes...
 [2%] Downloaded 760604 bytes...
 [2%] Downloaded 776868 bytes...
 [2%] Downloaded 793252 bytes...
 [2%] Downloaded 809572 bytes...
 [2%] Downloaded 825956 bytes...
 [2%] Downloaded 842276 bytes...
 [2%] Downloaded 858660 bytes...
 [2%] Downloaded 874980 bytes...
 [2%] Downloaded 891364 bytes...
 [2%] Downloaded 907700 bytes...
 [2%] Downloaded 924132 bytes...
 [2%] Downloaded 940396 bytes...
 [2%] Downloaded 956780 bytes...
 [2%] Downloaded 973100 bytes...
 [2%] Downloaded 989484 bytes...
 [2%] Downloaded 1005804 bytes...
 [3%] Downloaded 1022188 bytes...
 [3%] Downloaded 1038508 bytes...
 [3%] Downloaded 1054892 bytes...
 [3%] Downloaded 1071228 bytes...
 [3%] Downloaded 1087660 bytes...
 [3%] Downloaded 1103924 bytes...
 [3%] Downloaded 1120308 bytes...
 [3%] Downloaded 1136628 bytes...
 [3%] Downloaded 1153012 bytes...
 [3%] Downloaded 1169332 bytes...
 [3%] Downloaded 1185716 bytes...
 [3%] Downloaded 1202036 bytes...
 [3%] Downloaded 1218420 bytes...
 [3%] Downloaded 1234756 bytes...
 [3%] Downloaded 1251188 bytes...
 [3%] Downloaded 1267452 bytes...
 [3%] Downloaded 1283836 bytes...
 [3%] Downloaded 1300156 bytes...
 [3%] Downloaded 1316540 bytes...
 [3%] Downloaded 1332860 bytes...
 [4%] Downloaded 1349244 bytes...
 [4%] Downloaded 1365564 bytes...
 [4%] Downloaded 1381948 bytes...
 [4%] Downloaded 1398284 bytes...
 [4%] Downloaded 1414716 bytes...
 [4%] Downloaded 1430980 bytes...
 [4%] Downloaded 1447364 bytes...
 [4%] Downloaded 1463684 bytes...
 [4%] Downloaded 1480068 bytes...
 [4%] Downloaded 1496388 bytes...
 [4%] Downloaded 1512772 bytes...
 [4%] Downloaded 1529092 bytes...
 [4%] Downloaded 1545476 bytes...
 [4%] Downloaded 1561812 bytes...
 [4%] Downloaded 1578244 bytes...
 [4%] Downloaded 1594508 bytes...
 [4%] Downloaded 1610892 bytes...
 [4%] Downloaded 1627212 bytes...
 [4%] Downloaded 1643596 bytes...
 [4%] Downloaded 1659916 bytes...
 [4%] Downloaded 1676300 bytes...
 [5%] Downloaded 1692620 bytes...
 [5%] Downloaded 1709004 bytes...
 [5%] Downloaded 1725340 bytes...
 [5%] Downloaded 1741772 bytes...
 [5%] Downloaded 1758036 bytes...
 [5%] Downloaded 1774420 bytes...
 [5%] Downloaded 1790740 bytes...
 [5%] Downloaded 1807124 bytes...
 [5%] Downloaded 1823444 bytes...
 [5%] Downloaded 1839828 bytes...
 [5%] Downloaded 1856148 bytes...
 [5%] Downloaded 1872532 bytes...
 [5%] Downloaded 1888868 bytes...
 [5%] Downloaded 1905300 bytes...
 [5%] Downloaded 1921564 bytes...
 [5%] Downloaded 1937948 bytes...
 [5%] Downloaded 1954268 bytes...
 [5%] Downloaded 1970652 bytes...
 [5%] Downloaded 1986972 bytes...
 [5%] Downloaded 2003356 bytes...
 [5%] Downloaded 2019676 bytes...
 [6%] Downloaded 2036060 bytes...
 [6%] Downloaded 2052396 bytes...
 [6%] Downloaded 2068828 bytes...
 [6%] Downloaded 2085092 bytes...
 [6%] Downloaded 2101476 bytes...
 [6%] Downloaded 2117796 bytes...
 [6%] Downloaded 2134180 bytes...
 [6%] Downloaded 2150500 bytes...
 [6%] Downloaded 2166884 bytes...
 [6%] Downloaded 2183204 bytes...
 [6%] Downloaded 2199588 bytes...
 [6%] Downloaded 2215924 bytes...
 [6%] Downloaded 2232356 bytes...
 [6%] Downloaded 2248620 bytes...
 [6%] Downloaded 2265004 bytes...
 [6%] Downloaded 2281324 bytes...
 [6%] Downloaded 2297708 bytes...
 [6%] Downloaded 2314028 bytes...
 [6%] Downloaded 2330412 bytes...
 [6%] Downloaded 2346732 bytes...
 [7%] Downloaded 2363116 bytes...
 [7%] Downloaded 2379452 bytes...
 [7%] Downloaded 2395884 bytes...
 [7%] Downloaded 2412148 bytes...
 [7%] Downloaded 2428532 bytes...
 [7%] Downloaded 2444852 bytes...
 [7%] Downloaded 2461236 bytes...
 [7%] Downloaded 2477556 bytes...
 [7%] Downloaded 2493940 bytes...
 [7%] Downloaded 2510260 bytes...
 [7%] Downloaded 2526644 bytes...
 [7%] Downloaded 2542980 bytes...
 [7%] Downloaded 2559412 bytes...
 [7%] Downloaded 2575676 bytes...
 [7%] Downloaded 2592060 bytes...
 [7%] Downloaded 2608380 bytes...
 [7%] Downloaded 2624764 bytes...
 [7%] Downloaded 2641084 bytes...
 [7%] Downloaded 2657468 bytes...
 [7%] Downloaded 2673788 bytes...
 [7%] Downloaded 2690172 bytes...
 [8%] Downloaded 2706492 bytes...
 [8%] Downloaded 2722876 bytes...
 [8%] Downloaded 2739196 bytes...
 [8%] Downloaded 2755580 bytes...
 [8%] Downloaded 2771900 bytes...
 [8%] Downloaded 2788284 bytes...
 [8%] Downloaded 2804604 bytes...
 [8%] Downloaded 2820988 bytes...
 [8%] Downloaded 2837308 bytes...
 [8%] Downloaded 2853692 bytes...
 [8%] Downloaded 2870012 bytes...
 [8%] Downloaded 2886396 bytes...
 [8%] Downloaded 2902732 bytes...
 [8%] Downloaded 2919164 bytes...
 [8%] Downloaded 2935428 bytes...
 [8%] Downloaded 2951812 bytes...
 [8%] Downloaded 2968132 bytes...
 [8%] Downloaded 2984516 bytes...
 [8%] Downloaded 3000836 bytes...
 [8%] Downloaded 3017220 bytes...
 [8%] Downloaded 3033540 bytes...
 [9%] Downloaded 3049924 bytes...
 [9%] Downloaded 3066244 bytes...
 [9%] Downloaded 3082628 bytes...
 [9%] Downloaded 3098948 bytes...
 [9%] Downloaded 3115332 bytes...
 [9%] Downloaded 3131652 bytes...
 [9%] Downloaded 3148036 bytes...
 [9%] Downloaded 3164356 bytes...
 [9%] Downloaded 3180740 bytes...
 [9%] Downloaded 3197060 bytes...
 [9%] Downloaded 3213444 bytes...
 [9%] Downloaded 3229764 bytes...
 [9%] Downloaded 3246148 bytes...
 [9%] Downloaded 3262468 bytes...
 [9%] Downloaded 3278852 bytes...
 [9%] Downloaded 3295172 bytes...
 [9%] Downloaded 3311556 bytes...
 [9%] Downloaded 3327876 bytes...
 [9%] Downloaded 3344260 bytes...
 [9%] Downloaded 3360580 bytes...
 [10%] Downloaded 3376964 bytes...
 [10%] Downloaded 3393284 bytes...
 [10%] Downloaded 3409668 bytes...
 [10%] Downloaded 3426004 bytes...
 [10%] Downloaded 3442436 bytes...
 [10%] Downloaded 3458700 bytes...
 [10%] Downloaded 3475084 bytes...
 [10%] Downloaded 3491404 bytes...
 [10%] Downloaded 3507788 bytes...
 [10%] Downloaded 3524108 bytes...
 [10%] Downloaded 3540492 bytes...
 [10%] Downloaded 3556812 bytes...
 [10%] Downloaded 3573196 bytes...
 [10%] Downloaded 3589516 bytes...
 [10%] Downloaded 3605900 bytes...
 [10%] Downloaded 3622220 bytes...
 [10%] Downloaded 3638604 bytes...
 [10%] Downloaded 3654924 bytes...
 [10%] Downloaded 3671308 bytes...
 [10%] Downloaded 3687628 bytes...
 [10%] Downloaded 3704012 bytes...
 [11%] Downloaded 3720332 bytes...
 [11%] Downloaded 3736716 bytes...
 [11%] Downloaded 3753036 bytes...
 [11%] Downloaded 3769420 bytes...
 [11%] Downloaded 3785740 bytes...
 [11%] Downloaded 3802124 bytes...
 [11%] Downloaded 3818444 bytes...
 [11%] Downloaded 3834828 bytes...
 [11%] Downloaded 3851148 bytes...
 [11%] Downloaded 3867532 bytes...
 [11%] Downloaded 3883852 bytes...
 [11%] Downloaded 3900236 bytes...
 [11%] Downloaded 3916556 bytes...
 [11%] Downloaded 3932940 bytes...
 [11%] Downloaded 3949276 bytes...
 [11%] Downloaded 3965708 bytes...
 [11%] Downloaded 3981972 bytes...
 [11%] Downloaded 3998356 bytes...
 [11%] Downloaded 4014676 bytes...
 [11%] Downloaded 4031060 bytes...
 [11%] Downloaded 4047380 bytes...
 [12%] Downloaded 4063764 bytes...
 [12%] Downloaded 4080084 bytes...
 [12%] Downloaded 4096468 bytes...
 [12%] Downloaded 4112788 bytes...
 [12%] Downloaded 4129172 bytes...
 [12%] Downloaded 4145492 bytes...
 [12%] Downloaded 4161876 bytes...
 [12%] Downloaded 4178196 bytes...
 [12%] Downloaded 4194580 bytes...
 [12%] Downloaded 4210900 bytes...
 [12%] Downloaded 4227284 bytes...
 [12%] Downloaded 4243604 bytes...
 [12%] Downloaded 4259988 bytes...
 [12%] Downloaded 4276308 bytes...
 [12%] Downloaded 4292692 bytes...
 [12%] Downloaded 4309028 bytes...
 [12%] Downloaded 4325460 bytes...
 [12%] Downloaded 4341724 bytes...
 [12%] Downloaded 4358108 bytes...
 [12%] Downloaded 4374428 bytes...
 [13%] Downloaded 4390812 bytes...
 [13%] Downloaded 4407132 bytes...
 [13%] Downloaded 4423516 bytes...
 [13%] Downloaded 4439836 bytes...
 [13%] Downloaded 4456220 bytes...
 [13%] Downloaded 4472556 bytes...
 [13%] Downloaded 4488988 bytes...
 [13%] Downloaded 4505252 bytes...
 [13%] Downloaded 4521636 bytes...
 [13%] Downloaded 4537956 bytes...
 [13%] Downloaded 4554340 bytes...
 [13%] Downloaded 4570660 bytes...
 [13%] Downloaded 4587044 bytes...
 [13%] Downloaded 4603364 bytes...
 [13%] Downloaded 4619748 bytes...
 [13%] Downloaded 4636084 bytes...
 [13%] Downloaded 4652468 bytes...
 [13%] Downloaded 4652516 bytes...
 [13%] Downloaded 4668780 bytes...
 [13%] Downloaded 4685164 bytes...
 [13%] Downloaded 4701484 bytes...
 [13%] Downloaded 4717868 bytes...
 [14%] Downloaded 4734188 bytes...
 [14%] Downloaded 4750572 bytes...
 [14%] Downloaded 4766892 bytes...
 [14%] Downloaded 4783276 bytes...
 [14%] Downloaded 4799596 bytes...
 [14%] Downloaded 4815980 bytes...
 [14%] Downloaded 4832300 bytes...
 [14%] Downloaded 4848684 bytes...
 [14%] Downloaded 4865004 bytes...
 [14%] Downloaded 4881388 bytes...
 [14%] Downloaded 4897708 bytes...
 [14%] Downloaded 4914092 bytes...
 [14%] Downloaded 4930412 bytes...
 [14%] Downloaded 4946796 bytes...
 [14%] Downloaded 4963116 bytes...
 [14%] Downloaded 4979500 bytes...
 [14%] Downloaded 4995836 bytes...
 [14%] Downloaded 5012268 bytes...
 [14%] Downloaded 5028532 bytes...
 [14%] Downloaded 5044916 bytes...
 [15%] Downloaded 5061236 bytes...
 [15%] Downloaded 5077620 bytes...
 [15%] Downloaded 5093940 bytes...
 [15%] Downloaded 5110324 bytes...
 [15%] Downloaded 5126644 bytes...
 [15%] Downloaded 5143028 bytes...
 [15%] Downloaded 5159348 bytes...
 [15%] Downloaded 5175732 bytes...
 [15%] Downloaded 5192052 bytes...
 [15%] Downloaded 5208436 bytes...
 [15%] Downloaded 5224756 bytes...
 [15%] Downloaded 5241140 bytes...
 [15%] Downloaded 5257460 bytes...
 [15%] Downloaded 5273844 bytes...
 [15%] Downloaded 5290164 bytes...
 [15%] Downloaded 5306548 bytes...
 [15%] Downloaded 5322868 bytes...
 [15%] Downloaded 5339252 bytes...
 [15%] Downloaded 5355588 bytes...
 [15%] Downloaded 5372020 bytes...
 [15%] Downloaded 5388284 bytes...
 [16%] Downloaded 5404668 bytes...
 [16%] Downloaded 5420988 bytes...
 [16%] Downloaded 5437372 bytes...
 [16%] Downloaded 5453692 bytes...
 [16%] Downloaded 5470076 bytes...
 [16%] Downloaded 5486396 bytes...
 [16%] Downloaded 5502780 bytes...
 [16%] Downloaded 5519100 bytes...
 [16%] Downloaded 5535484 bytes...
 [16%] Downloaded 5551804 bytes...
 [16%] Downloaded 5568188 bytes...
 [16%] Downloaded 5584508 bytes...
 [16%] Downloaded 5600892 bytes...
 [16%] Downloaded 5617212 bytes...
 [16%] Downloaded 5633596 bytes...
 [16%] Downloaded 5649916 bytes...
 [16%] Downloaded 5666300 bytes...
 [16%] Downloaded 5682620 bytes...
 [16%] Downloaded 5699004 bytes...
 [16%] Downloaded 5715340 bytes...
 [16%] Downloaded 5731772 bytes...
 [17%] Downloaded 5748036 bytes...
 [17%] Downloaded 5764420 bytes...
 [17%] Downloaded 5780740 bytes...
 [17%] Downloaded 5797124 bytes...
 [17%] Downloaded 5813444 bytes...
 [17%] Downloaded 5829828 bytes...
 [17%] Downloaded 5846148 bytes...
 [17%] Downloaded 5862532 bytes...
 [17%] Downloaded 5878852 bytes...
 [17%] Downloaded 5895236 bytes...
 [17%] Downloaded 5911556 bytes...
 [17%] Downloaded 5927940 bytes...
 [17%] Downloaded 5944260 bytes...
 [17%] Downloaded 5960644 bytes...
 [17%] Downloaded 5976964 bytes...
 [17%] Downloaded 5993348 bytes...
 [17%] Downloaded 6009668 bytes...
 [17%] Downloaded 6026052 bytes...
 [17%] Downloaded 6042372 bytes...
 [17%] Downloaded 6058756 bytes...
 [18%] Downloaded 6075092 bytes...
 [18%] Downloaded 6091524 bytes...
 [18%] Downloaded 6107788 bytes...
 [18%] Downloaded 6124172 bytes...
 [18%] Downloaded 6140492 bytes...
 [18%] Downloaded 6156876 bytes...
 [18%] Downloaded 6173196 bytes...
 [18%] Downloaded 6189580 bytes...
 [18%] Downloaded 6205900 bytes...
 [18%] Downloaded 6222284 bytes...
 [18%] Downloaded 6238604 bytes...
 [18%] Downloaded 6254988 bytes...
 [18%] Downloaded 6271308 bytes...
 [18%] Downloaded 6287692 bytes...
 [18%] Downloaded 6304012 bytes...
 [18%] Downloaded 6320396 bytes...
 [18%] Downloaded 6336716 bytes...
 [18%] Downloaded 6353100 bytes...
 [18%] Downloaded 6369420 bytes...
 [18%] Downloaded 6385804 bytes...
 [18%] Downloaded 6402124 bytes...
 [19%] Downloaded 6418508 bytes...
 [19%] Downloaded 6434844 bytes...
 [19%] Downloaded 6451276 bytes...
 [19%] Downloaded 6467540 bytes...
 [19%] Downloaded 6483924 bytes...
 [19%] Downloaded 6500244 bytes...
 [19%] Downloaded 6516628 bytes...
 [19%] Downloaded 6532948 bytes...
 [19%] Downloaded 6549332 bytes...
 [19%] Downloaded 6565652 bytes...
 [19%] Downloaded 6582036 bytes...
 [19%] Downloaded 6598356 bytes...
 [19%] Downloaded 6614740 bytes...
 [19%] Downloaded 6631060 bytes...
 [19%] Downloaded 6647444 bytes...
 [19%] Downloaded 6663764 bytes...
 [19%] Downloaded 6680148 bytes...
 [19%] Downloaded 6696468 bytes...
 [19%] Downloaded 6712852 bytes...
 [19%] Downloaded 6729172 bytes...
 [19%] Downloaded 6745556 bytes...
 [20%] Downloaded 6761876 bytes...
 [20%] Downloaded 6778260 bytes...
 [20%] Downloaded 6794596 bytes...
 [20%] Downloaded 6811028 bytes...
 [20%] Downloaded 6827292 bytes...
 [20%] Downloaded 6843676 bytes...
 [20%] Downloaded 6859996 bytes...
 [20%] Downloaded 6876380 bytes...
 [20%] Downloaded 6892700 bytes...
 [20%] Downloaded 6909084 bytes...
 [20%] Downloaded 6925404 bytes...
 [20%] Downloaded 6941788 bytes...
 [20%] Downloaded 6958108 bytes...
 [20%] Downloaded 6974492 bytes...
 [20%] Downloaded 6990812 bytes...
 [20%] Downloaded 7007196 bytes...
 [20%] Downloaded 7023516 bytes...
 [20%] Downloaded 7039900 bytes...
 [20%] Downloaded 7056220 bytes...
 [20%] Downloaded 7072604 bytes...
 [21%] Downloaded 7088924 bytes...
 [21%] Downloaded 7105308 bytes...
 [21%] Downloaded 7121628 bytes...
 [21%] Downloaded 7138012 bytes...
 [21%] Downloaded 7154348 bytes...
 [21%] Downloaded 7170780 bytes...
 [21%] Downloaded 7187044 bytes...
 [21%] Downloaded 7203428 bytes...
 [21%] Downloaded 7219748 bytes...
 [21%] Downloaded 7236132 bytes...
 [21%] Downloaded 7252452 bytes...
 [21%] Downloaded 7268836 bytes...
 [21%] Downloaded 7285156 bytes...
 [21%] Downloaded 7301540 bytes...
 [21%] Downloaded 7317876 bytes...
 [21%] Downloaded 7334308 bytes...
 [21%] Downloaded 7350572 bytes...
 [21%] Downloaded 7366956 bytes...
 [21%] Downloaded 7383276 bytes...
 [21%] Downloaded 7399660 bytes...
 [21%] Downloaded 7415980 bytes...
 [22%] Downloaded 7432364 bytes...
 [22%] Downloaded 7448684 bytes...
 [22%] Downloaded 7465068 bytes...
 [22%] Downloaded 7481388 bytes...
 [22%] Downloaded 7497772 bytes...
 [22%] Downloaded 7514092 bytes...
Quitting from CatsCradleQuickStart.Rmd:77-90 [[QS3]]
~~~~~~~~~~~~~~~~~~~~~~~~~~~~~~~~~~~~~~~~~~~~~~~~~~~~~~~~~~~~~~~~~~~~~~~~~~~~~~~~
<error/rlang_error>
Error in `curl::curl_download()`:
! Timeout was reached [zenodo.org]:
Operation timed out after 300000 milliseconds with 7514092 out of 33730584 bytes received
---
Backtrace:
    ▆
 1. ├─CatsCradle (local) getExample("hallmark")
 2. │ └─msigdbr::msigdbr(species = "mouse", category = "H")
 3. │   └─msigdbr:::load_msigdb_df(target_species = db_species)
 4. │     └─curl::curl_download(...)
 5. └─curl:::raise_libcurl_error(...)
~~~~~~~~~~~~~~~~~~~~~~~~~~~~~~~~~~~~~~~~~~~~~~~~~~~~~~~~~~~~~~~~~~~~~~~~~~~~~~~~

Error: processing vignette 'CatsCradleQuickStart.Rmd' failed with diagnostics:
Timeout was reached [zenodo.org]:
Operation timed out after 300000 milliseconds with 7514092 out of 33730584 bytes received
--- failed re-building ‘CatsCradleQuickStart.Rmd’

--- re-building ‘CatsCradleSingleCellExperimentQuickStart.Rmd’ using rmarkdown

 [0%] Downloaded 4096 bytes...
 [0%] Downloaded 9488 bytes...
 [0%] Downloaded 13532 bytes...
 [0%] Downloaded 21620 bytes...
 [0%] Downloaded 37796 bytes...
 [0%] Downloaded 43188 bytes...
 [0%] Downloaded 59364 bytes...
 [0%] Downloaded 75540 bytes...
 [0%] Downloaded 91716 bytes...
 [0%] Downloaded 102500 bytes...
 [0%] Downloaded 126764 bytes...
 [0%] Downloaded 140244 bytes...
 [0%] Downloaded 156628 bytes...
 [0%] Downloaded 163160 bytes...
 [0%] Downloaded 179544 bytes...
 [0%] Downloaded 188772 bytes...
 [0%] Downloaded 200904 bytes...
 [0%] Downloaded 217288 bytes...
 [0%] Downloaded 231908 bytes...
 [0%] Downloaded 248292 bytes...
 [0%] Downloaded 264612 bytes...
 [0%] Downloaded 280996 bytes...
 [0%] Downloaded 297316 bytes...
 [0%] Downloaded 313700 bytes...
 [0%] Downloaded 330020 bytes...
 [0%] Downloaded 335704 bytes...
 [1%] Downloaded 352088 bytes...
 [1%] Downloaded 368408 bytes...
 [1%] Downloaded 384792 bytes...
 [1%] Downloaded 401112 bytes...
 [1%] Downloaded 417496 bytes...
 [1%] Downloaded 433816 bytes...
 [1%] Downloaded 450200 bytes...
 [1%] Downloaded 466520 bytes...
 [1%] Downloaded 482904 bytes...
 [1%] Downloaded 499224 bytes...
 [1%] Downloaded 515608 bytes...
 [1%] Downloaded 531928 bytes...
 [1%] Downloaded 548312 bytes...
 [1%] Downloaded 564632 bytes...
 [1%] Downloaded 581016 bytes...
 [1%] Downloaded 597336 bytes...
 [1%] Downloaded 613720 bytes...
 [1%] Downloaded 630040 bytes...
 [1%] Downloaded 646424 bytes...
 [1%] Downloaded 662744 bytes...
 [2%] Downloaded 679128 bytes...
 [2%] Downloaded 695448 bytes...
 [2%] Downloaded 711832 bytes...
 [2%] Downloaded 728152 bytes...
 [2%] Downloaded 744536 bytes...
 [2%] Downloaded 760856 bytes...
 [2%] Downloaded 777240 bytes...
 [2%] Downloaded 793560 bytes...
 [2%] Downloaded 809944 bytes...
 [2%] Downloaded 826264 bytes...
 [2%] Downloaded 842648 bytes...
 [2%] Downloaded 858968 bytes...
 [2%] Downloaded 875352 bytes...
 [2%] Downloaded 891672 bytes...
 [2%] Downloaded 908056 bytes...
 [2%] Downloaded 924376 bytes...
 [2%] Downloaded 940760 bytes...
 [2%] Downloaded 957080 bytes...
 [2%] Downloaded 973464 bytes...
 [2%] Downloaded 989800 bytes...
 [2%] Downloaded 1006232 bytes...
 [3%] Downloaded 1022496 bytes...
 [3%] Downloaded 1038880 bytes...
 [3%] Downloaded 1055200 bytes...
 [3%] Downloaded 1071584 bytes...
 [3%] Downloaded 1087904 bytes...
 [3%] Downloaded 1104288 bytes...
 [3%] Downloaded 1120608 bytes...
 [3%] Downloaded 1136992 bytes...
 [3%] Downloaded 1153328 bytes...
 [3%] Downloaded 1169760 bytes...
 [3%] Downloaded 1186024 bytes...
 [3%] Downloaded 1202408 bytes...
 [3%] Downloaded 1218728 bytes...
 [3%] Downloaded 1235112 bytes...
 [3%] Downloaded 1251432 bytes...
 [3%] Downloaded 1267816 bytes...
 [3%] Downloaded 1284136 bytes...
 [3%] Downloaded 1300520 bytes...
 [3%] Downloaded 1316840 bytes...
 [3%] Downloaded 1333224 bytes...
 [4%] Downloaded 1349544 bytes...
 [4%] Downloaded 1365928 bytes...
 [4%] Downloaded 1382248 bytes...
 [4%] Downloaded 1398632 bytes...
 [4%] Downloaded 1414952 bytes...
 [4%] Downloaded 1431336 bytes...
 [4%] Downloaded 1447656 bytes...
 [4%] Downloaded 1464040 bytes...
 [4%] Downloaded 1480360 bytes...
 [4%] Downloaded 1496744 bytes...
 [4%] Downloaded 1513064 bytes...
 [4%] Downloaded 1529448 bytes...
 [4%] Downloaded 1545768 bytes...
 [4%] Downloaded 1562152 bytes...
 [4%] Downloaded 1578472 bytes...
 [4%] Downloaded 1594856 bytes...
 [4%] Downloaded 1611176 bytes...
 [4%] Downloaded 1627560 bytes...
 [4%] Downloaded 1643880 bytes...
 [4%] Downloaded 1660264 bytes...
 [4%] Downloaded 1676600 bytes...
 [5%] Downloaded 1693032 bytes...
 [5%] Downloaded 1709296 bytes...
 [5%] Downloaded 1725680 bytes...
 [5%] Downloaded 1742000 bytes...
 [5%] Downloaded 1774704 bytes...
 [5%] Downloaded 1791088 bytes...
 [5%] Downloaded 1807408 bytes...
 [5%] Downloaded 1823792 bytes...
 [5%] Downloaded 1840128 bytes...
 [5%] Downloaded 1856560 bytes...
 [5%] Downloaded 1872824 bytes...
 [5%] Downloaded 1889208 bytes...
 [5%] Downloaded 1905528 bytes...
 [5%] Downloaded 1921912 bytes...
 [5%] Downloaded 1938232 bytes...
 [5%] Downloaded 1954616 bytes...
 [5%] Downloaded 1970936 bytes...
 [5%] Downloaded 1987320 bytes...
 [5%] Downloaded 2003656 bytes...
 [5%] Downloaded 2020040 bytes...
 [5%] Downloaded 2020088 bytes...
 [6%] Downloaded 2036352 bytes...
 [6%] Downloaded 2052736 bytes...
 [6%] Downloaded 2069056 bytes...
 [6%] Downloaded 2085440 bytes...
 [6%] Downloaded 2101760 bytes...
 [6%] Downloaded 2118144 bytes...
 [6%] Downloaded 2134464 bytes...
 [6%] Downloaded 2150848 bytes...
 [6%] Downloaded 2167184 bytes...
 [6%] Downloaded 2183616 bytes...
 [6%] Downloaded 2199880 bytes...
 [6%] Downloaded 2216264 bytes...
 [6%] Downloaded 2232584 bytes...
 [6%] Downloaded 2248968 bytes...
 [6%] Downloaded 2265288 bytes...
 [6%] Downloaded 2281672 bytes...
 [6%] Downloaded 2297992 bytes...
 [6%] Downloaded 2314376 bytes...
 [6%] Downloaded 2330712 bytes...
 [6%] Downloaded 2347144 bytes...
 [7%] Downloaded 2363408 bytes...
 [7%] Downloaded 2379792 bytes...
 [7%] Downloaded 2396112 bytes...
 [7%] Downloaded 2412496 bytes...
 [7%] Downloaded 2428816 bytes...
 [7%] Downloaded 2445200 bytes...
 [7%] Downloaded 2461520 bytes...
 [7%] Downloaded 2477904 bytes...
 [7%] Downloaded 2494224 bytes...
 [7%] Downloaded 2510608 bytes...
 [7%] Downloaded 2526928 bytes...
 [7%] Downloaded 2543312 bytes...
 [7%] Downloaded 2559632 bytes...
 [7%] Downloaded 2576016 bytes...
 [7%] Downloaded 2592336 bytes...
 [7%] Downloaded 2608720 bytes...
 [7%] Downloaded 2625040 bytes...
 [7%] Downloaded 2641424 bytes...
 [7%] Downloaded 2657744 bytes...
 [7%] Downloaded 2674128 bytes...
 [7%] Downloaded 2690448 bytes...
 [8%] Downloaded 2706832 bytes...
 [8%] Downloaded 2723152 bytes...
 [8%] Downloaded 2739536 bytes...
 [8%] Downloaded 2755856 bytes...
 [8%] Downloaded 2772240 bytes...
 [8%] Downloaded 2788560 bytes...
 [8%] Downloaded 2804944 bytes...
 [8%] Downloaded 2821264 bytes...
 [8%] Downloaded 2837648 bytes...
 [8%] Downloaded 2853968 bytes...
 [8%] Downloaded 2870352 bytes...
 [8%] Downloaded 2886672 bytes...
 [8%] Downloaded 2903056 bytes...
 [8%] Downloaded 2919376 bytes...
 [8%] Downloaded 2935760 bytes...
 [8%] Downloaded 2952080 bytes...
 [8%] Downloaded 2968464 bytes...
 [8%] Downloaded 2984784 bytes...
 [8%] Downloaded 3001168 bytes...
 [8%] Downloaded 3017488 bytes...
 [8%] Downloaded 3033872 bytes...
 [9%] Downloaded 3050192 bytes...
 [9%] Downloaded 3066576 bytes...
 [9%] Downloaded 3082912 bytes...
 [9%] Downloaded 3099344 bytes...
 [9%] Downloaded 3115608 bytes...
 [9%] Downloaded 3131992 bytes...
 [9%] Downloaded 3148312 bytes...
 [9%] Downloaded 3164696 bytes...
 [9%] Downloaded 3181016 bytes...
 [9%] Downloaded 3197400 bytes...
 [9%] Downloaded 3213720 bytes...
 [9%] Downloaded 3230104 bytes...
 [9%] Downloaded 3246440 bytes...
 [9%] Downloaded 3262872 bytes...
 [9%] Downloaded 3279136 bytes...
 [9%] Downloaded 3295520 bytes...
 [9%] Downloaded 3311840 bytes...
 [9%] Downloaded 3328224 bytes...
 [9%] Downloaded 3344544 bytes...
 [9%] Downloaded 3360928 bytes...
 [10%] Downloaded 3377248 bytes...
 [10%] Downloaded 3393632 bytes...
 [10%] Downloaded 3409952 bytes...
 [10%] Downloaded 3426336 bytes...
 [10%] Downloaded 3442656 bytes...
 [10%] Downloaded 3459040 bytes...
 [10%] Downloaded 3475360 bytes...
 [10%] Downloaded 3491744 bytes...
 [10%] Downloaded 3508064 bytes...
 [10%] Downloaded 3524448 bytes...
 [10%] Downloaded 3540768 bytes...
 [10%] Downloaded 3557152 bytes...
 [10%] Downloaded 3573472 bytes...
 [10%] Downloaded 3589856 bytes...
 [10%] Downloaded 3606176 bytes...
 [10%] Downloaded 3622560 bytes...
 [10%] Downloaded 3638880 bytes...
 [10%] Downloaded 3655264 bytes...
 [10%] Downloaded 3671584 bytes...
 [10%] Downloaded 3687968 bytes...
 [10%] Downloaded 3704288 bytes...
 [11%] Downloaded 3720672 bytes...
 [11%] Downloaded 3736992 bytes...
 [11%] Downloaded 3753376 bytes...
 [11%] Downloaded 3769712 bytes...
 [11%] Downloaded 3786144 bytes...
 [11%] Downloaded 3802408 bytes...
 [11%] Downloaded 3818792 bytes...
 [11%] Downloaded 3835112 bytes...
 [11%] Downloaded 3851496 bytes...
 [11%] Downloaded 3867816 bytes...
 [11%] Downloaded 3884200 bytes...
 [11%] Downloaded 3900520 bytes...
 [11%] Downloaded 3916904 bytes...
 [11%] Downloaded 3933224 bytes...
 [11%] Downloaded 3949608 bytes...
 [11%] Downloaded 3965944 bytes...
 [11%] Downloaded 3982376 bytes...
 [11%] Downloaded 3998640 bytes...
 [11%] Downloaded 4015024 bytes...
 [11%] Downloaded 4031344 bytes...
 [12%] Downloaded 4047728 bytes...
 [12%] Downloaded 4064048 bytes...
 [12%] Downloaded 4080432 bytes...
 [12%] Downloaded 4096752 bytes...
 [12%] Downloaded 4113136 bytes...
 [12%] Downloaded 4129456 bytes...
 [12%] Downloaded 4145840 bytes...
 [12%] Downloaded 4162160 bytes...
 [12%] Downloaded 4178544 bytes...
 [12%] Downloaded 4194864 bytes...
 [12%] Downloaded 4211248 bytes...
 [12%] Downloaded 4227568 bytes...
 [12%] Downloaded 4243952 bytes...
 [12%] Downloaded 4260272 bytes...
 [12%] Downloaded 4276656 bytes...
 [12%] Downloaded 4292976 bytes...
 [12%] Downloaded 4309360 bytes...
 [12%] Downloaded 4325680 bytes...
 [12%] Downloaded 4342064 bytes...
 [12%] Downloaded 4358384 bytes...
 [12%] Downloaded 4374768 bytes...
 [13%] Downloaded 4391088 bytes...
 [13%] Downloaded 4407472 bytes...
 [13%] Downloaded 4423792 bytes...
 [13%] Downloaded 4440176 bytes...
 [13%] Downloaded 4456496 bytes...
 [13%] Downloaded 4472880 bytes...
 [13%] Downloaded 4489200 bytes...
 [13%] Downloaded 4505584 bytes...
 [13%] Downloaded 4521920 bytes...
 [13%] Downloaded 4538352 bytes...
 [13%] Downloaded 4554616 bytes...
 [13%] Downloaded 4571000 bytes...
 [13%] Downloaded 4587320 bytes...
 [13%] Downloaded 4603704 bytes...
 [13%] Downloaded 4620024 bytes...
 [13%] Downloaded 4636408 bytes...
 [13%] Downloaded 4652728 bytes...
 [13%] Downloaded 4669112 bytes...
 [13%] Downloaded 4685448 bytes...
 [13%] Downloaded 4701880 bytes...
 [13%] Downloaded 4718144 bytes...
 [14%] Downloaded 4734528 bytes...
 [14%] Downloaded 4750848 bytes...
 [14%] Downloaded 4767232 bytes...
 [14%] Downloaded 4783552 bytes...
 [14%] Downloaded 4799936 bytes...
 [14%] Downloaded 4816256 bytes...
 [14%] Downloaded 4832640 bytes...
 [14%] Downloaded 4848960 bytes...
 [14%] Downloaded 4865344 bytes...
 [14%] Downloaded 4881680 bytes...
 [14%] Downloaded 4898112 bytes...
 [14%] Downloaded 4914376 bytes...
 [14%] Downloaded 4930760 bytes...
 [14%] Downloaded 4947080 bytes...
 [14%] Downloaded 4963464 bytes...
 [14%] Downloaded 4979784 bytes...
 [14%] Downloaded 4996168 bytes...
 [14%] Downloaded 5012488 bytes...
 [14%] Downloaded 5028872 bytes...
 [14%] Downloaded 5045208 bytes...
 [15%] Downloaded 5061640 bytes...
 [15%] Downloaded 5077904 bytes...
 [15%] Downloaded 5094288 bytes...
 [15%] Downloaded 5110608 bytes...
 [15%] Downloaded 5126992 bytes...
 [15%] Downloaded 5143312 bytes...
 [15%] Downloaded 5159696 bytes...
 [15%] Downloaded 5176016 bytes...
 [15%] Downloaded 5192400 bytes...
 [15%] Downloaded 5208720 bytes...
 [15%] Downloaded 5225104 bytes...
 [15%] Downloaded 5241424 bytes...
 [15%] Downloaded 5257808 bytes...
 [15%] Downloaded 5274128 bytes...
 [15%] Downloaded 5290512 bytes...
 [15%] Downloaded 5306832 bytes...
 [15%] Downloaded 5323216 bytes...
 [15%] Downloaded 5339536 bytes...
 [15%] Downloaded 5355920 bytes...
 [15%] Downloaded 5372240 bytes...
 [15%] Downloaded 5388624 bytes...
 [16%] Downloaded 5404944 bytes...
 [16%] Downloaded 5421328 bytes...
 [16%] Downloaded 5437648 bytes...
 [16%] Downloaded 5454032 bytes...
 [16%] Downloaded 5470352 bytes...
 [16%] Downloaded 5486736 bytes...
 [16%] Downloaded 5503056 bytes...
 [16%] Downloaded 5519440 bytes...
 [16%] Downloaded 5535760 bytes...
 [16%] Downloaded 5552144 bytes...
 [16%] Downloaded 5568480 bytes...
 [16%] Downloaded 5584912 bytes...
 [16%] Downloaded 5601176 bytes...
 [16%] Downloaded 5617560 bytes...
 [16%] Downloaded 5633880 bytes...
 [16%] Downloaded 5650264 bytes...
 [16%] Downloaded 5666584 bytes...
 [16%] Downloaded 5682968 bytes...
 [16%] Downloaded 5699288 bytes...
 [16%] Downloaded 5715672 bytes...
 [16%] Downloaded 5732008 bytes...
 [17%] Downloaded 5748440 bytes...
 [17%] Downloaded 5764704 bytes...
 [17%] Downloaded 5781088 bytes...
 [17%] Downloaded 5797408 bytes...
 [17%] Downloaded 5813792 bytes...
 [17%] Downloaded 5830112 bytes...
 [17%] Downloaded 5846496 bytes...
 [17%] Downloaded 5862816 bytes...
 [17%] Downloaded 5879200 bytes...
 [17%] Downloaded 5895536 bytes...
 [17%] Downloaded 5911968 bytes...
 [17%] Downloaded 5928232 bytes...
 [17%] Downloaded 5944616 bytes...
 [17%] Downloaded 5960936 bytes...
 [17%] Downloaded 5977320 bytes...
 [17%] Downloaded 5993640 bytes...
 [17%] Downloaded 6010024 bytes...
 [17%] Downloaded 6026344 bytes...
 [17%] Downloaded 6042728 bytes...
 [17%] Downloaded 6059048 bytes...
 [18%] Downloaded 6075432 bytes...
 [18%] Downloaded 6091752 bytes...
 [18%] Downloaded 6108136 bytes...
 [18%] Downloaded 6124456 bytes...
 [18%] Downloaded 6140840 bytes...
 [18%] Downloaded 6157160 bytes...
 [18%] Downloaded 6173544 bytes...
 [18%] Downloaded 6189864 bytes...
 [18%] Downloaded 6206248 bytes...
 [18%] Downloaded 6222568 bytes...
 [18%] Downloaded 6238952 bytes...
 [18%] Downloaded 6255272 bytes...
 [18%] Downloaded 6271656 bytes...
 [18%] Downloaded 6287976 bytes...
 [18%] Downloaded 6304360 bytes...
 [18%] Downloaded 6320680 bytes...
 [18%] Downloaded 6337064 bytes...
 [18%] Downloaded 6353384 bytes...
 [18%] Downloaded 6369768 bytes...
 [18%] Downloaded 6386088 bytes...
 [18%] Downloaded 6402472 bytes...
 [19%] Downloaded 6418792 bytes...
 [19%] Downloaded 6435176 bytes...
 [19%] Downloaded 6451496 bytes...
 [19%] Downloaded 6467880 bytes...
 [19%] Downloaded 6484200 bytes...
 [19%] Downloaded 6500584 bytes...
 [19%] Downloaded 6516904 bytes...
 [19%] Downloaded 6533288 bytes...
 [19%] Downloaded 6549608 bytes...
 [19%] Downloaded 6565992 bytes...
 [19%] Downloaded 6582328 bytes...
 [19%] Downloaded 6598760 bytes...
 [19%] Downloaded 6615024 bytes...
 [19%] Downloaded 6631408 bytes...
 [19%] Downloaded 6647728 bytes...
 [19%] Downloaded 6664112 bytes...
 [19%] Downloaded 6680432 bytes...
 [19%] Downloaded 6696816 bytes...
 [19%] Downloaded 6713136 bytes...
 [19%] Downloaded 6729520 bytes...
 [19%] Downloaded 6745856 bytes...
 [20%] Downloaded 6762288 bytes...
 [20%] Downloaded 6778552 bytes...
 [20%] Downloaded 6794936 bytes...
 [20%] Downloaded 6811256 bytes...
 [20%] Downloaded 6827640 bytes...
 [20%] Downloaded 6843960 bytes...
 [20%] Downloaded 6860344 bytes...
 [20%] Downloaded 6876664 bytes...
 [20%] Downloaded 6893048 bytes...
 [20%] Downloaded 6909368 bytes...
 [20%] Downloaded 6925752 bytes...
 [20%] Downloaded 6942072 bytes...
 [20%] Downloaded 6958456 bytes...
 [20%] Downloaded 6974776 bytes...
 [20%] Downloaded 6991160 bytes...
 [20%] Downloaded 7007480 bytes...
 [20%] Downloaded 7023864 bytes...
 [20%] Downloaded 7040184 bytes...
 [20%] Downloaded 7056568 bytes...
 [20%] Downloaded 7072888 bytes...
 [21%] Downloaded 7089272 bytes...
 [21%] Downloaded 7105592 bytes...
 [21%] Downloaded 7121976 bytes...
 [21%] Downloaded 7138296 bytes...
 [21%] Downloaded 7154680 bytes...
 [21%] Downloaded 7171000 bytes...
 [21%] Downloaded 7187384 bytes...
 [21%] Downloaded 7203704 bytes...
 [21%] Downloaded 7220088 bytes...
 [21%] Downloaded 7236408 bytes...
 [21%] Downloaded 7252792 bytes...
 [21%] Downloaded 7269112 bytes...
 [21%] Downloaded 7285496 bytes...
 [21%] Downloaded 7301832 bytes...
 [21%] Downloaded 7318264 bytes...
 [21%] Downloaded 7334528 bytes...
 [21%] Downloaded 7350912 bytes...
 [21%] Downloaded 7367232 bytes...
 [21%] Downloaded 7383616 bytes...
 [21%] Downloaded 7399936 bytes...
 [21%] Downloaded 7416320 bytes...
 [22%] Downloaded 7432640 bytes...
 [22%] Downloaded 7449024 bytes...
 [22%] Downloaded 7465360 bytes...
 [22%] Downloaded 7481792 bytes...
 [22%] Downloaded 7498056 bytes...
 [22%] Downloaded 7514440 bytes...
 [22%] Downloaded 7530760 bytes...
 [22%] Downloaded 7547144 bytes...
 [22%] Downloaded 7563464 bytes...
 [22%] Downloaded 7579848 bytes...
 [22%] Downloaded 7596168 bytes...
 [22%] Downloaded 7612552 bytes...
 [22%] Downloaded 7628872 bytes...
 [22%] Downloaded 7645256 bytes...
 [22%] Downloaded 7661576 bytes...
 [22%] Downloaded 7677960 bytes...
 [22%] Downloaded 7694280 bytes...
 [22%] Downloaded 7710664 bytes...
 [22%] Downloaded 7726984 bytes...
 [22%] Downloaded 7743368 bytes...
 [23%] Downloaded 7759688 bytes...
 [23%] Downloaded 7776072 bytes...
 [23%] Downloaded 7792392 bytes...
 [23%] Downloaded 7808776 bytes...
 [23%] Downloaded 7825096 bytes...
 [23%] Downloaded 7841480 bytes...
 [23%] Downloaded 7857800 bytes...
 [23%] Downloaded 7874184 bytes...
 [23%] Downloaded 7890504 bytes...
 [23%] Downloaded 7906888 bytes...
 [23%] Downloaded 7923208 bytes...
 [23%] Downloaded 7939592 bytes...
 [23%] Downloaded 7955912 bytes...
 [23%] Downloaded 7972296 bytes...
 [23%] Downloaded 7988616 bytes...
 [23%] Downloaded 8005000 bytes...
 [23%] Downloaded 8021320 bytes...
 [23%] Downloaded 8037704 bytes...
 [23%] Downloaded 8054024 bytes...
 [23%] Downloaded 8070408 bytes...
 [23%] Downloaded 8086728 bytes...
 [24%] Downloaded 8103112 bytes...
 [24%] Downloaded 8119432 bytes...
 [24%] Downloaded 8135816 bytes...
 [24%] Downloaded 8152136 bytes...
 [24%] Downloaded 8168520 bytes...
 [24%] Downloaded 8184840 bytes...
 [24%] Downloaded 8201224 bytes...
 [24%] Downloaded 8217560 bytes...
 [24%] Downloaded 8233992 bytes...
 [24%] Downloaded 8250256 bytes...
 [24%] Downloaded 8266640 bytes...
 [24%] Downloaded 8282960 bytes...
 [24%] Downloaded 8299344 bytes...
 [24%] Downloaded 8315664 bytes...
 [24%] Downloaded 8332048 bytes...
 [24%] Downloaded 8348368 bytes...
 [24%] Downloaded 8364752 bytes...
 [24%] Downloaded 8381088 bytes...
 [24%] Downloaded 8397520 bytes...
 [24%] Downloaded 8413784 bytes...
 [24%] Downloaded 8430168 bytes...
 [25%] Downloaded 8446488 bytes...
 [25%] Downloaded 8462872 bytes...
 [25%] Downloaded 8479192 bytes...
 [25%] Downloaded 8495576 bytes...
 [25%] Downloaded 8511896 bytes...
 [25%] Downloaded 8528280 bytes...
 [25%] Downloaded 8544616 bytes...
 [25%] Downloaded 8561048 bytes...
 [25%] Downloaded 8577312 bytes...
 [25%] Downloaded 8593696 bytes...
 [25%] Downloaded 8610016 bytes...
 [25%] Downloaded 8626400 bytes...
 [25%] Downloaded 8642720 bytes...
 [25%] Downloaded 8659104 bytes...
 [25%] Downloaded 8675424 bytes...
 [25%] Downloaded 8691808 bytes...
 [25%] Downloaded 8708144 bytes...
 [25%] Downloaded 8724576 bytes...
 [25%] Downloaded 8740840 bytes...
 [25%] Downloaded 8757224 bytes...
 [26%] Downloaded 8773544 bytes...
 [26%] Downloaded 8789928 bytes...
 [26%] Downloaded 8806248 bytes...
 [26%] Downloaded 8822632 bytes...
 [26%] Downloaded 8838952 bytes...
 [26%] Downloaded 8855336 bytes...
 [26%] Downloaded 8871672 bytes...
 [26%] Downloaded 8888104 bytes...
 [26%] Downloaded 8904368 bytes...
 [26%] Downloaded 8920752 bytes...
 [26%] Downloaded 8937072 bytes...
 [26%] Downloaded 8953456 bytes...
 [26%] Downloaded 8969776 bytes...
 [26%] Downloaded 8986160 bytes...
 [26%] Downloaded 9002480 bytes...
 [26%] Downloaded 9018864 bytes...
 [26%] Downloaded 9035200 bytes...
 [26%] Downloaded 9051632 bytes...
 [26%] Downloaded 9067896 bytes...
 [26%] Downloaded 9084280 bytes...
 [26%] Downloaded 9100600 bytes...
 [27%] Downloaded 9116984 bytes...
 [27%] Downloaded 9133304 bytes...
 [27%] Downloaded 9149688 bytes...
 [27%] Downloaded 9166008 bytes...
 [27%] Downloaded 9182392 bytes...
 [27%] Downloaded 9198712 bytes...
 [27%] Downloaded 9215096 bytes...
 [27%] Downloaded 9231416 bytes...
 [27%] Downloaded 9247800 bytes...
 [27%] Downloaded 9264120 bytes...
 [27%] Downloaded 9280504 bytes...
 [27%] Downloaded 9296824 bytes...
 [27%] Downloaded 9313208 bytes...
 [27%] Downloaded 9329528 bytes...
 [27%] Downloaded 9345912 bytes...
 [27%] Downloaded 9362232 bytes...
 [27%] Downloaded 9378616 bytes...
 [27%] Downloaded 9394936 bytes...
 [27%] Downloaded 9411320 bytes...
 [27%] Downloaded 9427640 bytes...
 [27%] Downloaded 9444024 bytes...
 [28%] Downloaded 9460344 bytes...
 [28%] Downloaded 9476728 bytes...
 [28%] Downloaded 9493048 bytes...
 [28%] Downloaded 9509432 bytes...
 [28%] Downloaded 9525752 bytes...
 [28%] Downloaded 9542136 bytes...
 [28%] Downloaded 9558456 bytes...
 [28%] Downloaded 9574840 bytes...
 [28%] Downloaded 9591160 bytes...
 [28%] Downloaded 9607544 bytes...
 [28%] Downloaded 9623864 bytes...
 [28%] Downloaded 9640248 bytes...
 [28%] Downloaded 9656568 bytes...
 [28%] Downloaded 9672952 bytes...
 [28%] Downloaded 9689272 bytes...
 [28%] Downloaded 9705656 bytes...
 [28%] Downloaded 9721976 bytes...
 [28%] Downloaded 9738360 bytes...
 [28%] Downloaded 9754696 bytes...
 [29%] Downloaded 9787392 bytes...
 [29%] Downloaded 9803776 bytes...
 [29%] Downloaded 9820096 bytes...
 [29%] Downloaded 9836480 bytes...
 [29%] Downloaded 9852800 bytes...
 [29%] Downloaded 9869184 bytes...
 [29%] Downloaded 9885504 bytes...
 [29%] Downloaded 9901888 bytes...
 [29%] Downloaded 9918224 bytes...
 [29%] Downloaded 9934656 bytes...
 [29%] Downloaded 9950920 bytes...
 [29%] Downloaded 9967304 bytes...
 [29%] Downloaded 9983624 bytes...
 [29%] Downloaded 10000008 bytes...
 [29%] Downloaded 10016328 bytes...
 [29%] Downloaded 10032712 bytes...
 [29%] Downloaded 10049032 bytes...
 [29%] Downloaded 10065416 bytes...
 [29%] Downloaded 10081736 bytes...
 [29%] Downloaded 10098120 bytes...
 [29%] Downloaded 10114440 bytes...
 [30%] Downloaded 10130824 bytes...
 [30%] Downloaded 10147144 bytes...
 [30%] Downloaded 10163528 bytes...
 [30%] Downloaded 10179848 bytes...
 [30%] Downloaded 10196232 bytes...
 [30%] Downloaded 10212552 bytes...
 [30%] Downloaded 10228936 bytes...
 [30%] Downloaded 10245256 bytes...
 [30%] Downloaded 10261640 bytes...
 [30%] Downloaded 10277976 bytes...
 [30%] Downloaded 10294408 bytes...
 [30%] Downloaded 10327056 bytes...
 [30%] Downloaded 10343376 bytes...
 [30%] Downloaded 10359760 bytes...
 [30%] Downloaded 10376080 bytes...
 [30%] Downloaded 10392464 bytes...
 [30%] Downloaded 10408784 bytes...
 [30%] Downloaded 10425168 bytes...
 [30%] Downloaded 10441504 bytes...
 [31%] Downloaded 10457936 bytes...
 [31%] Downloaded 10474200 bytes...
 [31%] Downloaded 10490584 bytes...
 [31%] Downloaded 10506904 bytes...
 [31%] Downloaded 10523288 bytes...
 [31%] Downloaded 10539608 bytes...
 [31%] Downloaded 10555992 bytes...
 [31%] Downloaded 10572312 bytes...
 [31%] Downloaded 10588696 bytes...
 [31%] Downloaded 10605016 bytes...
 [31%] Downloaded 10621400 bytes...
 [31%] Downloaded 10637736 bytes...
 [31%] Downloaded 10654168 bytes...
 [31%] Downloaded 10670432 bytes...
 [31%] Downloaded 10686816 bytes...
 [31%] Downloaded 10703136 bytes...
 [31%] Downloaded 10719520 bytes...
 [31%] Downloaded 10735840 bytes...
 [31%] Downloaded 10752224 bytes...
 [31%] Downloaded 10768544 bytes...
 [31%] Downloaded 10784928 bytes...
 [32%] Downloaded 10801264 bytes...
 [32%] Downloaded 10817696 bytes...
 [32%] Downloaded 10833960 bytes...
 [32%] Downloaded 10850344 bytes...
 [32%] Downloaded 10866664 bytes...
 [32%] Downloaded 10883048 bytes...
 [32%] Downloaded 10899368 bytes...
 [32%] Downloaded 10915752 bytes...
 [32%] Downloaded 10932072 bytes...
 [32%] Downloaded 10948456 bytes...
 [32%] Downloaded 10964776 bytes...
 [32%] Downloaded 10981160 bytes...
 [32%] Downloaded 10997480 bytes...
 [32%] Downloaded 11013864 bytes...
 [32%] Downloaded 11030184 bytes...
 [32%] Downloaded 11046568 bytes...
 [32%] Downloaded 11062888 bytes...
 [32%] Downloaded 11079272 bytes...
 [32%] Downloaded 11095592 bytes...
 [32%] Downloaded 11111976 bytes...
 [32%] Downloaded 11128296 bytes...
 [33%] Downloaded 11144680 bytes...
 [33%] Downloaded 11161000 bytes...
 [33%] Downloaded 11177384 bytes...
 [33%] Downloaded 11193704 bytes...
 [33%] Downloaded 11210088 bytes...
 [33%] Downloaded 11226408 bytes...
 [33%] Downloaded 11242792 bytes...
 [33%] Downloaded 11259112 bytes...
 [33%] Downloaded 11275496 bytes...
 [33%] Downloaded 11291816 bytes...
 [33%] Downloaded 11308200 bytes...
 [33%] Downloaded 11324520 bytes...
 [33%] Downloaded 11340904 bytes...
 [33%] Downloaded 11357224 bytes...
 [33%] Downloaded 11373608 bytes...
 [33%] Downloaded 11389944 bytes...
 [33%] Downloaded 11406376 bytes...
 [33%] Downloaded 11422640 bytes...
 [33%] Downloaded 11439024 bytes...
 [33%] Downloaded 11455344 bytes...
 [34%] Downloaded 11471728 bytes...
 [34%] Downloaded 11488048 bytes...
 [34%] Downloaded 11504432 bytes...
 [34%] Downloaded 11520752 bytes...
 [34%] Downloaded 11537136 bytes...
 [34%] Downloaded 11553472 bytes...
 [34%] Downloaded 11569904 bytes...
 [34%] Downloaded 11586168 bytes...
 [34%] Downloaded 11602552 bytes...
 [34%] Downloaded 11618872 bytes...
 [34%] Downloaded 11635256 bytes...
 [34%] Downloaded 11651576 bytes...
 [34%] Downloaded 11667960 bytes...
 [34%] Downloaded 11684280 bytes...
 [34%] Downloaded 11700664 bytes...
 [34%] Downloaded 11716984 bytes...
 [34%] Downloaded 11733368 bytes...
 [34%] Downloaded 11749688 bytes...
 [34%] Downloaded 11766072 bytes...
 [34%] Downloaded 11782408 bytes...
 [34%] Downloaded 11798840 bytes...
 [35%] Downloaded 11815104 bytes...
 [35%] Downloaded 11831488 bytes...
 [35%] Downloaded 11847808 bytes...
 [35%] Downloaded 11864192 bytes...
 [35%] Downloaded 11880512 bytes...
 [35%] Downloaded 11896896 bytes...
 [35%] Downloaded 11913216 bytes...
 [35%] Downloaded 11929600 bytes...
 [35%] Downloaded 11945920 bytes...
 [35%] Downloaded 11962304 bytes...
 [35%] Downloaded 11978624 bytes...
 [35%] Downloaded 11995008 bytes...
 [35%] Downloaded 12011328 bytes...
 [35%] Downloaded 12027712 bytes...
 [35%] Downloaded 12044032 bytes...
 [35%] Downloaded 12060416 bytes...
 [35%] Downloaded 12076736 bytes...
 [35%] Downloaded 12093120 bytes...
 [35%] Downloaded 12109440 bytes...
 [35%] Downloaded 12125824 bytes...
 [35%] Downloaded 12142160 bytes...
 [36%] Downloaded 12158592 bytes...
 [36%] Downloaded 12174856 bytes...
 [36%] Downloaded 12191240 bytes...
 [36%] Downloaded 12207560 bytes...
 [36%] Downloaded 12223944 bytes...
 [36%] Downloaded 12240264 bytes...
 [36%] Downloaded 12256648 bytes...
 [36%] Downloaded 12272968 bytes...
 [36%] Downloaded 12289352 bytes...
 [36%] Downloaded 12305688 bytes...
 [36%] Downloaded 12322120 bytes...
 [36%] Downloaded 12338384 bytes...
 [36%] Downloaded 12354768 bytes...
 [36%] Downloaded 12371088 bytes...
 [36%] Downloaded 12387472 bytes...
 [36%] Downloaded 12403792 bytes...
 [36%] Downloaded 12420176 bytes...
 [36%] Downloaded 12436496 bytes...
 [36%] Downloaded 12452880 bytes...
 [36%] Downloaded 12469200 bytes...
 [37%] Downloaded 12485584 bytes...
 [37%] Downloaded 12501904 bytes...
 [37%] Downloaded 12518288 bytes...
 [37%] Downloaded 12534608 bytes...
 [37%] Downloaded 12550992 bytes...
 [37%] Downloaded 12567312 bytes...
 [37%] Downloaded 12583696 bytes...
 [37%] Downloaded 12600016 bytes...
 [37%] Downloaded 12616400 bytes...
 [37%] Downloaded 12632720 bytes...
 [37%] Downloaded 12649104 bytes...
 [37%] Downloaded 12665424 bytes...
 [37%] Downloaded 12681808 bytes...
 [37%] Downloaded 12698128 bytes...
 [37%] Downloaded 12714512 bytes...
 [37%] Downloaded 12730832 bytes...
 [37%] Downloaded 12747216 bytes...
 [37%] Downloaded 12763536 bytes...
 [37%] Downloaded 12779920 bytes...
 [37%] Downloaded 12796240 bytes...
 [37%] Downloaded 12812624 bytes...
 [38%] Downloaded 12828944 bytes...
 [38%] Downloaded 12845328 bytes...
 [38%] Downloaded 12861648 bytes...
 [38%] Downloaded 12878032 bytes...
 [38%] Downloaded 12894352 bytes...
 [38%] Downloaded 12910736 bytes...
 [38%] Downloaded 12927056 bytes...
 [38%] Downloaded 12943440 bytes...
 [38%] Downloaded 12959760 bytes...
 [38%] Downloaded 12976144 bytes...
 [38%] Downloaded 12992464 bytes...
 [38%] Downloaded 13008848 bytes...
 [38%] Downloaded 13025168 bytes...
 [38%] Downloaded 13041552 bytes...
 [38%] Downloaded 13057872 bytes...
 [38%] Downloaded 13074256 bytes...
 [38%] Downloaded 13090576 bytes...
 [38%] Downloaded 13106960 bytes...
 [38%] Downloaded 13123280 bytes...
 [38%] Downloaded 13139664 bytes...
 [39%] Downloaded 13155984 bytes...
 [39%] Downloaded 13172368 bytes...
 [39%] Downloaded 13188688 bytes...
 [39%] Downloaded 13205072 bytes...
 [39%] Downloaded 13221408 bytes...
 [39%] Downloaded 13237840 bytes...
 [39%] Downloaded 13254104 bytes...
 [39%] Downloaded 13270488 bytes...
 [39%] Downloaded 13286808 bytes...
 [39%] Downloaded 13303192 bytes...
 [39%] Downloaded 13319512 bytes...
 [39%] Downloaded 13335896 bytes...
 [39%] Downloaded 13352216 bytes...
 [39%] Downloaded 13368600 bytes...
 [39%] Downloaded 13384936 bytes...
 [39%] Downloaded 13401368 bytes...
 [39%] Downloaded 13417632 bytes...
 [39%] Downloaded 13434016 bytes...
 [39%] Downloaded 13450336 bytes...
 [39%] Downloaded 13466720 bytes...
 [39%] Downloaded 13483040 bytes...
 [40%] Downloaded 13499424 bytes...
 [40%] Downloaded 13515744 bytes...
 [40%] Downloaded 13532128 bytes...
 [40%] Downloaded 13548464 bytes...
 [40%] Downloaded 13564896 bytes...
 [40%] Downloaded 13581160 bytes...
 [40%] Downloaded 13597544 bytes...
 [40%] Downloaded 13613864 bytes...
 [40%] Downloaded 13630248 bytes...
 [40%] Downloaded 13646568 bytes...
 [40%] Downloaded 13662952 bytes...
 [40%] Downloaded 13679272 bytes...
 [40%] Downloaded 13695656 bytes...
 [40%] Downloaded 13711992 bytes...
 [40%] Downloaded 13728424 bytes...
 [40%] Downloaded 13744688 bytes...
 [40%] Downloaded 13761072 bytes...
 [40%] Downloaded 13777392 bytes...
 [40%] Downloaded 13793776 bytes...
 [40%] Downloaded 13810096 bytes...
 [40%] Downloaded 13826480 bytes...
 [41%] Downloaded 13842800 bytes...
 [41%] Downloaded 13859184 bytes...
 [41%] Downloaded 13875504 bytes...
 [41%] Downloaded 13908208 bytes...
 [41%] Downloaded 13924592 bytes...
 [41%] Downloaded 13940912 bytes...
 [41%] Downloaded 13957296 bytes...
 [41%] Downloaded 13973616 bytes...
 [41%] Downloaded 13990000 bytes...
 [41%] Downloaded 14006320 bytes...
 [41%] Downloaded 14022704 bytes...
 [41%] Downloaded 14039024 bytes...
 [41%] Downloaded 14055408 bytes...
 [41%] Downloaded 14071728 bytes...
 [41%] Downloaded 14088112 bytes...
 [41%] Downloaded 14104432 bytes...
 [41%] Downloaded 14120816 bytes...
 [41%] Downloaded 14137136 bytes...
 [41%] Downloaded 14153520 bytes...
 [42%] Downloaded 14169840 bytes...
 [42%] Downloaded 14186224 bytes...
 [42%] Downloaded 14202544 bytes...
 [42%] Downloaded 14218928 bytes...
 [42%] Downloaded 14235248 bytes...
 [42%] Downloaded 14251632 bytes...
 [42%] Downloaded 14267952 bytes...
 [42%] Downloaded 14284336 bytes...
 [42%] Downloaded 14300656 bytes...
 [42%] Downloaded 14317040 bytes...
 [42%] Downloaded 14333360 bytes...
 [42%] Downloaded 14349744 bytes...
 [42%] Downloaded 14366064 bytes...
 [42%] Downloaded 14382448 bytes...
 [42%] Downloaded 14398784 bytes...
 [42%] Downloaded 14415216 bytes...
 [42%] Downloaded 14431480 bytes...
 [42%] Downloaded 14447864 bytes...
 [42%] Downloaded 14464184 bytes...
 [42%] Downloaded 14480568 bytes...
 [43%] Downloaded 14513272 bytes...
 [43%] Downloaded 14529592 bytes...
 [43%] Downloaded 14545976 bytes...
 [43%] Downloaded 14562312 bytes...
 [43%] Downloaded 14578744 bytes...
 [43%] Downloaded 14595008 bytes...
 [43%] Downloaded 14611392 bytes...
 [43%] Downloaded 14627712 bytes...
 [43%] Downloaded 14644096 bytes...
 [43%] Downloaded 14660416 bytes...
 [43%] Downloaded 14676800 bytes...
 [43%] Downloaded 14693120 bytes...
 [43%] Downloaded 14709504 bytes...
 [43%] Downloaded 14725840 bytes...
 [43%] Downloaded 14742272 bytes...
 [43%] Downloaded 14758536 bytes...
 [43%] Downloaded 14774920 bytes...
 [43%] Downloaded 14791240 bytes...
 [43%] Downloaded 14807624 bytes...
 [43%] Downloaded 14823944 bytes...
 [43%] Downloaded 14840328 bytes...
 [44%] Downloaded 14856648 bytes...
 [44%] Downloaded 14873032 bytes...
 [44%] Downloaded 14889352 bytes...
 [44%] Downloaded 14905736 bytes...
 [44%] Downloaded 14922056 bytes...
 [44%] Downloaded 14938440 bytes...
 [44%] Downloaded 14954760 bytes...
 [44%] Downloaded 14971144 bytes...
 [44%] Downloaded 14987464 bytes...
 [44%] Downloaded 15003848 bytes...
 [44%] Downloaded 15020168 bytes...
 [44%] Downloaded 15052872 bytes...
 [44%] Downloaded 15069256 bytes...
 [44%] Downloaded 15085576 bytes...
 [44%] Downloaded 15118280 bytes...
 [44%] Downloaded 15134664 bytes...
 [44%] Downloaded 15150984 bytes...
 [44%] Downloaded 15167368 bytes...
 [45%] Downloaded 15183688 bytes...
 [45%] Downloaded 15200072 bytes...
 [45%] Downloaded 15216392 bytes...
 [45%] Downloaded 15232776 bytes...
 [45%] Downloaded 15249096 bytes...
 [45%] Downloaded 15265480 bytes...
 [45%] Downloaded 15281800 bytes...
 [45%] Downloaded 15298184 bytes...
 [45%] Downloaded 15314504 bytes...
 [45%] Downloaded 15330888 bytes...
 [45%] Downloaded 15347208 bytes...
 [45%] Downloaded 15363592 bytes...
 [45%] Downloaded 15379912 bytes...
 [45%] Downloaded 15396296 bytes...
 [45%] Downloaded 15412616 bytes...
 [45%] Downloaded 15429000 bytes...
 [45%] Downloaded 15445320 bytes...
 [45%] Downloaded 15461704 bytes...
 [45%] Downloaded 15478040 bytes...
 [45%] Downloaded 15494472 bytes...
 [45%] Downloaded 15510736 bytes...
 [46%] Downloaded 15527120 bytes...
 [46%] Downloaded 15543440 bytes...
 [46%] Downloaded 15559824 bytes...
 [46%] Downloaded 15576144 bytes...
 [46%] Downloaded 15592528 bytes...
 [46%] Downloaded 15608848 bytes...
 [46%] Downloaded 15625232 bytes...
 [46%] Downloaded 15641552 bytes...
 [46%] Downloaded 15657936 bytes...
 [46%] Downloaded 15674256 bytes...
 [46%] Downloaded 15690640 bytes...
 [46%] Downloaded 15706960 bytes...
 [46%] Downloaded 15723344 bytes...
 [46%] Downloaded 15739664 bytes...
 [46%] Downloaded 15756048 bytes...
 [46%] Downloaded 15772368 bytes...
 [46%] Downloaded 15788752 bytes...
 [46%] Downloaded 15805072 bytes...
 [46%] Downloaded 15821456 bytes...
 [46%] Downloaded 15837776 bytes...
 [47%] Downloaded 15854160 bytes...
 [47%] Downloaded 15870480 bytes...
 [47%] Downloaded 15886864 bytes...
 [47%] Downloaded 15903184 bytes...
 [47%] Downloaded 15919568 bytes...
 [47%] Downloaded 15935888 bytes...
 [47%] Downloaded 15952272 bytes...
 [47%] Downloaded 15968592 bytes...
 [47%] Downloaded 15984976 bytes...
 [47%] Downloaded 16001296 bytes...
 [47%] Downloaded 16017680 bytes...
 [47%] Downloaded 16034000 bytes...
 [47%] Downloaded 16050384 bytes...
 [47%] Downloaded 16066704 bytes...
 [47%] Downloaded 16083088 bytes...
 [47%] Downloaded 16099408 bytes...
 [47%] Downloaded 16115792 bytes...
 [47%] Downloaded 16132112 bytes...
 [47%] Downloaded 16148496 bytes...
 [47%] Downloaded 16164816 bytes...
 [47%] Downloaded 16181200 bytes...
 [48%] Downloaded 16197520 bytes...
 [48%] Downloaded 16213904 bytes...
 [48%] Downloaded 16230224 bytes...
 [48%] Downloaded 16246608 bytes...
 [48%] Downloaded 16262928 bytes...
 [48%] Downloaded 16279312 bytes...
 [48%] Downloaded 16295632 bytes...
 [48%] Downloaded 16312016 bytes...
 [48%] Downloaded 16328336 bytes...
 [48%] Downloaded 16344720 bytes...
 [48%] Downloaded 16361040 bytes...
 [48%] Downloaded 16377424 bytes...
 [48%] Downloaded 16393744 bytes...
 [48%] Downloaded 16410128 bytes...
 [48%] Downloaded 16426448 bytes...
 [48%] Downloaded 16442832 bytes...
 [48%] Downloaded 16459152 bytes...
 [48%] Downloaded 16475536 bytes...
 [48%] Downloaded 16491856 bytes...
 [48%] Downloaded 16508240 bytes...
 [48%] Downloaded 16524560 bytes...
 [49%] Downloaded 16540944 bytes...
 [49%] Downloaded 16557264 bytes...
 [49%] Downloaded 16573648 bytes...
 [49%] Downloaded 16589968 bytes...
 [49%] Downloaded 16606352 bytes...
 [49%] Downloaded 16622672 bytes...
 [49%] Downloaded 16639056 bytes...
 [49%] Downloaded 16655376 bytes...
 [49%] Downloaded 16671760 bytes...
 [49%] Downloaded 16688080 bytes...
 [49%] Downloaded 16704464 bytes...
 [49%] Downloaded 16720800 bytes...
 [49%] Downloaded 16737232 bytes...
 [49%] Downloaded 16769880 bytes...
 [49%] Downloaded 16786200 bytes...
 [49%] Downloaded 16802584 bytes...
 [49%] Downloaded 16818904 bytes...
 [49%] Downloaded 16835288 bytes...
 [49%] Downloaded 16851608 bytes...
 [50%] Downloaded 16867992 bytes...
 [50%] Downloaded 16884328 bytes...
 [50%] Downloaded 16900760 bytes...
 [50%] Downloaded 16917024 bytes...
 [50%] Downloaded 16933408 bytes...
 [50%] Downloaded 16949728 bytes...
 [50%] Downloaded 16966112 bytes...
 [50%] Downloaded 16982432 bytes...
 [50%] Downloaded 16998816 bytes...
 [50%] Downloaded 17015136 bytes...
 [50%] Downloaded 17031520 bytes...
 [50%] Downloaded 17047856 bytes...
 [50%] Downloaded 17064288 bytes...
 [50%] Downloaded 17080552 bytes...
 [50%] Downloaded 17096936 bytes...
 [50%] Downloaded 17113256 bytes...
 [50%] Downloaded 17129640 bytes...
 [50%] Downloaded 17145960 bytes...
 [50%] Downloaded 17162344 bytes...
 [50%] Downloaded 17178664 bytes...
 [50%] Downloaded 17195048 bytes...
 [51%] Downloaded 17211368 bytes...
 [51%] Downloaded 17227752 bytes...
 [51%] Downloaded 17244072 bytes...
 [51%] Downloaded 17260456 bytes...
 [51%] Downloaded 17276776 bytes...
 [51%] Downloaded 17293160 bytes...
 [51%] Downloaded 17309480 bytes...
 [51%] Downloaded 17325864 bytes...
 [51%] Downloaded 17358568 bytes...
 [51%] Downloaded 17374888 bytes...
 [51%] Downloaded 17391272 bytes...
 [51%] Downloaded 17407592 bytes...
 [51%] Downloaded 17423976 bytes...
 [51%] Downloaded 17440312 bytes...
 [51%] Downloaded 17456744 bytes...
 [51%] Downloaded 17473008 bytes...
 [51%] Downloaded 17489392 bytes...
 [51%] Downloaded 17505712 bytes...
 [51%] Downloaded 17522096 bytes...
 [51%] Downloaded 17538416 bytes...
 [52%] Downloaded 17554800 bytes...
 [52%] Downloaded 17571120 bytes...
 [52%] Downloaded 17587504 bytes...
 [52%] Downloaded 17603824 bytes...
 [52%] Downloaded 17620208 bytes...
 [52%] Downloaded 17636544 bytes...
 [52%] Downloaded 17652976 bytes...
 [52%] Downloaded 17669240 bytes...
 [52%] Downloaded 17685624 bytes...
 [52%] Downloaded 17701944 bytes...
 [52%] Downloaded 17718328 bytes...
 [52%] Downloaded 17734648 bytes...
 [52%] Downloaded 17751032 bytes...
 [52%] Downloaded 17767352 bytes...
 [52%] Downloaded 17800056 bytes...
 [52%] Downloaded 17816440 bytes...
 [52%] Downloaded 17832760 bytes...
 [52%] Downloaded 17849144 bytes...
 [52%] Downloaded 17865464 bytes...
 [53%] Downloaded 17881848 bytes...
 [53%] Downloaded 17898168 bytes...
 [53%] Downloaded 17914552 bytes...
 [53%] Downloaded 17930872 bytes...
 [53%] Downloaded 17947256 bytes...
 [53%] Downloaded 17963576 bytes...
 [53%] Downloaded 17979960 bytes...
 [53%] Downloaded 17996280 bytes...
 [53%] Downloaded 18012664 bytes...
 [53%] Downloaded 18029000 bytes...
 [53%] Downloaded 18045432 bytes...
 [53%] Downloaded 18061696 bytes...
 [53%] Downloaded 18078080 bytes...
 [53%] Downloaded 18094400 bytes...
 [53%] Downloaded 18110784 bytes...
 [53%] Downloaded 18127104 bytes...
 [53%] Downloaded 18143488 bytes...
 [53%] Downloaded 18159808 bytes...
 [53%] Downloaded 18176192 bytes...
 [53%] Downloaded 18192512 bytes...
 [53%] Downloaded 18208896 bytes...
 [54%] Downloaded 18225216 bytes...
 [54%] Downloaded 18241600 bytes...
 [54%] Downloaded 18257920 bytes...
 [54%] Downloaded 18274304 bytes...
 [54%] Downloaded 18290624 bytes...
 [54%] Downloaded 18307008 bytes...
 [54%] Downloaded 18323328 bytes...
 [54%] Downloaded 18339712 bytes...
 [54%] Downloaded 18356032 bytes...
 [54%] Downloaded 18372416 bytes...
 [54%] Downloaded 18388736 bytes...
 [54%] Downloaded 18405120 bytes...
 [54%] Downloaded 18421440 bytes...
 [54%] Downloaded 18421456 bytes...
 [54%] Downloaded 18437888 bytes...
 [54%] Downloaded 18454152 bytes...
 [54%] Downloaded 18470536 bytes...
 [54%] Downloaded 18486856 bytes...
 [54%] Downloaded 18503240 bytes...
 [54%] Downloaded 18519560 bytes...
 [54%] Downloaded 18535944 bytes...
 [55%] Downloaded 18552264 bytes...
 [55%] Downloaded 18568648 bytes...
 [55%] Downloaded 18584968 bytes...
 [55%] Downloaded 18601352 bytes...
 [55%] Downloaded 18617672 bytes...
 [55%] Downloaded 18634056 bytes...
 [55%] Downloaded 18650392 bytes...
 [55%] Downloaded 18683088 bytes...
 [55%] Downloaded 18699472 bytes...
 [55%] Downloaded 18715792 bytes...
 [55%] Downloaded 18748496 bytes...
 [55%] Downloaded 18764880 bytes...
 [55%] Downloaded 18781200 bytes...
 [55%] Downloaded 18797584 bytes...
 [55%] Downloaded 18813920 bytes...
 [55%] Downloaded 18830352 bytes...
 [55%] Downloaded 18846616 bytes...
 [55%] Downloaded 18863000 bytes...
 [55%] Downloaded 18879320 bytes...
 [56%] Downloaded 18895704 bytes...
 [56%] Downloaded 18912024 bytes...
 [56%] Downloaded 18928408 bytes...
 [56%] Downloaded 18944728 bytes...
 [56%] Downloaded 18961112 bytes...
 [56%] Downloaded 18977432 bytes...
 [56%] Downloaded 19010136 bytes...
 [56%] Downloaded 19026520 bytes...
 [56%] Downloaded 19042840 bytes...
 [56%] Downloaded 19059224 bytes...
 [56%] Downloaded 19075544 bytes...
 [56%] Downloaded 19091928 bytes...
 [56%] Downloaded 19108248 bytes...
 [56%] Downloaded 19124632 bytes...
 [56%] Downloaded 19140952 bytes...
 [56%] Downloaded 19157336 bytes...
 [56%] Downloaded 19173656 bytes...
 [56%] Downloaded 19190040 bytes...
 [56%] Downloaded 19206360 bytes...
 [56%] Downloaded 19222744 bytes...
 [57%] Downloaded 19239064 bytes...
 [57%] Downloaded 19255448 bytes...
 [57%] Downloaded 19271768 bytes...
 [57%] Downloaded 19288152 bytes...
 [57%] Downloaded 19304472 bytes...
 [57%] Downloaded 19320856 bytes...
 [57%] Downloaded 19337176 bytes...
 [57%] Downloaded 19353560 bytes...
 [57%] Downloaded 19369880 bytes...
 [57%] Downloaded 19386264 bytes...
 [57%] Downloaded 19402584 bytes...
 [57%] Downloaded 19418968 bytes...
 [57%] Downloaded 19435288 bytes...
 [57%] Downloaded 19451672 bytes...
 [57%] Downloaded 19467992 bytes...
 [57%] Downloaded 19484376 bytes...
 [57%] Downloaded 19500696 bytes...
 [57%] Downloaded 19517080 bytes...
 [57%] Downloaded 19533400 bytes...
 [57%] Downloaded 19549784 bytes...
 [58%] Downloaded 19566104 bytes...
 [58%] Downloaded 19582488 bytes...
 [58%] Downloaded 19598808 bytes...
 [58%] Downloaded 19615192 bytes...
 [58%] Downloaded 19631512 bytes...
 [58%] Downloaded 19647896 bytes...
 [58%] Downloaded 19664216 bytes...
 [58%] Downloaded 19680600 bytes...
 [58%] Downloaded 19696936 bytes...
 [58%] Downloaded 19713368 bytes...
 [58%] Downloaded 19729632 bytes...
 [58%] Downloaded 19746016 bytes...
 [58%] Downloaded 19762336 bytes...
 [58%] Downloaded 19778720 bytes...
 [58%] Downloaded 19795040 bytes...
 [58%] Downloaded 19811424 bytes...
 [58%] Downloaded 19827744 bytes...
 [58%] Downloaded 19844128 bytes...
 [58%] Downloaded 19876832 bytes...
 [58%] Downloaded 19893168 bytes...
 [59%] Downloaded 19909600 bytes...
 [59%] Downloaded 19925864 bytes...
 [59%] Downloaded 19942248 bytes...
 [59%] Downloaded 19958568 bytes...
 [59%] Downloaded 19974952 bytes...
 [59%] Downloaded 19991272 bytes...
 [59%] Downloaded 20007656 bytes...
 [59%] Downloaded 20023976 bytes...
 [59%] Downloaded 20040360 bytes...
 [59%] Downloaded 20056696 bytes...
 [59%] Downloaded 20073128 bytes...
 [59%] Downloaded 20089392 bytes...
 [59%] Downloaded 20105776 bytes...
 [59%] Downloaded 20122096 bytes...
 [59%] Downloaded 20138480 bytes...
 [59%] Downloaded 20154800 bytes...
 [59%] Downloaded 20171184 bytes...
 [59%] Downloaded 20187504 bytes...
 [59%] Downloaded 20203888 bytes...
 [59%] Downloaded 20220224 bytes...
 [59%] Downloaded 20236656 bytes...
 [60%] Downloaded 20252920 bytes...
 [60%] Downloaded 20269304 bytes...
 [60%] Downloaded 20285624 bytes...
 [60%] Downloaded 20302008 bytes...
 [60%] Downloaded 20318328 bytes...
 [60%] Downloaded 20334712 bytes...
 [60%] Downloaded 20351032 bytes...
 [60%] Downloaded 20367416 bytes...
 [60%] Downloaded 20383752 bytes...
 [60%] Downloaded 20400184 bytes...
 [60%] Downloaded 20416448 bytes...
 [60%] Downloaded 20432832 bytes...
 [60%] Downloaded 20449152 bytes...
 [60%] Downloaded 20465536 bytes...
 [60%] Downloaded 20481856 bytes...
 [60%] Downloaded 20498240 bytes...
 [60%] Downloaded 20514560 bytes...
 [60%] Downloaded 20530944 bytes...
 [60%] Downloaded 20547264 bytes...
 [60%] Downloaded 20563648 bytes...
 [61%] Downloaded 20579968 bytes...
 [61%] Downloaded 20596352 bytes...
 [61%] Downloaded 20612688 bytes...
 [61%] Downloaded 20629120 bytes...
 [61%] Downloaded 20645384 bytes...
 [61%] Downloaded 20661768 bytes...
 [61%] Downloaded 20678088 bytes...
 [61%] Downloaded 20694472 bytes...
 [61%] Downloaded 20710792 bytes...
 [61%] Downloaded 20727176 bytes...
 [61%] Downloaded 20743496 bytes...
 [61%] Downloaded 20759880 bytes...
 [61%] Downloaded 20776216 bytes...
 [61%] Downloaded 20792648 bytes...
 [61%] Downloaded 20808912 bytes...
 [61%] Downloaded 20825296 bytes...
 [61%] Downloaded 20841616 bytes...
 [61%] Downloaded 20858000 bytes...
 [61%] Downloaded 20874320 bytes...
 [61%] Downloaded 20890704 bytes...
 [61%] Downloaded 20907024 bytes...
 [62%] Downloaded 20923408 bytes...
 [62%] Downloaded 20939728 bytes...
 [62%] Downloaded 20956112 bytes...
 [62%] Downloaded 20972432 bytes...
 [62%] Downloaded 20988816 bytes...
 [62%] Downloaded 21005152 bytes...
 [62%] Downloaded 21021584 bytes...
 [62%] Downloaded 21037848 bytes...
 [62%] Downloaded 21054232 bytes...
 [62%] Downloaded 21070552 bytes...
 [62%] Downloaded 21086936 bytes...
 [62%] Downloaded 21103256 bytes...
 [62%] Downloaded 21119640 bytes...
 [62%] Downloaded 21135960 bytes...
 [62%] Downloaded 21152344 bytes...
 [62%] Downloaded 21168680 bytes...
 [62%] Downloaded 21185112 bytes...
 [62%] Downloaded 21201376 bytes...
 [62%] Downloaded 21217760 bytes...
 [62%] Downloaded 21234080 bytes...
 [63%] Downloaded 21250464 bytes...
 [63%] Downloaded 21266784 bytes...
 [63%] Downloaded 21283168 bytes...
 [63%] Downloaded 21299488 bytes...
 [63%] Downloaded 21315872 bytes...
 [63%] Downloaded 21332208 bytes...
 [63%] Downloaded 21348640 bytes...
 [63%] Downloaded 21364904 bytes...
 [63%] Downloaded 21381288 bytes...
 [63%] Downloaded 21397608 bytes...
 [63%] Downloaded 21413992 bytes...
 [63%] Downloaded 21430312 bytes...
 [63%] Downloaded 21446696 bytes...
 [63%] Downloaded 21463016 bytes...
 [63%] Downloaded 21479400 bytes...
 [63%] Downloaded 21495736 bytes...
 [63%] Downloaded 21512168 bytes...
 [63%] Downloaded 21528432 bytes...
 [63%] Downloaded 21544816 bytes...
 [63%] Downloaded 21561136 bytes...
 [63%] Downloaded 21577520 bytes...
 [64%] Downloaded 21593840 bytes...
 [64%] Downloaded 21610224 bytes...
 [64%] Downloaded 21626544 bytes...
 [64%] Downloaded 21642928 bytes...
 [64%] Downloaded 21659248 bytes...
 [64%] Downloaded 21675632 bytes...
 [64%] Downloaded 21691952 bytes...
 [64%] Downloaded 21708336 bytes...
 [64%] Downloaded 21724672 bytes...
 [64%] Downloaded 21741104 bytes...
 [64%] Downloaded 21757368 bytes...
 [64%] Downloaded 21773752 bytes...
 [64%] Downloaded 21790072 bytes...
 [64%] Downloaded 21806456 bytes...
 [64%] Downloaded 21822776 bytes...
 [64%] Downloaded 21839160 bytes...
 [64%] Downloaded 21855480 bytes...
 [64%] Downloaded 21871864 bytes...
 [64%] Downloaded 21888184 bytes...
 [64%] Downloaded 21904568 bytes...
 [64%] Downloaded 21920888 bytes...
 [65%] Downloaded 21937272 bytes...
 [65%] Downloaded 21953608 bytes...
 [65%] Downloaded 21970040 bytes...
 [65%] Downloaded 21986304 bytes...
 [65%] Downloaded 22002688 bytes...
 [65%] Downloaded 22019008 bytes...
 [65%] Downloaded 22035392 bytes...
 [65%] Downloaded 22068096 bytes...
 [65%] Downloaded 22084416 bytes...
 [65%] Downloaded 22100800 bytes...
 [65%] Downloaded 22117120 bytes...
 [65%] Downloaded 22133504 bytes...
 [65%] Downloaded 22149824 bytes...
 [65%] Downloaded 22166208 bytes...
 [65%] Downloaded 22182528 bytes...
 [65%] Downloaded 22198912 bytes...
 [65%] Downloaded 22215232 bytes...
 [65%] Downloaded 22231616 bytes...
 [65%] Downloaded 22247936 bytes...
 [66%] Downloaded 22264320 bytes...
 [66%] Downloaded 22280640 bytes...
 [66%] Downloaded 22297024 bytes...
 [66%] Downloaded 22313344 bytes...
 [66%] Downloaded 22329728 bytes...
 [66%] Downloaded 22346048 bytes...
 [66%] Downloaded 22362432 bytes...
 [66%] Downloaded 22378752 bytes...
 [66%] Downloaded 22395136 bytes...
 [66%] Downloaded 22411456 bytes...
 [66%] Downloaded 22427840 bytes...
 [66%] Downloaded 22444160 bytes...
 [66%] Downloaded 22460544 bytes...
 [66%] Downloaded 22476864 bytes...
 [66%] Downloaded 22493248 bytes...
 [66%] Downloaded 22509568 bytes...
 [66%] Downloaded 22525952 bytes...
 [66%] Downloaded 22542288 bytes...
 [66%] Downloaded 22558720 bytes...
 [66%] Downloaded 22574984 bytes...
 [66%] Downloaded 22591368 bytes...
 [67%] Downloaded 22607688 bytes...
 [67%] Downloaded 22624072 bytes...
 [67%] Downloaded 22640392 bytes...
 [67%] Downloaded 22656776 bytes...
 [67%] Downloaded 22673096 bytes...
 [67%] Downloaded 22689480 bytes...
 [67%] Downloaded 22705816 bytes...
 [67%] Downloaded 22722248 bytes...
 [67%] Downloaded 22738512 bytes...
 [67%] Downloaded 22754896 bytes...
 [67%] Downloaded 22771216 bytes...
 [67%] Downloaded 22787600 bytes...
 [67%] Downloaded 22803920 bytes...
 [67%] Downloaded 22820304 bytes...
 [67%] Downloaded 22836624 bytes...
 [67%] Downloaded 22853008 bytes...
 [67%] Downloaded 22869328 bytes...
 [67%] Downloaded 22885712 bytes...
 [67%] Downloaded 22902032 bytes...
 [67%] Downloaded 22918416 bytes...
 [67%] Downloaded 22934752 bytes...
 [68%] Downloaded 22951184 bytes...
 [68%] Downloaded 22967448 bytes...
 [68%] Downloaded 22983832 bytes...
 [68%] Downloaded 23000152 bytes...
 [68%] Downloaded 23016536 bytes...
 [68%] Downloaded 23032856 bytes...
 [68%] Downloaded 23049240 bytes...
 [68%] Downloaded 23065560 bytes...
 [68%] Downloaded 23081944 bytes...
 [68%] Downloaded 23098280 bytes...
 [68%] Downloaded 23114712 bytes...
 [68%] Downloaded 23130976 bytes...
 [68%] Downloaded 23147360 bytes...
 [68%] Downloaded 23163680 bytes...
 [68%] Downloaded 23180064 bytes...
 [68%] Downloaded 23196384 bytes...
 [68%] Downloaded 23212768 bytes...
 [68%] Downloaded 23229088 bytes...
 [68%] Downloaded 23245472 bytes...
 [68%] Downloaded 23261792 bytes...
 [69%] Downloaded 23278176 bytes...
 [69%] Downloaded 23294496 bytes...
 [69%] Downloaded 23310880 bytes...
 [69%] Downloaded 23327200 bytes...
 [69%] Downloaded 23343584 bytes...
 [69%] Downloaded 23359904 bytes...
 [69%] Downloaded 23376288 bytes...
 [69%] Downloaded 23392608 bytes...
 [69%] Downloaded 23408992 bytes...
 [69%] Downloaded 23425312 bytes...
 [69%] Downloaded 23441696 bytes...
 [69%] Downloaded 23458016 bytes...
 [69%] Downloaded 23474400 bytes...
 [69%] Downloaded 23490720 bytes...
 [69%] Downloaded 23507104 bytes...
 [69%] Downloaded 23523424 bytes...
 [69%] Downloaded 23539808 bytes...
 [69%] Downloaded 23556128 bytes...
 [69%] Downloaded 23572512 bytes...
 [69%] Downloaded 23588832 bytes...
 [69%] Downloaded 23605216 bytes...
 [70%] Downloaded 23621536 bytes...
 [70%] Downloaded 23637920 bytes...
 [70%] Downloaded 23654240 bytes...
 [70%] Downloaded 23670624 bytes...
 [70%] Downloaded 23686960 bytes...
 [70%] Downloaded 23703392 bytes...
 [70%] Downloaded 23719656 bytes...
 [70%] Downloaded 23736040 bytes...
 [70%] Downloaded 23752360 bytes...
 [70%] Downloaded 23768744 bytes...
 [70%] Downloaded 23785064 bytes...
 [70%] Downloaded 23801448 bytes...
 [70%] Downloaded 23817768 bytes...
 [70%] Downloaded 23834152 bytes...
 [70%] Downloaded 23850488 bytes...
 [70%] Downloaded 23866920 bytes...
 [70%] Downloaded 23883184 bytes...
 [70%] Downloaded 23899568 bytes...
 [70%] Downloaded 23915888 bytes...
 [70%] Downloaded 23932272 bytes...
 [70%] Downloaded 23948592 bytes...
 [71%] Downloaded 23964976 bytes...
 [71%] Downloaded 23981296 bytes...
 [71%] Downloaded 23997680 bytes...
 [71%] Downloaded 24014000 bytes...
 [71%] Downloaded 24030384 bytes...
 [71%] Downloaded 24046704 bytes...
 [71%] Downloaded 24063088 bytes...
 [71%] Downloaded 24079424 bytes...
 [71%] Downloaded 24095856 bytes...
 [71%] Downloaded 24112120 bytes...
 [71%] Downloaded 24128504 bytes...
 [71%] Downloaded 24144824 bytes...
 [71%] Downloaded 24161208 bytes...
 [71%] Downloaded 24177528 bytes...
 [71%] Downloaded 24193912 bytes...
 [71%] Downloaded 24210232 bytes...
 [71%] Downloaded 24226616 bytes...
 [71%] Downloaded 24242936 bytes...
 [71%] Downloaded 24259320 bytes...
 [71%] Downloaded 24275640 bytes...
 [72%] Downloaded 24292024 bytes...
 [72%] Downloaded 24308344 bytes...
 [72%] Downloaded 24324728 bytes...
 [72%] Downloaded 24341048 bytes...
 [72%] Downloaded 24357432 bytes...
 [72%] Downloaded 24373752 bytes...
 [72%] Downloaded 24390136 bytes...
 [72%] Downloaded 24406456 bytes...
 [72%] Downloaded 24422840 bytes...
 [72%] Downloaded 24439176 bytes...
 [72%] Downloaded 24455608 bytes...
 [72%] Downloaded 24471872 bytes...
 [72%] Downloaded 24488256 bytes...
 [72%] Downloaded 24504576 bytes...
 [72%] Downloaded 24520960 bytes...
 [72%] Downloaded 24537280 bytes...
 [72%] Downloaded 24553664 bytes...
 [72%] Downloaded 24569984 bytes...
 [72%] Downloaded 24602688 bytes...
 [72%] Downloaded 24619072 bytes...
 [73%] Downloaded 24635408 bytes...
 [73%] Downloaded 24651840 bytes...
 [73%] Downloaded 24668104 bytes...
 [73%] Downloaded 24684488 bytes...
 [73%] Downloaded 24700808 bytes...
 [73%] Downloaded 24717192 bytes...
 [73%] Downloaded 24733512 bytes...
 [73%] Downloaded 24749896 bytes...
 [73%] Downloaded 24766216 bytes...
 [73%] Downloaded 24782600 bytes...
 [73%] Downloaded 24798920 bytes...
 [73%] Downloaded 24815304 bytes...
 [73%] Downloaded 24831640 bytes...
 [73%] Downloaded 24848072 bytes...
 [73%] Downloaded 24864336 bytes...
 [73%] Downloaded 24880720 bytes...
 [73%] Downloaded 24897040 bytes...
 [73%] Downloaded 24913424 bytes...
 [73%] Downloaded 24929744 bytes...
 [73%] Downloaded 24946128 bytes...
 [74%] Downloaded 24962448 bytes...
 [74%] Downloaded 24995152 bytes...
 [74%] Downloaded 25011536 bytes...
 [74%] Downloaded 25027856 bytes...
 [74%] Downloaded 25044240 bytes...
 [74%] Downloaded 25060560 bytes...
 [74%] Downloaded 25076944 bytes...
 [74%] Downloaded 25093264 bytes...
 [74%] Downloaded 25109648 bytes...
 [74%] Downloaded 25125968 bytes...
 [74%] Downloaded 25142352 bytes...
 [74%] Downloaded 25158672 bytes...
 [74%] Downloaded 25175056 bytes...
 [74%] Downloaded 25191392 bytes...
 [74%] Downloaded 25207824 bytes...
 [74%] Downloaded 25224088 bytes...
 [74%] Downloaded 25240472 bytes...
 [74%] Downloaded 25256792 bytes...
 [74%] Downloaded 25273176 bytes...
 [74%] Downloaded 25289496 bytes...
 [75%] Downloaded 25305880 bytes...
 [75%] Downloaded 25322200 bytes...
 [75%] Downloaded 25338584 bytes...
 [75%] Downloaded 25354904 bytes...
 [75%] Downloaded 25371288 bytes...
 [75%] Downloaded 25387624 bytes...
 [75%] Downloaded 25404056 bytes...
 [75%] Downloaded 25420320 bytes...
 [75%] Downloaded 25436704 bytes...
 [75%] Downloaded 25453024 bytes...
 [75%] Downloaded 25469408 bytes...
 [75%] Downloaded 25485728 bytes...
 [75%] Downloaded 25502112 bytes...
 [75%] Downloaded 25518432 bytes...
 [75%] Downloaded 25534816 bytes...
 [75%] Downloaded 25551152 bytes...
 [75%] Downloaded 25567584 bytes...
 [75%] Downloaded 25583848 bytes...
 [75%] Downloaded 25600232 bytes...
 [75%] Downloaded 25616552 bytes...
 [75%] Downloaded 25632936 bytes...
 [76%] Downloaded 25649256 bytes...
 [76%] Downloaded 25665640 bytes...
 [76%] Downloaded 25681960 bytes...
 [76%] Downloaded 25698344 bytes...
 [76%] Downloaded 25714664 bytes...
 [76%] Downloaded 25731048 bytes...
 [76%] Downloaded 25747368 bytes...
 [76%] Downloaded 25763752 bytes...
 [76%] Downloaded 25780072 bytes...
 [76%] Downloaded 25796456 bytes...
 [76%] Downloaded 25812776 bytes...
 [76%] Downloaded 25829160 bytes...
 [76%] Downloaded 25845480 bytes...
 [76%] Downloaded 25861864 bytes...
 [76%] Downloaded 25878184 bytes...
 [76%] Downloaded 25894568 bytes...
 [76%] Downloaded 25910888 bytes...
 [76%] Downloaded 25927272 bytes...
 [76%] Downloaded 25943592 bytes...
 [76%] Downloaded 25959976 bytes...
 [77%] Downloaded 25976312 bytes...
 [77%] Downloaded 25992744 bytes...
 [77%] Downloaded 26009008 bytes...
 [77%] Downloaded 26025392 bytes...
 [77%] Downloaded 26041712 bytes...
 [77%] Downloaded 26058096 bytes...
 [77%] Downloaded 26074416 bytes...
 [77%] Downloaded 26090800 bytes...
 [77%] Downloaded 26107120 bytes...
 [77%] Downloaded 26123504 bytes...
 [77%] Downloaded 26139840 bytes...
 [77%] Downloaded 26156272 bytes...
 [77%] Downloaded 26172536 bytes...
 [77%] Downloaded 26188920 bytes...
 [77%] Downloaded 26205240 bytes...
 [77%] Downloaded 26221624 bytes...
 [77%] Downloaded 26237944 bytes...
 [77%] Downloaded 26254328 bytes...
 [77%] Downloaded 26270648 bytes...
 [77%] Downloaded 26287032 bytes...
 [77%] Downloaded 26303352 bytes...
 [78%] Downloaded 26319736 bytes...
 [78%] Downloaded 26336056 bytes...
 [78%] Downloaded 26352440 bytes...
 [78%] Downloaded 26368760 bytes...
 [78%] Downloaded 26385144 bytes...
 [78%] Downloaded 26401464 bytes...
 [78%] Downloaded 26417848 bytes...
 [78%] Downloaded 26434168 bytes...
 [78%] Downloaded 26450552 bytes...
 [78%] Downloaded 26466872 bytes...
 [78%] Downloaded 26483256 bytes...
 [78%] Downloaded 26499576 bytes...
 [78%] Downloaded 26515960 bytes...
 [78%] Downloaded 26532280 bytes...
 [78%] Downloaded 26548664 bytes...
 [78%] Downloaded 26564984 bytes...
 [78%] Downloaded 26581368 bytes...
 [78%] Downloaded 26597688 bytes...
 [78%] Downloaded 26614072 bytes...
 [78%] Downloaded 26630392 bytes...
 [78%] Downloaded 26646776 bytes...
 [79%] Downloaded 26663096 bytes...
 [79%] Downloaded 26679480 bytes...
 [79%] Downloaded 26695800 bytes...
 [79%] Downloaded 26712184 bytes...
 [79%] Downloaded 26728520 bytes...
 [79%] Downloaded 26744952 bytes...
 [79%] Downloaded 26761216 bytes...
 [79%] Downloaded 26777600 bytes...
 [79%] Downloaded 26793920 bytes...
 [79%] Downloaded 26810304 bytes...
 [79%] Downloaded 26826624 bytes...
 [79%] Downloaded 26843008 bytes...
 [79%] Downloaded 26859328 bytes...
 [79%] Downloaded 26875712 bytes...
 [79%] Downloaded 26892032 bytes...
 [79%] Downloaded 26908416 bytes...
 [79%] Downloaded 26924736 bytes...
 [79%] Downloaded 26941120 bytes...
 [79%] Downloaded 26957440 bytes...
 [79%] Downloaded 26973824 bytes...
 [80%] Downloaded 26990144 bytes...
 [80%] Downloaded 27006528 bytes...
 [80%] Downloaded 27022848 bytes...
 [80%] Downloaded 27039232 bytes...
 [80%] Downloaded 27055552 bytes...
 [80%] Downloaded 27071936 bytes...
 [80%] Downloaded 27088256 bytes...
 [80%] Downloaded 27104640 bytes...
 [80%] Downloaded 27120976 bytes...
 [80%] Downloaded 27137408 bytes...
 [80%] Downloaded 27153672 bytes...
 [80%] Downloaded 27170056 bytes...
 [80%] Downloaded 27186376 bytes...
 [80%] Downloaded 27202760 bytes...
 [80%] Downloaded 27219080 bytes...
 [80%] Downloaded 27235464 bytes...
 [80%] Downloaded 27251784 bytes...
 [80%] Downloaded 27268168 bytes...
 [80%] Downloaded 27284504 bytes...
 [80%] Downloaded 27300936 bytes...
 [80%] Downloaded 27317200 bytes...
 [81%] Downloaded 27333584 bytes...
 [81%] Downloaded 27349904 bytes...
 [81%] Downloaded 27366288 bytes...
 [81%] Downloaded 27382608 bytes...
 [81%] Downloaded 27398992 bytes...
 [81%] Downloaded 27415312 bytes...
 [81%] Downloaded 27431696 bytes...
 [81%] Downloaded 27448016 bytes...
 [81%] Downloaded 27464400 bytes...
 [81%] Downloaded 27480720 bytes...
 [81%] Downloaded 27497104 bytes...
 [81%] Downloaded 27513424 bytes...
 [81%] Downloaded 27529808 bytes...
 [81%] Downloaded 27546128 bytes...
 [81%] Downloaded 27562512 bytes...
 [81%] Downloaded 27578832 bytes...
 [81%] Downloaded 27595216 bytes...
 [81%] Downloaded 27611536 bytes...
 [81%] Downloaded 27627920 bytes...
 [81%] Downloaded 27644240 bytes...
 [82%] Downloaded 27660624 bytes...
 [82%] Downloaded 27676944 bytes...
 [82%] Downloaded 27693328 bytes...
 [82%] Downloaded 27709648 bytes...
 [82%] Downloaded 27726032 bytes...
 [82%] Downloaded 27742352 bytes...
 [82%] Downloaded 27758736 bytes...
 [82%] Downloaded 27775056 bytes...
 [82%] Downloaded 27791440 bytes...
 [82%] Downloaded 27807760 bytes...
 [82%] Downloaded 27824144 bytes...
 [82%] Downloaded 27840464 bytes...
 [82%] Downloaded 27856848 bytes...
 [82%] Downloaded 27873168 bytes...
 [82%] Downloaded 27889552 bytes...
 [82%] Downloaded 27905872 bytes...
 [82%] Downloaded 27922256 bytes...
 [82%] Downloaded 27938576 bytes...
 [82%] Downloaded 27954960 bytes...
 [82%] Downloaded 27971280 bytes...
 [82%] Downloaded 27987664 bytes...
 [83%] Downloaded 28003984 bytes...
 [83%] Downloaded 28020368 bytes...
 [83%] Downloaded 28036704 bytes...
 [83%] Downloaded 28053136 bytes...
 [83%] Downloaded 28069400 bytes...
 [83%] Downloaded 28085784 bytes...
 [83%] Downloaded 28102104 bytes...
 [83%] Downloaded 28118488 bytes...
 [83%] Downloaded 28134808 bytes...
 [83%] Downloaded 28151192 bytes...
 [83%] Downloaded 28167512 bytes...
 [83%] Downloaded 28183896 bytes...
 [83%] Downloaded 28200216 bytes...
 [83%] Downloaded 28216600 bytes...
 [83%] Downloaded 28232920 bytes...
 [83%] Downloaded 28249304 bytes...
 [83%] Downloaded 28265624 bytes...
 [83%] Downloaded 28282008 bytes...
 [83%] Downloaded 28298328 bytes...
 [83%] Downloaded 28314712 bytes...
 [83%] Downloaded 28331032 bytes...
 [84%] Downloaded 28347416 bytes...
 [84%] Downloaded 28363736 bytes...
 [84%] Downloaded 28380120 bytes...
 [84%] Downloaded 28396440 bytes...
 [84%] Downloaded 28412824 bytes...
 [84%] Downloaded 28429144 bytes...
 [84%] Downloaded 28445528 bytes...
 [84%] Downloaded 28461848 bytes...
 [84%] Downloaded 28478232 bytes...
 [84%] Downloaded 28494552 bytes...
 [84%] Downloaded 28510936 bytes...
 [84%] Downloaded 28527256 bytes...
 [84%] Downloaded 28543640 bytes...
 [84%] Downloaded 28559960 bytes...
 [84%] Downloaded 28576344 bytes...
 [84%] Downloaded 28592664 bytes...
 [84%] Downloaded 28609048 bytes...
 [84%] Downloaded 28625368 bytes...
 [84%] Downloaded 28641752 bytes...
 [84%] Downloaded 28658072 bytes...
 [85%] Downloaded 28674456 bytes...
 [85%] Downloaded 28690776 bytes...
 [85%] Downloaded 28707160 bytes...
 [85%] Downloaded 28723480 bytes...
 [85%] Downloaded 28739864 bytes...
 [85%] Downloaded 28756184 bytes...
 [85%] Downloaded 28772568 bytes...
 [85%] Downloaded 28788888 bytes...
 [85%] Downloaded 28805272 bytes...
 [85%] Downloaded 28821592 bytes...
 [85%] Downloaded 28837976 bytes...
 [85%] Downloaded 28854296 bytes...
 [85%] Downloaded 28870680 bytes...
 [85%] Downloaded 28887000 bytes...
 [85%] Downloaded 28903384 bytes...
 [85%] Downloaded 28919704 bytes...
 [85%] Downloaded 28936088 bytes...
 [85%] Downloaded 28952408 bytes...
 [85%] Downloaded 28968792 bytes...
 [85%] Downloaded 28985112 bytes...
 [85%] Downloaded 29001496 bytes...
 [86%] Downloaded 29017816 bytes...
 [86%] Downloaded 29034200 bytes...
 [86%] Downloaded 29050520 bytes...
 [86%] Downloaded 29066904 bytes...
 [86%] Downloaded 29083224 bytes...
 [86%] Downloaded 29099608 bytes...
 [86%] Downloaded 29115928 bytes...
 [86%] Downloaded 29132312 bytes...
 [86%] Downloaded 29148632 bytes...
 [86%] Downloaded 29165016 bytes...
 [86%] Downloaded 29181336 bytes...
 [86%] Downloaded 29197720 bytes...
 [86%] Downloaded 29214040 bytes...
 [86%] Downloaded 29230424 bytes...
 [86%] Downloaded 29246744 bytes...
 [86%] Downloaded 29263128 bytes...
 [86%] Downloaded 29279448 bytes...
 [86%] Downloaded 29295832 bytes...
 [86%] Downloaded 29312152 bytes...
 [86%] Downloaded 29328536 bytes...
 [86%] Downloaded 29344856 bytes...
 [87%] Downloaded 29361240 bytes...
 [87%] Downloaded 29377560 bytes...
 [87%] Downloaded 29393944 bytes...
 [87%] Downloaded 29410264 bytes...
 [87%] Downloaded 29426648 bytes...
 [87%] Downloaded 29442968 bytes...
 [87%] Downloaded 29459352 bytes...
 [87%] Downloaded 29475672 bytes...
 [87%] Downloaded 29492056 bytes...
 [87%] Downloaded 29508376 bytes...
 [87%] Downloaded 29524760 bytes...
 [87%] Downloaded 29541080 bytes...
 [87%] Downloaded 29557464 bytes...
 [87%] Downloaded 29573784 bytes...
 [87%] Downloaded 29590168 bytes...
 [87%] Downloaded 29606504 bytes...
 [87%] Downloaded 29622936 bytes...
 [87%] Downloaded 29639200 bytes...
 [87%] Downloaded 29655584 bytes...
 [87%] Downloaded 29671904 bytes...
 [88%] Downloaded 29688288 bytes...
 [88%] Downloaded 29704608 bytes...
 [88%] Downloaded 29720992 bytes...
 [88%] Downloaded 29737312 bytes...
 [88%] Downloaded 29753696 bytes...
 [88%] Downloaded 29770032 bytes...
 [88%] Downloaded 29786464 bytes...
 [88%] Downloaded 29802728 bytes...
 [88%] Downloaded 29819112 bytes...
 [88%] Downloaded 29835432 bytes...
 [88%] Downloaded 29851816 bytes...
Quitting from CatsCradleSingleCellExperimentQuickStart.Rmd:92-107 [[SCE4]]
~~~~~~~~~~~~~~~~~~~~~~~~~~~~~~~~~~~~~~~~~~~~~~~~~~~~~~~~~~~~~~~~~~~~~~~~~~~~~~~~
<error/rlang_error>
Error in `curl::curl_download()`:
! Timeout was reached [zenodo.org]:
Operation timed out after 300000 milliseconds with 29851816 out of 33730584 bytes received
---
Backtrace:
    ▆
 1. ├─CatsCradle (local) getExample("hallmark")
 2. │ └─msigdbr::msigdbr(species = "mouse", category = "H")
 3. │   └─msigdbr:::load_msigdb_df(target_species = db_species)
 4. │     └─curl::curl_download(...)
 5. └─curl:::raise_libcurl_error(...)
~~~~~~~~~~~~~~~~~~~~~~~~~~~~~~~~~~~~~~~~~~~~~~~~~~~~~~~~~~~~~~~~~~~~~~~~~~~~~~~~

Error: processing vignette 'CatsCradleSingleCellExperimentQuickStart.Rmd' failed with diagnostics:
Timeout was reached [zenodo.org]:
Operation timed out after 300000 milliseconds with 29851816 out of 33730584 bytes received
--- failed re-building ‘CatsCradleSingleCellExperimentQuickStart.Rmd’

--- re-building ‘CatsCradleSpatial.Rmd’ using rmarkdown
0%   10   20   30   40   50   60   70   80   90   100%
[----|----|----|----|----|----|----|----|----|----|
**************************************************|
0%   10   20   30   40   50   60   70   80   90   100%
[----|----|----|----|----|----|----|----|----|----|
**************************************************|
0%   10   20   30   40   50   60   70   80   90   100%
[----|----|----|----|----|----|----|----|----|----|
**************************************************|
--- finished re-building ‘CatsCradleSpatial.Rmd’

SUMMARY: processing the following files failed:
  ‘CatsCradle.Rmd’ ‘CatsCradleQuickStart.Rmd’
  ‘CatsCradleSingleCellExperimentQuickStart.Rmd’

Error: Vignette re-building failed.
Execution halted