| Back to Multiple platform build/check report for BioC 3.21: simplified long |
|
This page was generated on 2025-04-22 13:16 -0400 (Tue, 22 Apr 2025).
| Hostname | OS | Arch (*) | R version | Installed pkgs |
|---|---|---|---|---|
| nebbiolo1 | Linux (Ubuntu 24.04.1 LTS) | x86_64 | 4.5.0 RC (2025-04-04 r88126) -- "How About a Twenty-Six" | 4831 |
| palomino7 | Windows Server 2022 Datacenter | x64 | 4.5.0 RC (2025-04-04 r88126 ucrt) -- "How About a Twenty-Six" | 4573 |
| lconway | macOS 12.7.1 Monterey | x86_64 | 4.5.0 RC (2025-04-04 r88126) -- "How About a Twenty-Six" | 4599 |
| kjohnson3 | macOS 13.7.1 Ventura | arm64 | 4.5.0 RC (2025-04-04 r88126) -- "How About a Twenty-Six" | 4553 |
| kunpeng2 | Linux (openEuler 24.03 LTS) | aarch64 | R Under development (unstable) (2025-02-19 r87757) -- "Unsuffered Consequences" | 4570 |
| Click on any hostname to see more info about the system (e.g. compilers) (*) as reported by 'uname -p', except on Windows and Mac OS X | ||||
| Package 557/2341 | Hostname | OS / Arch | INSTALL | BUILD | CHECK | BUILD BIN | ||||||||
| DEP 1.30.0 (landing page) Arne Smits
| nebbiolo1 | Linux (Ubuntu 24.04.1 LTS) / x86_64 | OK | OK | WARNINGS | |||||||||
| palomino7 | Windows Server 2022 Datacenter / x64 | OK | OK | ERROR | OK | |||||||||
| lconway | macOS 12.7.1 Monterey / x86_64 | OK | OK | WARNINGS | OK | |||||||||
| kjohnson3 | macOS 13.7.1 Ventura / arm64 | OK | OK | WARNINGS | OK | |||||||||
| kunpeng2 | Linux (openEuler 24.03 LTS) / aarch64 | OK | OK | WARNINGS | ||||||||||
|
To the developers/maintainers of the DEP package: - Allow up to 24 hours (and sometimes 48 hours) for your latest push to git@git.bioconductor.org:packages/DEP.git to reflect on this report. See Troubleshooting Build Report for more information. - Use the following Renviron settings to reproduce errors and warnings. - If 'R CMD check' started to fail recently on the Linux builder(s) over a missing dependency, add the missing dependency to 'Suggests:' in your DESCRIPTION file. See Renviron.bioc for more information. |
| Package: DEP |
| Version: 1.30.0 |
| Command: /Library/Frameworks/R.framework/Resources/bin/R CMD check --install=check:DEP.install-out.txt --library=/Library/Frameworks/R.framework/Resources/library --no-vignettes --timings DEP_1.30.0.tar.gz |
| StartedAt: 2025-04-21 20:15:41 -0400 (Mon, 21 Apr 2025) |
| EndedAt: 2025-04-21 20:23:32 -0400 (Mon, 21 Apr 2025) |
| EllapsedTime: 471.4 seconds |
| RetCode: 0 |
| Status: WARNINGS |
| CheckDir: DEP.Rcheck |
| Warnings: 1 |
##############################################################################
##############################################################################
###
### Running command:
###
### /Library/Frameworks/R.framework/Resources/bin/R CMD check --install=check:DEP.install-out.txt --library=/Library/Frameworks/R.framework/Resources/library --no-vignettes --timings DEP_1.30.0.tar.gz
###
##############################################################################
##############################################################################
* using log directory ‘/Users/biocbuild/bbs-3.21-bioc/meat/DEP.Rcheck’
* using R version 4.5.0 RC (2025-04-04 r88126)
* using platform: x86_64-apple-darwin20
* R was compiled by
Apple clang version 14.0.0 (clang-1400.0.29.202)
GNU Fortran (GCC) 14.2.0
* running under: macOS Monterey 12.7.6
* using session charset: UTF-8
* using option ‘--no-vignettes’
* checking for file ‘DEP/DESCRIPTION’ ... OK
* this is package ‘DEP’ version ‘1.30.0’
* package encoding: UTF-8
* checking package namespace information ... OK
* checking package dependencies ... INFO
Imports includes 23 non-default packages.
Importing from so many packages makes the package vulnerable to any of
them becoming unavailable. Move as many as possible to Suggests and
use conditionally.
* checking if this is a source package ... OK
* checking if there is a namespace ... OK
* checking for hidden files and directories ... OK
* checking for portable file names ... OK
* checking for sufficient/correct file permissions ... OK
* checking whether package ‘DEP’ can be installed ... OK
* checking installed package size ... OK
* checking package directory ... OK
* checking ‘build’ directory ... OK
* checking DESCRIPTION meta-information ... OK
* checking top-level files ... OK
* checking for left-over files ... OK
* checking index information ... OK
* checking package subdirectories ... OK
* checking code files for non-ASCII characters ... OK
* checking R files for syntax errors ... OK
* checking whether the package can be loaded ... OK
* checking whether the package can be loaded with stated dependencies ... OK
* checking whether the package can be unloaded cleanly ... OK
* checking whether the namespace can be loaded with stated dependencies ... OK
* checking whether the namespace can be unloaded cleanly ... OK
* checking whether startup messages can be suppressed ... OK
* checking dependencies in R code ... OK
* checking S3 generic/method consistency ... OK
* checking replacement functions ... OK
* checking foreign function calls ... OK
* checking R code for possible problems ... OK
* checking Rd files ... OK
* checking Rd metadata ... OK
* checking Rd cross-references ... WARNING
Missing link(s) in Rd file 'LFQ.Rd':
‘[MSnbase:impute-methods]{impute}’
Missing link(s) in Rd file 'TMT.Rd':
‘[MSnbase:impute-methods]{impute}’
Missing link(s) in Rd file 'impute.Rd':
‘[MSnbase:impute-methods]{impute}’
Missing link(s) in Rd file 'process.Rd':
‘[MSnbase:impute-methods]{impute}’
See section 'Cross-references' in the 'Writing R Extensions' manual.
* checking for missing documentation entries ... OK
* checking for code/documentation mismatches ... OK
* checking Rd \usage sections ... OK
* checking Rd contents ... OK
* checking for unstated dependencies in examples ... OK
* checking contents of ‘data’ directory ... OK
* checking data for non-ASCII characters ... OK
* checking LazyData ... OK
* checking data for ASCII and uncompressed saves ... OK
* checking R/sysdata.rda ... OK
* checking files in ‘vignettes’ ... OK
* checking examples ... OK
Examples with CPU (user + system) or elapsed time > 5s
user system elapsed
impute 49.043 0.296 49.535
* checking for unstated dependencies in ‘tests’ ... OK
* checking tests ...
Running ‘testthat.R’
OK
* checking for unstated dependencies in vignettes ... OK
* checking package vignettes ... OK
* checking running R code from vignettes ... SKIPPED
* checking re-building of vignette outputs ... SKIPPED
* checking PDF version of manual ... OK
* DONE
Status: 1 WARNING
See
‘/Users/biocbuild/bbs-3.21-bioc/meat/DEP.Rcheck/00check.log’
for details.
DEP.Rcheck/00install.out
############################################################################## ############################################################################## ### ### Running command: ### ### /Library/Frameworks/R.framework/Resources/bin/R CMD INSTALL DEP ### ############################################################################## ############################################################################## * installing to library ‘/Library/Frameworks/R.framework/Versions/4.5-x86_64/Resources/library’ * installing *source* package ‘DEP’ ... ** this is package ‘DEP’ version ‘1.30.0’ ** using staged installation ** R ** data *** moving datasets to lazyload DB ** inst ** byte-compile and prepare package for lazy loading ** help *** installing help indices ** building package indices ** installing vignettes ** testing if installed package can be loaded from temporary location ** testing if installed package can be loaded from final location ** testing if installed package keeps a record of temporary installation path * DONE (DEP)
DEP.Rcheck/tests/testthat.Rout
R version 4.5.0 RC (2025-04-04 r88126) -- "How About a Twenty-Six"
Copyright (C) 2025 The R Foundation for Statistical Computing
Platform: x86_64-apple-darwin20
R is free software and comes with ABSOLUTELY NO WARRANTY.
You are welcome to redistribute it under certain conditions.
Type 'license()' or 'licence()' for distribution details.
R is a collaborative project with many contributors.
Type 'contributors()' for more information and
'citation()' on how to cite R or R packages in publications.
Type 'demo()' for some demos, 'help()' for on-line help, or
'help.start()' for an HTML browser interface to help.
Type 'q()' to quit R.
> library(testthat)
> library(DEP)
>
> test_check("DEP")
[ FAIL 0 | WARN 14 | SKIP 0 | PASS 333 ]
[ FAIL 0 | WARN 14 | SKIP 0 | PASS 333 ]
>
> proc.time()
user system elapsed
58.709 3.564 63.792
DEP.Rcheck/DEP-Ex.timings
| name | user | system | elapsed | |
| LFQ | 2.173 | 0.043 | 2.225 | |
| TMT | 0.000 | 0.000 | 0.001 | |
| add_rejections | 0.778 | 0.012 | 0.793 | |
| analyze_dep | 2.165 | 0.069 | 2.242 | |
| filter_missval | 0.448 | 0.005 | 0.455 | |
| filter_proteins | 0.329 | 0.006 | 0.337 | |
| get_df_long | 1.591 | 0.019 | 1.616 | |
| get_df_wide | 0.725 | 0.017 | 0.745 | |
| get_prefix | 0.002 | 0.000 | 0.002 | |
| get_results | 0.942 | 0.013 | 0.959 | |
| get_suffix | 0.001 | 0.000 | 0.002 | |
| import_IsobarQuant | 0 | 0 | 0 | |
| import_MaxQuant | 0.055 | 0.001 | 0.057 | |
| impute | 49.043 | 0.296 | 49.535 | |
| make_se | 0.036 | 0.001 | 0.037 | |
| make_se_parse | 0.073 | 0.010 | 0.083 | |
| make_unique | 0.018 | 0.001 | 0.019 | |
| manual_impute | 0.662 | 0.006 | 0.672 | |
| meanSdPlot | 0.740 | 0.076 | 0.823 | |
| normalize_vsn | 0.366 | 0.021 | 0.391 | |
| plot_all | 1.643 | 0.032 | 1.683 | |
| plot_cond | 1.011 | 0.016 | 1.035 | |
| plot_cond_freq | 0.815 | 0.017 | 0.835 | |
| plot_cond_overlap | 0.943 | 0.014 | 0.964 | |
| plot_cor | 1.332 | 0.030 | 1.379 | |
| plot_coverage | 0.47 | 0.01 | 0.48 | |
| plot_detect | 0.684 | 0.007 | 0.695 | |
| plot_dist | 3.732 | 0.039 | 3.800 | |
| plot_frequency | 0.401 | 0.004 | 0.407 | |
| plot_gsea | 0.686 | 0.008 | 0.697 | |
| plot_heatmap | 2.615 | 0.038 | 2.672 | |
| plot_imputation | 1.031 | 0.022 | 1.062 | |
| plot_missval | 1.516 | 0.044 | 1.570 | |
| plot_normalization | 1.440 | 0.081 | 1.533 | |
| plot_numbers | 0.439 | 0.013 | 0.453 | |
| plot_p_hist | 1.249 | 0.019 | 1.277 | |
| plot_pca | 1.226 | 0.018 | 1.250 | |
| plot_single | 1.618 | 0.018 | 1.648 | |
| plot_volcano | 4.048 | 0.043 | 4.116 | |
| process | 1.415 | 0.024 | 1.445 | |
| report | 0.000 | 0.000 | 0.001 | |
| run_app | 0 | 0 | 0 | |
| se2msn | 0.119 | 0.001 | 0.122 | |
| test_diff | 0.890 | 0.012 | 0.908 | |
| test_gsea | 0.682 | 0.005 | 0.694 | |
| theme_DEP1 | 0.382 | 0.011 | 0.396 | |
| theme_DEP2 | 0.409 | 0.003 | 0.415 | |