Back to Multiple platform build/check report for BioC 3.21: simplified long |
|
This page was generated on 2025-02-13 11:39 -0500 (Thu, 13 Feb 2025).
Hostname | OS | Arch (*) | R version | Installed pkgs |
---|---|---|---|---|
nebbiolo1 | Linux (Ubuntu 24.04.1 LTS) | x86_64 | R Under development (unstable) (2025-01-20 r87609) -- "Unsuffered Consequences" | 4719 |
palomino7 | Windows Server 2022 Datacenter | x64 | R Under development (unstable) (2025-01-21 r87610 ucrt) -- "Unsuffered Consequences" | 4481 |
lconway | macOS 12.7.1 Monterey | x86_64 | R Under development (unstable) (2025-01-22 r87618) -- "Unsuffered Consequences" | 4492 |
kjohnson3 | macOS 13.7.1 Ventura | arm64 | R Under development (unstable) (2025-01-20 r87609) -- "Unsuffered Consequences" | 4445 |
Click on any hostname to see more info about the system (e.g. compilers) (*) as reported by 'uname -p', except on Windows and Mac OS X |
Package 544/2295 | Hostname | OS / Arch | INSTALL | BUILD | CHECK | BUILD BIN | ||||||||
DEP 1.29.0 (landing page) Arne Smits
| nebbiolo1 | Linux (Ubuntu 24.04.1 LTS) / x86_64 | OK | OK | WARNINGS | ![]() | ||||||||
palomino7 | Windows Server 2022 Datacenter / x64 | OK | OK | WARNINGS | OK | ![]() | ||||||||
lconway | macOS 12.7.1 Monterey / x86_64 | OK | OK | WARNINGS | OK | ![]() | ||||||||
kjohnson3 | macOS 13.7.1 Ventura / arm64 | OK | OK | WARNINGS | OK | ![]() | ||||||||
To the developers/maintainers of the DEP package: - Allow up to 24 hours (and sometimes 48 hours) for your latest push to git@git.bioconductor.org:packages/DEP.git to reflect on this report. See Troubleshooting Build Report for more information. - Use the following Renviron settings to reproduce errors and warnings. - If 'R CMD check' started to fail recently on the Linux builder(s) over a missing dependency, add the missing dependency to 'Suggests:' in your DESCRIPTION file. See Renviron.bioc for more information. |
Package: DEP |
Version: 1.29.0 |
Command: /home/biocbuild/bbs-3.21-bioc/R/bin/R CMD check --install=check:DEP.install-out.txt --library=/home/biocbuild/bbs-3.21-bioc/R/site-library --timings DEP_1.29.0.tar.gz |
StartedAt: 2025-02-12 21:39:13 -0500 (Wed, 12 Feb 2025) |
EndedAt: 2025-02-12 21:47:29 -0500 (Wed, 12 Feb 2025) |
EllapsedTime: 495.7 seconds |
RetCode: 0 |
Status: WARNINGS |
CheckDir: DEP.Rcheck |
Warnings: 1 |
############################################################################## ############################################################################## ### ### Running command: ### ### /home/biocbuild/bbs-3.21-bioc/R/bin/R CMD check --install=check:DEP.install-out.txt --library=/home/biocbuild/bbs-3.21-bioc/R/site-library --timings DEP_1.29.0.tar.gz ### ############################################################################## ############################################################################## * using log directory ‘/home/biocbuild/bbs-3.21-bioc/meat/DEP.Rcheck’ * using R Under development (unstable) (2025-01-20 r87609) * using platform: x86_64-pc-linux-gnu * R was compiled by gcc (Ubuntu 13.3.0-6ubuntu2~24.04) 13.3.0 GNU Fortran (Ubuntu 13.3.0-6ubuntu2~24.04) 13.3.0 * running under: Ubuntu 24.04.1 LTS * using session charset: UTF-8 * checking for file ‘DEP/DESCRIPTION’ ... OK * this is package ‘DEP’ version ‘1.29.0’ * package encoding: UTF-8 * checking package namespace information ... OK * checking package dependencies ... INFO Imports includes 23 non-default packages. Importing from so many packages makes the package vulnerable to any of them becoming unavailable. Move as many as possible to Suggests and use conditionally. * checking if this is a source package ... OK * checking if there is a namespace ... OK * checking for hidden files and directories ... OK * checking for portable file names ... OK * checking for sufficient/correct file permissions ... OK * checking whether package ‘DEP’ can be installed ... OK * checking installed package size ... OK * checking package directory ... OK * checking ‘build’ directory ... OK * checking DESCRIPTION meta-information ... OK * checking top-level files ... OK * checking for left-over files ... OK * checking index information ... OK * checking package subdirectories ... OK * checking code files for non-ASCII characters ... OK * checking R files for syntax errors ... OK * checking whether the package can be loaded ... OK * checking whether the package can be loaded with stated dependencies ... OK * checking whether the package can be unloaded cleanly ... OK * checking whether the namespace can be loaded with stated dependencies ... OK * checking whether the namespace can be unloaded cleanly ... OK * checking loading without being on the library search path ... OK * checking whether startup messages can be suppressed ... OK * checking dependencies in R code ... OK * checking S3 generic/method consistency ... OK * checking replacement functions ... OK * checking foreign function calls ... OK * checking R code for possible problems ... OK * checking Rd files ... OK * checking Rd metadata ... OK * checking Rd cross-references ... WARNING Missing link(s) in Rd file 'LFQ.Rd': ‘[MSnbase:impute-methods]{impute}’ Missing link(s) in Rd file 'TMT.Rd': ‘[MSnbase:impute-methods]{impute}’ Missing link(s) in Rd file 'impute.Rd': ‘[MSnbase:impute-methods]{impute}’ Missing link(s) in Rd file 'process.Rd': ‘[MSnbase:impute-methods]{impute}’ See section 'Cross-references' in the 'Writing R Extensions' manual. * checking for missing documentation entries ... OK * checking for code/documentation mismatches ... OK * checking Rd \usage sections ... OK * checking Rd contents ... OK * checking for unstated dependencies in examples ... OK * checking contents of ‘data’ directory ... OK * checking data for non-ASCII characters ... OK * checking LazyData ... OK * checking data for ASCII and uncompressed saves ... OK * checking R/sysdata.rda ... OK * checking files in ‘vignettes’ ... OK * checking examples ... OK Examples with CPU (user + system) or elapsed time > 5s user system elapsed impute 52.414 0.459 52.876 * checking for unstated dependencies in ‘tests’ ... OK * checking tests ... Running ‘testthat.R’ OK * checking for unstated dependencies in vignettes ... OK * checking package vignettes ... OK * checking re-building of vignette outputs ... OK * checking PDF version of manual ... OK * DONE Status: 1 WARNING See ‘/home/biocbuild/bbs-3.21-bioc/meat/DEP.Rcheck/00check.log’ for details.
DEP.Rcheck/00install.out
############################################################################## ############################################################################## ### ### Running command: ### ### /home/biocbuild/bbs-3.21-bioc/R/bin/R CMD INSTALL DEP ### ############################################################################## ############################################################################## * installing to library ‘/home/biocbuild/bbs-3.21-bioc/R/site-library’ * installing *source* package ‘DEP’ ... ** this is package ‘DEP’ version ‘1.29.0’ ** using staged installation ** R ** data *** moving datasets to lazyload DB ** inst ** byte-compile and prepare package for lazy loading ** help *** installing help indices ** building package indices ** installing vignettes ** testing if installed package can be loaded from temporary location ** testing if installed package can be loaded from final location ** testing if installed package keeps a record of temporary installation path * DONE (DEP)
DEP.Rcheck/tests/testthat.Rout
R Under development (unstable) (2025-01-20 r87609) -- "Unsuffered Consequences" Copyright (C) 2025 The R Foundation for Statistical Computing Platform: x86_64-pc-linux-gnu R is free software and comes with ABSOLUTELY NO WARRANTY. You are welcome to redistribute it under certain conditions. Type 'license()' or 'licence()' for distribution details. R is a collaborative project with many contributors. Type 'contributors()' for more information and 'citation()' on how to cite R or R packages in publications. Type 'demo()' for some demos, 'help()' for on-line help, or 'help.start()' for an HTML browser interface to help. Type 'q()' to quit R. > library(testthat) > library(DEP) > > test_check("DEP") [ FAIL 0 | WARN 15 | SKIP 0 | PASS 333 ] [ FAIL 0 | WARN 15 | SKIP 0 | PASS 333 ] > > proc.time() user system elapsed 50.764 2.201 53.028
DEP.Rcheck/DEP-Ex.timings
name | user | system | elapsed | |
LFQ | 1.916 | 0.067 | 1.983 | |
TMT | 0 | 0 | 0 | |
add_rejections | 0.659 | 0.013 | 0.675 | |
analyze_dep | 2.674 | 0.143 | 2.820 | |
filter_missval | 0.406 | 0.038 | 0.443 | |
filter_proteins | 0.235 | 0.001 | 0.235 | |
get_df_long | 0.673 | 0.043 | 0.716 | |
get_df_wide | 0.656 | 0.019 | 0.675 | |
get_prefix | 0.002 | 0.000 | 0.002 | |
get_results | 0.857 | 0.017 | 0.873 | |
get_suffix | 0.001 | 0.000 | 0.001 | |
import_IsobarQuant | 0 | 0 | 0 | |
import_MaxQuant | 0.041 | 0.002 | 0.042 | |
impute | 52.414 | 0.459 | 52.876 | |
make_se | 0.036 | 0.000 | 0.036 | |
make_se_parse | 0.061 | 0.010 | 0.072 | |
make_unique | 0.015 | 0.000 | 0.016 | |
manual_impute | 0.578 | 0.010 | 0.589 | |
meanSdPlot | 0.544 | 0.058 | 0.603 | |
normalize_vsn | 0.324 | 0.028 | 0.352 | |
plot_all | 1.584 | 0.023 | 1.607 | |
plot_cond | 0.937 | 0.003 | 0.941 | |
plot_cond_freq | 0.812 | 0.014 | 0.826 | |
plot_cond_overlap | 0.811 | 0.018 | 0.828 | |
plot_cor | 1.170 | 0.008 | 1.179 | |
plot_coverage | 0.450 | 0.001 | 0.450 | |
plot_detect | 0.728 | 0.017 | 0.746 | |
plot_dist | 3.430 | 0.042 | 3.473 | |
plot_frequency | 0.393 | 0.005 | 0.398 | |
plot_gsea | 0.624 | 0.014 | 0.638 | |
plot_heatmap | 2.431 | 0.079 | 2.511 | |
plot_imputation | 0.965 | 0.014 | 0.980 | |
plot_missval | 1.449 | 0.019 | 1.469 | |
plot_normalization | 1.375 | 0.031 | 1.407 | |
plot_numbers | 0.430 | 0.005 | 0.436 | |
plot_p_hist | 1.134 | 0.003 | 1.138 | |
plot_pca | 1.135 | 0.015 | 1.150 | |
plot_single | 1.443 | 0.004 | 1.447 | |
plot_volcano | 4.028 | 0.022 | 4.051 | |
process | 1.326 | 0.017 | 1.344 | |
report | 0.000 | 0.001 | 0.000 | |
run_app | 0 | 0 | 0 | |
se2msn | 0.107 | 0.002 | 0.110 | |
test_diff | 0.823 | 0.003 | 0.827 | |
test_gsea | 0.617 | 0.003 | 0.621 | |
theme_DEP1 | 0.396 | 0.000 | 0.396 | |
theme_DEP2 | 0.403 | 0.000 | 0.403 | |