Back to Multiple platform build/check report for BioC 3.21:   simplified   long
ABC[D]EFGHIJKLMNOPQRSTUVWXYZ

This page was generated on 2025-02-13 11:40 -0500 (Thu, 13 Feb 2025).

HostnameOSArch (*)R versionInstalled pkgs
nebbiolo1Linux (Ubuntu 24.04.1 LTS)x86_64R Under development (unstable) (2025-01-20 r87609) -- "Unsuffered Consequences" 4719
palomino7Windows Server 2022 Datacenterx64R Under development (unstable) (2025-01-21 r87610 ucrt) -- "Unsuffered Consequences" 4481
lconwaymacOS 12.7.1 Montereyx86_64R Under development (unstable) (2025-01-22 r87618) -- "Unsuffered Consequences" 4492
kjohnson3macOS 13.7.1 Venturaarm64R Under development (unstable) (2025-01-20 r87609) -- "Unsuffered Consequences" 4445
Click on any hostname to see more info about the system (e.g. compilers)      (*) as reported by 'uname -p', except on Windows and Mac OS X

Package 544/2295HostnameOS / ArchINSTALLBUILDCHECKBUILD BIN
DEP 1.29.0  (landing page)
Arne Smits
Snapshot Date: 2025-02-12 13:40 -0500 (Wed, 12 Feb 2025)
git_url: https://git.bioconductor.org/packages/DEP
git_branch: devel
git_last_commit: 44e537d
git_last_commit_date: 2024-10-29 10:21:24 -0500 (Tue, 29 Oct 2024)
nebbiolo1Linux (Ubuntu 24.04.1 LTS) / x86_64  OK    OK    WARNINGS  UNNEEDED, same version is already published
palomino7Windows Server 2022 Datacenter / x64  OK    OK    WARNINGS    OK  UNNEEDED, same version is already published
lconwaymacOS 12.7.1 Monterey / x86_64  OK    OK    WARNINGS    OK  UNNEEDED, same version is already published
kjohnson3macOS 13.7.1 Ventura / arm64  OK    OK    WARNINGS    OK  UNNEEDED, same version is already published


CHECK results for DEP on palomino7

To the developers/maintainers of the DEP package:
- Allow up to 24 hours (and sometimes 48 hours) for your latest push to git@git.bioconductor.org:packages/DEP.git to reflect on this report. See Troubleshooting Build Report for more information.
- Use the following Renviron settings to reproduce errors and warnings.
- If 'R CMD check' started to fail recently on the Linux builder(s) over a missing dependency, add the missing dependency to 'Suggests:' in your DESCRIPTION file. See Renviron.bioc for more information.

raw results


Summary

Package: DEP
Version: 1.29.0
Command: E:\biocbuild\bbs-3.21-bioc\R\bin\R.exe CMD check --no-multiarch --install=check:DEP.install-out.txt --library=E:\biocbuild\bbs-3.21-bioc\R\library --no-vignettes --timings DEP_1.29.0.tar.gz
StartedAt: 2025-02-13 00:34:13 -0500 (Thu, 13 Feb 2025)
EndedAt: 2025-02-13 00:42:38 -0500 (Thu, 13 Feb 2025)
EllapsedTime: 504.9 seconds
RetCode: 0
Status:   WARNINGS  
CheckDir: DEP.Rcheck
Warnings: 1

Command output

##############################################################################
##############################################################################
###
### Running command:
###
###   E:\biocbuild\bbs-3.21-bioc\R\bin\R.exe CMD check --no-multiarch --install=check:DEP.install-out.txt --library=E:\biocbuild\bbs-3.21-bioc\R\library --no-vignettes --timings DEP_1.29.0.tar.gz
###
##############################################################################
##############################################################################


* using log directory 'E:/biocbuild/bbs-3.21-bioc/meat/DEP.Rcheck'
* using R Under development (unstable) (2025-01-21 r87610 ucrt)
* using platform: x86_64-w64-mingw32
* R was compiled by
    gcc.exe (GCC) 13.3.0
    GNU Fortran (GCC) 13.3.0
* running under: Windows Server 2022 x64 (build 20348)
* using session charset: UTF-8
* using option '--no-vignettes'
* checking for file 'DEP/DESCRIPTION' ... OK
* this is package 'DEP' version '1.29.0'
* package encoding: UTF-8
* checking package namespace information ... OK
* checking package dependencies ... OK
* checking if this is a source package ... OK
* checking if there is a namespace ... OK
* checking for hidden files and directories ... OK
* checking for portable file names ... OK
* checking whether package 'DEP' can be installed ... OK
* checking installed package size ... OK
* checking package directory ... OK
* checking 'build' directory ... OK
* checking DESCRIPTION meta-information ... OK
* checking top-level files ... OK
* checking for left-over files ... OK
* checking index information ... OK
* checking package subdirectories ... OK
* checking code files for non-ASCII characters ... OK
* checking R files for syntax errors ... OK
* checking whether the package can be loaded ... OK
* checking whether the package can be loaded with stated dependencies ... OK
* checking whether the package can be unloaded cleanly ... OK
* checking whether the namespace can be loaded with stated dependencies ... OK
* checking whether the namespace can be unloaded cleanly ... OK
* checking whether startup messages can be suppressed ... OK
* checking dependencies in R code ... OK
* checking S3 generic/method consistency ... OK
* checking replacement functions ... OK
* checking foreign function calls ... OK
* checking R code for possible problems ... OK
* checking Rd files ... OK
* checking Rd metadata ... OK
* checking Rd cross-references ... WARNING
Missing link(s) in Rd file 'LFQ.Rd':
  '[MSnbase:impute-methods]{impute}'

Missing link(s) in Rd file 'TMT.Rd':
  '[MSnbase:impute-methods]{impute}'

Missing link(s) in Rd file 'impute.Rd':
  '[MSnbase:impute-methods]{impute}'

Missing link(s) in Rd file 'process.Rd':
  '[MSnbase:impute-methods]{impute}'

See section 'Cross-references' in the 'Writing R Extensions' manual.
* checking for missing documentation entries ... OK
* checking for code/documentation mismatches ... OK
* checking Rd \usage sections ... OK
* checking Rd contents ... OK
* checking for unstated dependencies in examples ... OK
* checking contents of 'data' directory ... OK
* checking data for non-ASCII characters ... OK
* checking LazyData ... OK
* checking data for ASCII and uncompressed saves ... OK
* checking R/sysdata.rda ... OK
* checking files in 'vignettes' ... OK
* checking examples ... OK
Examples with CPU (user + system) or elapsed time > 5s
       user system elapsed
impute 70.3   0.16   70.56
* checking for unstated dependencies in 'tests' ... OK
* checking tests ...
  Running 'testthat.R'
 OK
* checking for unstated dependencies in vignettes ... OK
* checking package vignettes ... OK
* checking running R code from vignettes ... SKIPPED
* checking re-building of vignette outputs ... SKIPPED
* checking PDF version of manual ... OK
* DONE

Status: 1 WARNING
See
  'E:/biocbuild/bbs-3.21-bioc/meat/DEP.Rcheck/00check.log'
for details.


Installation output

DEP.Rcheck/00install.out

##############################################################################
##############################################################################
###
### Running command:
###
###   E:\biocbuild\bbs-3.21-bioc\R\bin\R.exe CMD INSTALL DEP
###
##############################################################################
##############################################################################


* installing to library 'E:/biocbuild/bbs-3.21-bioc/R/library'
* installing *source* package 'DEP' ...
** this is package 'DEP' version '1.29.0'
** using staged installation
** R
** data
*** moving datasets to lazyload DB
** inst
** byte-compile and prepare package for lazy loading
** help
*** installing help indices
** building package indices
** installing vignettes
** testing if installed package can be loaded from temporary location
** testing if installed package can be loaded from final location
** testing if installed package keeps a record of temporary installation path
* DONE (DEP)

Tests output

DEP.Rcheck/tests/testthat.Rout


R Under development (unstable) (2025-01-21 r87610 ucrt) -- "Unsuffered Consequences"
Copyright (C) 2025 The R Foundation for Statistical Computing
Platform: x86_64-w64-mingw32/x64

R is free software and comes with ABSOLUTELY NO WARRANTY.
You are welcome to redistribute it under certain conditions.
Type 'license()' or 'licence()' for distribution details.

R is a collaborative project with many contributors.
Type 'contributors()' for more information and
'citation()' on how to cite R or R packages in publications.

Type 'demo()' for some demos, 'help()' for on-line help, or
'help.start()' for an HTML browser interface to help.
Type 'q()' to quit R.

> library(testthat)
> library(DEP)
> 
> test_check("DEP")
pdftex: major issue: User/administrator updates are out-of-sync.
pdfcrop: major issue: User/administrator updates are out-of-sync.
pdftex: major issue: User/administrator updates are out-of-sync.
pdfcrop: major issue: User/administrator updates are out-of-sync.
pdftex: major issue: User/administrator updates are out-of-sync.
pdfcrop: major issue: User/administrator updates are out-of-sync.
pdftex: major issue: User/administrator updates are out-of-sync.
pdfcrop: major issue: User/administrator updates are out-of-sync.
pdftex: major issue: User/administrator updates are out-of-sync.
pdfcrop: major issue: User/administrator updates are out-of-sync.
pdftex: major issue: User/administrator updates are out-of-sync.
pdfcrop: major issue: User/administrator updates are out-of-sync.
pdftex: major issue: User/administrator updates are out-of-sync.
pdfcrop: major issue: User/administrator updates are out-of-sync.
pdftex: major issue: User/administrator updates are out-of-sync.
pdfcrop: major issue: User/administrator updates are out-of-sync.
pdftex: major issue: User/administrator updates are out-of-sync.
pdfcrop: major issue: User/administrator updates are out-of-sync.
pdftex: major issue: User/administrator updates are out-of-sync.
pdfcrop: major issue: User/administrator updates are out-of-sync.
[ FAIL 0 | WARN 14 | SKIP 0 | PASS 333 ]

[ FAIL 0 | WARN 14 | SKIP 0 | PASS 333 ]
> 
> proc.time()
   user  system elapsed 
  54.50    2.54   80.53 

Example timings

DEP.Rcheck/DEP-Ex.timings

nameusersystemelapsed
LFQ2.420.022.46
TMT000
add_rejections1.090.031.13
analyze_dep2.190.062.25
filter_missval0.410.020.42
filter_proteins0.390.000.39
get_df_long0.700.010.72
get_df_wide1.810.001.81
get_prefix000
get_results0.940.020.95
get_suffix000
import_IsobarQuant000
import_MaxQuant0.050.000.05
impute70.30 0.1670.56
make_se0.060.000.07
make_se_parse0.060.010.07
make_unique0.030.000.04
manual_impute0.770.000.76
meanSdPlot0.790.080.89
normalize_vsn0.430.000.42
plot_all1.970.052.02
plot_cond1.340.021.37
plot_cond_freq1.220.001.23
plot_cond_overlap1.260.011.29
plot_cor1.780.441.65
plot_coverage0.660.080.61
plot_detect0.840.000.85
plot_dist4.000.064.06
plot_frequency0.320.030.34
plot_gsea0.730.000.74
plot_heatmap2.830.022.84
plot_imputation1.140.031.17
plot_missval2.070.162.23
plot_normalization1.440.061.50
plot_numbers0.560.010.58
plot_p_hist1.680.051.72
plot_pca1.500.011.51
plot_single1.670.021.70
plot_volcano4.950.014.97
process1.800.081.88
report000
run_app000
se2msn0.170.000.17
test_diff1.160.061.22
test_gsea0.640.030.67
theme_DEP10.340.020.36
theme_DEP20.590.030.62