| Back to Multiple platform build/check report for BioC 3.21: simplified long |
|
This page was generated on 2025-10-16 11:41 -0400 (Thu, 16 Oct 2025).
| Hostname | OS | Arch (*) | R version | Installed pkgs |
|---|---|---|---|---|
| nebbiolo1 | Linux (Ubuntu 24.04.3 LTS) | x86_64 | 4.5.1 (2025-06-13) -- "Great Square Root" | 4833 |
| merida1 | macOS 12.7.6 Monterey | x86_64 | 4.5.1 RC (2025-06-05 r88288) -- "Great Square Root" | 4614 |
| kjohnson1 | macOS 13.7.5 Ventura | arm64 | 4.5.1 Patched (2025-06-14 r88325) -- "Great Square Root" | 4555 |
| kunpeng2 | Linux (openEuler 24.03 LTS) | aarch64 | R Under development (unstable) (2025-02-19 r87757) -- "Unsuffered Consequences" | 4586 |
| Click on any hostname to see more info about the system (e.g. compilers) (*) as reported by 'uname -p', except on Windows and Mac OS X | ||||
| Package 557/2341 | Hostname | OS / Arch | INSTALL | BUILD | CHECK | BUILD BIN | ||||||||
| DEP 1.30.0 (landing page) Arne Smits
| nebbiolo1 | Linux (Ubuntu 24.04.3 LTS) / x86_64 | OK | OK | WARNINGS | |||||||||
| merida1 | macOS 12.7.6 Monterey / x86_64 | OK | OK | WARNINGS | OK | |||||||||
| kjohnson1 | macOS 13.7.5 Ventura / arm64 | OK | OK | WARNINGS | OK | |||||||||
| kunpeng2 | Linux (openEuler 24.03 LTS) / aarch64 | OK | OK | WARNINGS | ||||||||||
|
To the developers/maintainers of the DEP package: - Allow up to 24 hours (and sometimes 48 hours) for your latest push to git@git.bioconductor.org:packages/DEP.git to reflect on this report. See Troubleshooting Build Report for more information. - Use the following Renviron settings to reproduce errors and warnings. - If 'R CMD check' started to fail recently on the Linux builder(s) over a missing dependency, add the missing dependency to 'Suggests:' in your DESCRIPTION file. See Renviron.bioc for more information. - See Martin Grigorov's blog post for how to debug Linux ARM64 related issues on a x86_64 host. |
| Package: DEP |
| Version: 1.30.0 |
| Command: /home/biocbuild/R/R/bin/R CMD check --install=check:DEP.install-out.txt --library=/home/biocbuild/R/R/site-library --no-vignettes --timings DEP_1.30.0.tar.gz |
| StartedAt: 2025-10-14 08:23:56 -0000 (Tue, 14 Oct 2025) |
| EndedAt: 2025-10-14 08:33:37 -0000 (Tue, 14 Oct 2025) |
| EllapsedTime: 581.4 seconds |
| RetCode: 0 |
| Status: WARNINGS |
| CheckDir: DEP.Rcheck |
| Warnings: 1 |
##############################################################################
##############################################################################
###
### Running command:
###
### /home/biocbuild/R/R/bin/R CMD check --install=check:DEP.install-out.txt --library=/home/biocbuild/R/R/site-library --no-vignettes --timings DEP_1.30.0.tar.gz
###
##############################################################################
##############################################################################
* using log directory ‘/home/biocbuild/bbs-3.21-bioc/meat/DEP.Rcheck’
* using R Under development (unstable) (2025-02-19 r87757)
* using platform: aarch64-unknown-linux-gnu
* R was compiled by
aarch64-unknown-linux-gnu-gcc (GCC) 14.2.0
GNU Fortran (GCC) 14.2.0
* running under: openEuler 24.03 (LTS-SP1)
* using session charset: UTF-8
* using option ‘--no-vignettes’
* checking for file ‘DEP/DESCRIPTION’ ... OK
* this is package ‘DEP’ version ‘1.30.0’
* package encoding: UTF-8
* checking package namespace information ... OK
* checking package dependencies ... INFO
Imports includes 23 non-default packages.
Importing from so many packages makes the package vulnerable to any of
them becoming unavailable. Move as many as possible to Suggests and
use conditionally.
* checking if this is a source package ... OK
* checking if there is a namespace ... OK
* checking for hidden files and directories ... OK
* checking for portable file names ... OK
* checking for sufficient/correct file permissions ... OK
* checking whether package ‘DEP’ can be installed ... OK
* checking installed package size ... OK
* checking package directory ... OK
* checking ‘build’ directory ... OK
* checking DESCRIPTION meta-information ... OK
* checking top-level files ... OK
* checking for left-over files ... OK
* checking index information ... OK
* checking package subdirectories ... OK
* checking code files for non-ASCII characters ... OK
* checking R files for syntax errors ... OK
* checking whether the package can be loaded ... OK
* checking whether the package can be loaded with stated dependencies ... OK
* checking whether the package can be unloaded cleanly ... OK
* checking whether the namespace can be loaded with stated dependencies ... OK
* checking whether the namespace can be unloaded cleanly ... OK
* checking loading without being on the library search path ... OK
* checking whether startup messages can be suppressed ... OK
* checking dependencies in R code ... OK
* checking S3 generic/method consistency ... OK
* checking replacement functions ... OK
* checking foreign function calls ... OK
* checking R code for possible problems ... OK
* checking Rd files ... OK
* checking Rd metadata ... OK
* checking Rd cross-references ... WARNING
Missing link(s) in Rd file 'LFQ.Rd':
‘[MSnbase:impute-methods]{impute}’
Missing link(s) in Rd file 'TMT.Rd':
‘[MSnbase:impute-methods]{impute}’
Missing link(s) in Rd file 'impute.Rd':
‘[MSnbase:impute-methods]{impute}’
Missing link(s) in Rd file 'process.Rd':
‘[MSnbase:impute-methods]{impute}’
See section 'Cross-references' in the 'Writing R Extensions' manual.
* checking for missing documentation entries ... OK
* checking for code/documentation mismatches ... OK
* checking Rd \usage sections ... OK
* checking Rd contents ... OK
* checking for unstated dependencies in examples ... OK
* checking contents of ‘data’ directory ... OK
* checking data for non-ASCII characters ... OK
* checking LazyData ... OK
* checking data for ASCII and uncompressed saves ... OK
* checking R/sysdata.rda ... OK
* checking files in ‘vignettes’ ... OK
* checking examples ... OK
Examples with CPU (user + system) or elapsed time > 5s
user system elapsed
impute 36.281 0.328 36.681
plot_volcano 5.977 0.012 6.005
plot_dist 5.144 0.012 5.168
* checking for unstated dependencies in ‘tests’ ... OK
* checking tests ...
Running ‘testthat.R’
OK
* checking for unstated dependencies in vignettes ... OK
* checking package vignettes ... OK
* checking running R code from vignettes ... SKIPPED
* checking re-building of vignette outputs ... SKIPPED
* checking PDF version of manual ... OK
* DONE
Status: 1 WARNING
See
‘/home/biocbuild/bbs-3.21-bioc/meat/DEP.Rcheck/00check.log’
for details.
DEP.Rcheck/00install.out
############################################################################## ############################################################################## ### ### Running command: ### ### /home/biocbuild/R/R/bin/R CMD INSTALL DEP ### ############################################################################## ############################################################################## * installing to library ‘/home/biocbuild/R/R-devel_2025-02-19/site-library’ * installing *source* package ‘DEP’ ... ** this is package ‘DEP’ version ‘1.30.0’ ** using staged installation ** R ** data *** moving datasets to lazyload DB ** inst ** byte-compile and prepare package for lazy loading ** help *** installing help indices ** building package indices ** installing vignettes ** testing if installed package can be loaded from temporary location ** testing if installed package can be loaded from final location ** testing if installed package keeps a record of temporary installation path * DONE (DEP)
DEP.Rcheck/tests/testthat.Rout
R Under development (unstable) (2025-02-19 r87757) -- "Unsuffered Consequences"
Copyright (C) 2025 The R Foundation for Statistical Computing
Platform: aarch64-unknown-linux-gnu
R is free software and comes with ABSOLUTELY NO WARRANTY.
You are welcome to redistribute it under certain conditions.
Type 'license()' or 'licence()' for distribution details.
R is a collaborative project with many contributors.
Type 'contributors()' for more information and
'citation()' on how to cite R or R packages in publications.
Type 'demo()' for some demos, 'help()' for on-line help, or
'help.start()' for an HTML browser interface to help.
Type 'q()' to quit R.
> library(testthat)
> library(DEP)
>
> test_check("DEP")
[ FAIL 0 | WARN 16 | SKIP 0 | PASS 333 ]
[ FAIL 0 | WARN 16 | SKIP 0 | PASS 333 ]
>
> proc.time()
user system elapsed
80.690 3.912 84.863
DEP.Rcheck/DEP-Ex.timings
| name | user | system | elapsed | |
| LFQ | 1.883 | 0.016 | 1.905 | |
| TMT | 0 | 0 | 0 | |
| add_rejections | 2.101 | 0.024 | 2.130 | |
| analyze_dep | 3.257 | 0.103 | 3.368 | |
| filter_missval | 0.680 | 0.016 | 0.697 | |
| filter_proteins | 0.426 | 0.020 | 0.447 | |
| get_df_long | 1.103 | 0.016 | 1.122 | |
| get_df_wide | 1.059 | 0.004 | 1.065 | |
| get_prefix | 0.003 | 0.000 | 0.003 | |
| get_results | 1.413 | 0.016 | 1.431 | |
| get_suffix | 0.002 | 0.000 | 0.001 | |
| import_IsobarQuant | 0 | 0 | 0 | |
| import_MaxQuant | 0.069 | 0.000 | 0.069 | |
| impute | 36.281 | 0.328 | 36.681 | |
| make_se | 0.053 | 0.003 | 0.057 | |
| make_se_parse | 0.084 | 0.000 | 0.084 | |
| make_unique | 0.025 | 0.000 | 0.025 | |
| manual_impute | 0.930 | 0.043 | 0.976 | |
| meanSdPlot | 0.963 | 0.024 | 0.990 | |
| normalize_vsn | 0.467 | 0.004 | 0.472 | |
| plot_all | 2.827 | 0.016 | 2.851 | |
| plot_cond | 1.644 | 0.000 | 1.649 | |
| plot_cond_freq | 1.360 | 0.016 | 1.380 | |
| plot_cond_overlap | 1.376 | 0.004 | 1.384 | |
| plot_cor | 1.690 | 0.004 | 1.699 | |
| plot_coverage | 0.867 | 0.000 | 0.868 | |
| plot_detect | 1.385 | 0.000 | 1.389 | |
| plot_dist | 5.144 | 0.012 | 5.168 | |
| plot_frequency | 0.748 | 0.000 | 0.750 | |
| plot_gsea | 0.973 | 0.000 | 0.976 | |
| plot_heatmap | 3.681 | 0.060 | 3.751 | |
| plot_imputation | 1.680 | 0.008 | 1.692 | |
| plot_missval | 2.295 | 0.080 | 2.380 | |
| plot_normalization | 2.444 | 0.032 | 2.481 | |
| plot_numbers | 0.877 | 0.000 | 0.879 | |
| plot_p_hist | 2.108 | 0.004 | 2.118 | |
| plot_pca | 2.128 | 0.056 | 2.190 | |
| plot_single | 3.021 | 0.020 | 3.049 | |
| plot_volcano | 5.977 | 0.012 | 6.005 | |
| process | 2.273 | 0.019 | 2.298 | |
| report | 0 | 0 | 0 | |
| run_app | 0 | 0 | 0 | |
| se2msn | 0.186 | 0.000 | 0.187 | |
| test_diff | 1.202 | 0.007 | 1.213 | |
| test_gsea | 0.979 | 0.012 | 0.993 | |
| theme_DEP1 | 0.722 | 0.004 | 0.728 | |
| theme_DEP2 | 0.841 | 0.000 | 0.843 | |