Back to Multiple platform build/check report for BioC 3.21: simplified long |
|
This page was generated on 2025-10-16 11:41 -0400 (Thu, 16 Oct 2025).
Hostname | OS | Arch (*) | R version | Installed pkgs |
---|---|---|---|---|
nebbiolo1 | Linux (Ubuntu 24.04.3 LTS) | x86_64 | 4.5.1 (2025-06-13) -- "Great Square Root" | 4833 |
merida1 | macOS 12.7.6 Monterey | x86_64 | 4.5.1 RC (2025-06-05 r88288) -- "Great Square Root" | 4614 |
kjohnson1 | macOS 13.7.5 Ventura | arm64 | 4.5.1 Patched (2025-06-14 r88325) -- "Great Square Root" | 4555 |
kunpeng2 | Linux (openEuler 24.03 LTS) | aarch64 | R Under development (unstable) (2025-02-19 r87757) -- "Unsuffered Consequences" | 4586 |
Click on any hostname to see more info about the system (e.g. compilers) (*) as reported by 'uname -p', except on Windows and Mac OS X |
Package 1787/2341 | Hostname | OS / Arch | INSTALL | BUILD | CHECK | BUILD BIN | ||||||||
rifi 1.12.0 (landing page) Jens Georg
| nebbiolo1 | Linux (Ubuntu 24.04.3 LTS) / x86_64 | OK | OK | WARNINGS | ![]() | ||||||||
merida1 | macOS 12.7.6 Monterey / x86_64 | OK | OK | WARNINGS | OK | ![]() | ||||||||
kjohnson1 | macOS 13.7.5 Ventura / arm64 | OK | OK | WARNINGS | OK | ![]() | ||||||||
kunpeng2 | Linux (openEuler 24.03 LTS) / aarch64 | OK | OK | TIMEOUT | ||||||||||
To the developers/maintainers of the rifi package: - Allow up to 24 hours (and sometimes 48 hours) for your latest push to git@git.bioconductor.org:packages/rifi.git to reflect on this report. See Troubleshooting Build Report for more information. - Use the following Renviron settings to reproduce errors and warnings. - If 'R CMD check' started to fail recently on the Linux builder(s) over a missing dependency, add the missing dependency to 'Suggests:' in your DESCRIPTION file. See Renviron.bioc for more information. - See Martin Grigorov's blog post for how to debug Linux ARM64 related issues on a x86_64 host. |
Package: rifi |
Version: 1.12.0 |
Command: /home/biocbuild/R/R/bin/R CMD check --install=check:rifi.install-out.txt --library=/home/biocbuild/R/R/site-library --no-vignettes --timings rifi_1.12.0.tar.gz |
StartedAt: 2025-10-14 13:19:31 -0000 (Tue, 14 Oct 2025) |
EndedAt: 2025-10-14 13:59:31 -0000 (Tue, 14 Oct 2025) |
EllapsedTime: 2400.3 seconds |
RetCode: None |
Status: TIMEOUT |
CheckDir: rifi.Rcheck |
Warnings: NA |
############################################################################## ############################################################################## ### ### Running command: ### ### /home/biocbuild/R/R/bin/R CMD check --install=check:rifi.install-out.txt --library=/home/biocbuild/R/R/site-library --no-vignettes --timings rifi_1.12.0.tar.gz ### ############################################################################## ############################################################################## * using log directory ‘/home/biocbuild/bbs-3.21-bioc/meat/rifi.Rcheck’ * using R Under development (unstable) (2025-02-19 r87757) * using platform: aarch64-unknown-linux-gnu * R was compiled by aarch64-unknown-linux-gnu-gcc (GCC) 14.2.0 GNU Fortran (GCC) 14.2.0 * running under: openEuler 24.03 (LTS-SP1) * using session charset: UTF-8 * using option ‘--no-vignettes’ * checking for file ‘rifi/DESCRIPTION’ ... OK * this is package ‘rifi’ version ‘1.12.0’ * package encoding: UTF-8 * checking package namespace information ... OK * checking package dependencies ... OK * checking if this is a source package ... OK * checking if there is a namespace ... OK * checking for hidden files and directories ... NOTE Found the following hidden files and directories: .BBSoptions R/.ipynb_checkpoints vignettes/.ipynb_checkpoints These were most likely included in error. See section ‘Package structure’ in the ‘Writing R Extensions’ manual. * checking for portable file names ... OK * checking for sufficient/correct file permissions ... OK * checking whether package ‘rifi’ can be installed ... WARNING Found the following significant warnings: Note: next used in wrong context: no loop is visible Warning: /home/biocbuild/bbs-3.21-bioc/meat/rifi/man/apply_Ttest_delay.Rd:55: unexpected '}' Warning: /home/biocbuild/bbs-3.21-bioc/meat/rifi/man/predict_ps_itss.Rd:57: unexpected '}' See ‘/home/biocbuild/bbs-3.21-bioc/meat/rifi.Rcheck/00install.out’ for details. Information on the location(s) of code generating the ‘Note’s can be obtained by re-running with environment variable R_KEEP_PKG_SOURCE set to ‘yes’. * checking installed package size ... OK * checking package directory ... OK * checking ‘build’ directory ... OK * checking DESCRIPTION meta-information ... OK * checking top-level files ... OK * checking for left-over files ... OK * checking index information ... OK * checking package subdirectories ... OK * checking code files for non-ASCII characters ... OK * checking R files for syntax errors ... OK * checking whether the package can be loaded ... OK * checking whether the package can be loaded with stated dependencies ... OK * checking whether the package can be unloaded cleanly ... OK * checking whether the namespace can be loaded with stated dependencies ... OK * checking whether the namespace can be unloaded cleanly ... OK * checking loading without being on the library search path ... OK * checking dependencies in R code ... OK * checking S3 generic/method consistency ... OK * checking replacement functions ... OK * checking foreign function calls ... OK * checking R code for possible problems ... OK * checking Rd files ... WARNING prepare_Rd: ./man/apply_Ttest_delay.Rd:55: unexpected '}' prepare_Rd: ./man/predict_ps_itss.Rd:57: unexpected '}' * checking Rd metadata ... OK * checking Rd cross-references ...Warning: /home/biocbuild/bbs-3.21-bioc/meat/rifi.Rcheck/00_pkg_src/rifi/man/apply_Ttest_delay.Rd:55: unexpected '}' Warning: /home/biocbuild/bbs-3.21-bioc/meat/rifi.Rcheck/00_pkg_src/rifi/man/predict_ps_itss.Rd:57: unexpected '}' OK * checking for missing documentation entries ... OK * checking for code/documentation mismatches ... OK * checking Rd \usage sections ... OK * checking Rd contents ... OK * checking for unstated dependencies in examples ... OK * checking contents of ‘data’ directory ... OK * checking data for non-ASCII characters ... OK * checking data for ASCII and uncompressed saves ... OK * checking files in ‘vignettes’ ... OK * checking examples ...
rifi.Rcheck/00install.out
############################################################################## ############################################################################## ### ### Running command: ### ### /home/biocbuild/R/R/bin/R CMD INSTALL rifi ### ############################################################################## ############################################################################## * installing to library ‘/home/biocbuild/R/R-devel_2025-02-19/site-library’ * installing *source* package ‘rifi’ ... ** this is package ‘rifi’ version ‘1.12.0’ ** using staged installation ** R ** data ** inst ** byte-compile and prepare package for lazy loading Note: next used in wrong context: no loop is visible ** help Warning: /home/biocbuild/bbs-3.21-bioc/meat/rifi/man/apply_Ttest_delay.Rd:55: unexpected '}' Warning: /home/biocbuild/bbs-3.21-bioc/meat/rifi/man/predict_ps_itss.Rd:57: unexpected '}' *** installing help indices ** building package indices ** installing vignettes ** testing if installed package can be loaded from temporary location ** testing if installed package can be loaded from final location ** testing if installed package keeps a record of temporary installation path * DONE (rifi)
rifi.Rcheck/rifi-Ex.timings
name | user | system | elapsed | |
TI_fit | 15.701 | 1.001 | 10.532 | |
TUgether | 0.662 | 0.227 | 0.814 | |
apply_Ttest_delay | 0.154 | 0.012 | 0.166 | |
apply_ancova | 0.449 | 0.032 | 0.482 | |
apply_event_position | 0.133 | 0.020 | 0.154 | |
apply_manova | 0.895 | 0.080 | 0.978 | |
apply_t_test | 0.963 | 0.019 | 0.985 | |
apply_t_test_ti | 0.251 | 0.001 | 0.252 | |
check_input | 0.482 | 0.004 | 0.487 | |
dataframe_summary | 0.129 | 0.024 | 0.154 | |
dataframe_summary_TI | 0.059 | 0.004 | 0.063 | |
dataframe_summary_events | 1.128 | 0.043 | 1.179 | |
dataframe_summary_events_HL_int | 0.899 | 0.008 | 0.910 | |
dataframe_summary_events_ps_itss | 0.386 | 0.008 | 0.394 | |
dataframe_summary_events_velocity | 0.379 | 0.016 | 0.396 | |
event_dataframe | 1.109 | 0.020 | 1.131 | |
finding_PDD | 0.325 | 0.150 | 0.398 | |
finding_TI | 0.488 | 0.220 | 0.630 | |
fold_change | 4.472 | 0.223 | 4.709 | |
fragment_HL | 0.806 | 0.216 | 0.922 | |
fragment_TI | 0.603 | 0.068 | 0.672 | |
fragment_delay | 1.312 | 0.383 | 1.576 | |
fragment_inty | 0.898 | 0.255 | 1.072 | |
gff3_preprocess | 0.615 | 0.080 | 0.699 | |
make_df | 0.862 | 0.367 | 0.818 | |
make_pen | 12.683 | 8.624 | 18.180 | |
nls2_fit | 56.394 | 3.022 | 35.610 | |
predict_ps_itss | 0.340 | 0.063 | 0.406 | |
rifi_fit | 37.281 | 1.136 | 38.613 | |
rifi_fragmentation | 4.174 | 1.375 | 5.311 | |
rifi_penalties | 66.957 | 52.019 | 99.998 | |
rifi_preprocess | 2.318 | 0.781 | 2.636 | |
rifi_stats | 4.224 | 0.284 | 4.537 | |
rifi_summary | 2.840 | 0.085 | 2.934 | |
rifi_visualization | 66.465 | 0.885 | 71.876 | |