| Back to Multiple platform build/check report for BioC 3.21: simplified long |
|
This page was generated on 2025-10-16 11:40 -0400 (Thu, 16 Oct 2025).
| Hostname | OS | Arch (*) | R version | Installed pkgs |
|---|---|---|---|---|
| nebbiolo1 | Linux (Ubuntu 24.04.3 LTS) | x86_64 | 4.5.1 (2025-06-13) -- "Great Square Root" | 4833 |
| merida1 | macOS 12.7.6 Monterey | x86_64 | 4.5.1 RC (2025-06-05 r88288) -- "Great Square Root" | 4614 |
| kjohnson1 | macOS 13.7.5 Ventura | arm64 | 4.5.1 Patched (2025-06-14 r88325) -- "Great Square Root" | 4555 |
| kunpeng2 | Linux (openEuler 24.03 LTS) | aarch64 | R Under development (unstable) (2025-02-19 r87757) -- "Unsuffered Consequences" | 4586 |
| Click on any hostname to see more info about the system (e.g. compilers) (*) as reported by 'uname -p', except on Windows and Mac OS X | ||||
| Package 1787/2341 | Hostname | OS / Arch | INSTALL | BUILD | CHECK | BUILD BIN | ||||||||
| rifi 1.12.0 (landing page) Jens Georg
| nebbiolo1 | Linux (Ubuntu 24.04.3 LTS) / x86_64 | OK | OK | WARNINGS | |||||||||
| merida1 | macOS 12.7.6 Monterey / x86_64 | OK | OK | WARNINGS | OK | |||||||||
| kjohnson1 | macOS 13.7.5 Ventura / arm64 | OK | OK | WARNINGS | OK | |||||||||
| kunpeng2 | Linux (openEuler 24.03 LTS) / aarch64 | OK | OK | TIMEOUT | ||||||||||
|
To the developers/maintainers of the rifi package: - Allow up to 24 hours (and sometimes 48 hours) for your latest push to git@git.bioconductor.org:packages/rifi.git to reflect on this report. See Troubleshooting Build Report for more information. - Use the following Renviron settings to reproduce errors and warnings. - If 'R CMD check' started to fail recently on the Linux builder(s) over a missing dependency, add the missing dependency to 'Suggests:' in your DESCRIPTION file. See Renviron.bioc for more information. |
| Package: rifi |
| Version: 1.12.0 |
| Command: /Library/Frameworks/R.framework/Resources/bin/R CMD check --install=check:rifi.install-out.txt --library=/Library/Frameworks/R.framework/Resources/library --no-vignettes --timings rifi_1.12.0.tar.gz |
| StartedAt: 2025-10-15 09:54:26 -0400 (Wed, 15 Oct 2025) |
| EndedAt: 2025-10-15 10:05:08 -0400 (Wed, 15 Oct 2025) |
| EllapsedTime: 642.6 seconds |
| RetCode: 0 |
| Status: WARNINGS |
| CheckDir: rifi.Rcheck |
| Warnings: 2 |
##############################################################################
##############################################################################
###
### Running command:
###
### /Library/Frameworks/R.framework/Resources/bin/R CMD check --install=check:rifi.install-out.txt --library=/Library/Frameworks/R.framework/Resources/library --no-vignettes --timings rifi_1.12.0.tar.gz
###
##############################################################################
##############################################################################
* using log directory ‘/Users/biocbuild/bbs-3.21-bioc/meat/rifi.Rcheck’
* using R version 4.5.1 Patched (2025-06-14 r88325)
* using platform: aarch64-apple-darwin20
* R was compiled by
Apple clang version 16.0.0 (clang-1600.0.26.6)
GNU Fortran (GCC) 14.2.0
* running under: macOS Ventura 13.7.5
* using session charset: UTF-8
* using option ‘--no-vignettes’
* checking for file ‘rifi/DESCRIPTION’ ... OK
* this is package ‘rifi’ version ‘1.12.0’
* package encoding: UTF-8
* checking package namespace information ... OK
* checking package dependencies ... OK
* checking if this is a source package ... OK
* checking if there is a namespace ... OK
* checking for hidden files and directories ... NOTE
Found the following hidden files and directories:
.BBSoptions
R/.ipynb_checkpoints
vignettes/.ipynb_checkpoints
These were most likely included in error. See section ‘Package
structure’ in the ‘Writing R Extensions’ manual.
* checking for portable file names ... OK
* checking for sufficient/correct file permissions ... OK
* checking whether package ‘rifi’ can be installed ... WARNING
Found the following significant warnings:
Note: next used in wrong context: no loop is visible
Warning: /Users/biocbuild/bbs-3.21-bioc/meat/rifi/man/apply_Ttest_delay.Rd:55: unexpected '}'
Warning: /Users/biocbuild/bbs-3.21-bioc/meat/rifi/man/predict_ps_itss.Rd:57: unexpected '}'
See ‘/Users/biocbuild/bbs-3.21-bioc/meat/rifi.Rcheck/00install.out’ for details.
Information on the location(s) of code generating the ‘Note’s can be
obtained by re-running with environment variable R_KEEP_PKG_SOURCE set
to ‘yes’.
* checking installed package size ... OK
* checking package directory ... OK
* checking ‘build’ directory ... OK
* checking DESCRIPTION meta-information ...Warning: /Users/biocbuild/bbs-3.21-bioc/meat/rifi.Rcheck/00_pkg_src/rifi/man/apply_Ttest_delay.Rd:55: unexpected '}'
Warning: /Users/biocbuild/bbs-3.21-bioc/meat/rifi.Rcheck/00_pkg_src/rifi/man/predict_ps_itss.Rd:57: unexpected '}'
OK
* checking top-level files ... OK
* checking for left-over files ... OK
* checking index information ... OK
* checking package subdirectories ... OK
* checking code files for non-ASCII characters ... OK
* checking R files for syntax errors ... OK
* checking whether the package can be loaded ... OK
* checking whether the package can be loaded with stated dependencies ... OK
* checking whether the package can be unloaded cleanly ... OK
* checking whether the namespace can be loaded with stated dependencies ... OK
* checking whether the namespace can be unloaded cleanly ... OK
* checking dependencies in R code ... OK
* checking S3 generic/method consistency ... OK
* checking replacement functions ... OK
* checking foreign function calls ... OK
* checking R code for possible problems ... OK
* checking Rd files ... WARNING
prepare_Rd: ./man/apply_Ttest_delay.Rd:55: unexpected '}'
prepare_Rd: ./man/predict_ps_itss.Rd:57: unexpected '}'
* checking Rd metadata ... OK
* checking Rd cross-references ...Warning: /Users/biocbuild/bbs-3.21-bioc/meat/rifi.Rcheck/00_pkg_src/rifi/man/apply_Ttest_delay.Rd:55: unexpected '}'
Warning: /Users/biocbuild/bbs-3.21-bioc/meat/rifi.Rcheck/00_pkg_src/rifi/man/predict_ps_itss.Rd:57: unexpected '}'
OK
* checking for missing documentation entries ... OK
* checking for code/documentation mismatches ... OK
* checking Rd \usage sections ... OK
* checking Rd contents ... OK
* checking for unstated dependencies in examples ... OK
* checking contents of ‘data’ directory ... OK
* checking data for non-ASCII characters ... OK
* checking data for ASCII and uncompressed saves ... OK
* checking files in ‘vignettes’ ... OK
* checking examples ... OK
Examples with CPU (user + system) or elapsed time > 5s
user system elapsed
rifi_wrapper 113.632 42.290 141.002
rifi_penalties 49.503 31.951 79.101
nls2_fit 36.313 2.493 24.463
rifi_visualization 32.663 2.971 35.779
rifi_fit 23.252 0.606 24.042
TI_fit 12.231 2.045 8.483
make_pen 8.492 5.100 13.030
* checking for unstated dependencies in vignettes ... OK
* checking package vignettes ... OK
* checking running R code from vignettes ... SKIPPED
* checking re-building of vignette outputs ... SKIPPED
* checking PDF version of manual ... OK
* DONE
Status: 2 WARNINGs, 1 NOTE
See
‘/Users/biocbuild/bbs-3.21-bioc/meat/rifi.Rcheck/00check.log’
for details.
rifi.Rcheck/00install.out
############################################################################## ############################################################################## ### ### Running command: ### ### /Library/Frameworks/R.framework/Resources/bin/R CMD INSTALL rifi ### ############################################################################## ############################################################################## * installing to library ‘/Library/Frameworks/R.framework/Versions/4.5-arm64/Resources/library’ * installing *source* package ‘rifi’ ... ** this is package ‘rifi’ version ‘1.12.0’ ** using staged installation ** R ** data ** inst ** byte-compile and prepare package for lazy loading Note: next used in wrong context: no loop is visible ** help Warning: /Users/biocbuild/bbs-3.21-bioc/meat/rifi/man/apply_Ttest_delay.Rd:55: unexpected '}' Warning: /Users/biocbuild/bbs-3.21-bioc/meat/rifi/man/predict_ps_itss.Rd:57: unexpected '}' *** installing help indices ** building package indices ** installing vignettes ** testing if installed package can be loaded from temporary location ** testing if installed package can be loaded from final location ** testing if installed package keeps a record of temporary installation path * DONE (rifi)
rifi.Rcheck/rifi-Ex.timings
| name | user | system | elapsed | |
| TI_fit | 12.231 | 2.045 | 8.483 | |
| TUgether | 1.328 | 0.357 | 1.671 | |
| apply_Ttest_delay | 0.104 | 0.026 | 0.130 | |
| apply_ancova | 0.290 | 0.054 | 0.346 | |
| apply_event_position | 0.094 | 0.012 | 0.106 | |
| apply_manova | 0.557 | 0.066 | 0.625 | |
| apply_t_test | 0.637 | 0.032 | 0.669 | |
| apply_t_test_ti | 0.164 | 0.005 | 0.169 | |
| check_input | 0.320 | 0.013 | 0.332 | |
| dataframe_summary | 0.086 | 0.013 | 0.099 | |
| dataframe_summary_TI | 0.060 | 0.007 | 0.067 | |
| dataframe_summary_events | 0.754 | 0.039 | 0.802 | |
| dataframe_summary_events_HL_int | 0.600 | 0.024 | 0.625 | |
| dataframe_summary_events_ps_itss | 0.290 | 0.018 | 0.308 | |
| dataframe_summary_events_velocity | 0.306 | 0.018 | 0.324 | |
| event_dataframe | 0.709 | 0.023 | 0.732 | |
| finding_PDD | 0.206 | 0.099 | 0.312 | |
| finding_TI | 0.319 | 0.123 | 0.424 | |
| fold_change | 2.584 | 0.167 | 2.753 | |
| fragment_HL | 0.523 | 0.142 | 0.641 | |
| fragment_TI | 0.399 | 0.059 | 0.458 | |
| fragment_delay | 0.883 | 0.405 | 1.246 | |
| fragment_inty | 0.593 | 0.145 | 0.716 | |
| gff3_preprocess | 0.719 | 0.093 | 0.812 | |
| make_df | 0.685 | 0.399 | 0.737 | |
| make_pen | 8.492 | 5.100 | 13.030 | |
| nls2_fit | 36.313 | 2.493 | 24.463 | |
| predict_ps_itss | 0.248 | 0.041 | 0.288 | |
| rifi_fit | 23.252 | 0.606 | 24.042 | |
| rifi_fragmentation | 3.036 | 0.978 | 3.958 | |
| rifi_penalties | 49.503 | 31.951 | 79.101 | |
| rifi_preprocess | 1.668 | 0.709 | 1.983 | |
| rifi_stats | 3.049 | 0.225 | 3.283 | |
| rifi_summary | 1.914 | 0.047 | 1.967 | |
| rifi_visualization | 32.663 | 2.971 | 35.779 | |
| rifi_wrapper | 113.632 | 42.290 | 141.002 | |
| segment_pos | 0.185 | 0.003 | 0.189 | |
| viz_pen_obj | 0.013 | 0.009 | 0.023 | |