| Back to Multiple platform build/check report for BioC 3.22: simplified long |
|
This page was generated on 2025-11-24 12:05 -0500 (Mon, 24 Nov 2025).
| Hostname | OS | Arch (*) | R version | Installed pkgs |
|---|---|---|---|---|
| nebbiolo2 | Linux (Ubuntu 24.04.3 LTS) | x86_64 | 4.5.2 (2025-10-31) -- "[Not] Part in a Rumble" | 4873 |
| merida1 | macOS 12.7.6 Monterey | x86_64 | 4.5.2 Patched (2025-11-05 r88990) -- "[Not] Part in a Rumble" | 4654 |
| kjohnson1 | macOS 13.7.5 Ventura | arm64 | 4.5.2 Patched (2025-11-04 r88984) -- "[Not] Part in a Rumble" | 4600 |
| taishan | Linux (openEuler 24.03 LTS) | aarch64 | 4.5.0 (2025-04-11) -- "How About a Twenty-Six" | 4668 |
| Click on any hostname to see more info about the system (e.g. compilers) (*) as reported by 'uname -p', except on Windows and Mac OS X | ||||
| Package 1801/2361 | Hostname | OS / Arch | INSTALL | BUILD | CHECK | BUILD BIN | ||||||||
| rifi 1.14.0 (landing page) Jens Georg
| nebbiolo2 | Linux (Ubuntu 24.04.3 LTS) / x86_64 | OK | OK | WARNINGS | |||||||||
| merida1 | macOS 12.7.6 Monterey / x86_64 | OK | OK | WARNINGS | OK | |||||||||
| kjohnson1 | macOS 13.7.5 Ventura / arm64 | OK | OK | WARNINGS | OK | |||||||||
| taishan | Linux (openEuler 24.03 LTS) / aarch64 | OK | OK | TIMEOUT | ||||||||||
|
To the developers/maintainers of the rifi package: - Allow up to 24 hours (and sometimes 48 hours) for your latest push to git@git.bioconductor.org:packages/rifi.git to reflect on this report. See Troubleshooting Build Report for more information. - Use the following Renviron settings to reproduce errors and warnings. - If 'R CMD check' started to fail recently on the Linux builder(s) over a missing dependency, add the missing dependency to 'Suggests:' in your DESCRIPTION file. See Renviron.bioc for more information. |
| Package: rifi |
| Version: 1.14.0 |
| Command: /Library/Frameworks/R.framework/Resources/bin/R CMD check --install=check:rifi.install-out.txt --library=/Library/Frameworks/R.framework/Resources/library --no-vignettes --timings rifi_1.14.0.tar.gz |
| StartedAt: 2025-11-21 10:32:11 -0500 (Fri, 21 Nov 2025) |
| EndedAt: 2025-11-21 10:54:22 -0500 (Fri, 21 Nov 2025) |
| EllapsedTime: 1330.9 seconds |
| RetCode: 0 |
| Status: WARNINGS |
| CheckDir: rifi.Rcheck |
| Warnings: 2 |
##############################################################################
##############################################################################
###
### Running command:
###
### /Library/Frameworks/R.framework/Resources/bin/R CMD check --install=check:rifi.install-out.txt --library=/Library/Frameworks/R.framework/Resources/library --no-vignettes --timings rifi_1.14.0.tar.gz
###
##############################################################################
##############################################################################
* using log directory ‘/Users/biocbuild/bbs-3.22-bioc/meat/rifi.Rcheck’
* using R version 4.5.2 Patched (2025-11-05 r88990)
* using platform: x86_64-apple-darwin20
* R was compiled by
Apple clang version 14.0.0 (clang-1400.0.29.202)
GNU Fortran (GCC) 14.2.0
* running under: macOS Monterey 12.7.6
* using session charset: UTF-8
* using option ‘--no-vignettes’
* checking for file ‘rifi/DESCRIPTION’ ... OK
* this is package ‘rifi’ version ‘1.14.0’
* package encoding: UTF-8
* checking package namespace information ... OK
* checking package dependencies ... OK
* checking if this is a source package ... OK
* checking if there is a namespace ... OK
* checking for hidden files and directories ... NOTE
Found the following hidden files and directories:
.BBSoptions
R/.ipynb_checkpoints
vignettes/.ipynb_checkpoints
These were most likely included in error. See section ‘Package
structure’ in the ‘Writing R Extensions’ manual.
* checking for portable file names ... OK
* checking for sufficient/correct file permissions ... OK
* checking whether package ‘rifi’ can be installed ... WARNING
Found the following significant warnings:
Note: next used in wrong context: no loop is visible
Warning: /Users/biocbuild/bbs-3.22-bioc/meat/rifi/man/apply_Ttest_delay.Rd:55: unexpected '}'
Warning: /Users/biocbuild/bbs-3.22-bioc/meat/rifi/man/predict_ps_itss.Rd:57: unexpected '}'
See ‘/Users/biocbuild/bbs-3.22-bioc/meat/rifi.Rcheck/00install.out’ for details.
Information on the location(s) of code generating the ‘Note’s can be
obtained by re-running with environment variable R_KEEP_PKG_SOURCE set
to ‘yes’.
* checking installed package size ... OK
* checking package directory ... OK
* checking ‘build’ directory ... OK
* checking DESCRIPTION meta-information ...Warning: /Users/biocbuild/bbs-3.22-bioc/meat/rifi.Rcheck/00_pkg_src/rifi/man/apply_Ttest_delay.Rd:55: unexpected '}'
Warning: /Users/biocbuild/bbs-3.22-bioc/meat/rifi.Rcheck/00_pkg_src/rifi/man/predict_ps_itss.Rd:57: unexpected '}'
OK
* checking top-level files ... OK
* checking for left-over files ... OK
* checking index information ... OK
* checking package subdirectories ... OK
* checking code files for non-ASCII characters ... OK
* checking R files for syntax errors ... OK
* checking whether the package can be loaded ... OK
* checking whether the package can be loaded with stated dependencies ... OK
* checking whether the package can be unloaded cleanly ... OK
* checking whether the namespace can be loaded with stated dependencies ... OK
* checking whether the namespace can be unloaded cleanly ... OK
* checking dependencies in R code ... OK
* checking S3 generic/method consistency ... OK
* checking replacement functions ... OK
* checking foreign function calls ... OK
* checking R code for possible problems ... OK
* checking Rd files ... WARNING
prepare_Rd: ./man/apply_Ttest_delay.Rd:55: unexpected '}'
prepare_Rd: ./man/predict_ps_itss.Rd:57: unexpected '}'
* checking Rd metadata ... OK
* checking Rd cross-references ...Warning: /Users/biocbuild/bbs-3.22-bioc/meat/rifi.Rcheck/00_pkg_src/rifi/man/apply_Ttest_delay.Rd:55: unexpected '}'
Warning: /Users/biocbuild/bbs-3.22-bioc/meat/rifi.Rcheck/00_pkg_src/rifi/man/predict_ps_itss.Rd:57: unexpected '}'
OK
* checking for missing documentation entries ... OK
* checking for code/documentation mismatches ... OK
* checking Rd \usage sections ... OK
* checking Rd contents ... OK
* checking for unstated dependencies in examples ... OK
* checking contents of ‘data’ directory ... OK
* checking data for non-ASCII characters ... OK
* checking data for ASCII and uncompressed saves ... OK
* checking files in ‘vignettes’ ... OK
* checking examples ... OK
Examples with CPU (user + system) or elapsed time > 5s
user system elapsed
rifi_wrapper 256.115 74.790 317.556
rifi_penalties 122.807 47.007 182.578
nls2_fit 97.646 4.173 68.670
rifi_fit 62.323 0.787 67.255
rifi_visualization 51.002 2.561 56.545
TI_fit 30.598 4.652 21.649
make_pen 23.067 8.310 31.567
rifi_fragmentation 7.616 1.531 10.065
fold_change 7.537 0.208 7.940
rifi_stats 7.313 0.241 7.970
rifi_preprocess 4.284 1.364 4.846
* checking for unstated dependencies in vignettes ... OK
* checking package vignettes ... OK
* checking running R code from vignettes ... SKIPPED
* checking re-building of vignette outputs ... SKIPPED
* checking PDF version of manual ... OK
* DONE
Status: 2 WARNINGs, 1 NOTE
See
‘/Users/biocbuild/bbs-3.22-bioc/meat/rifi.Rcheck/00check.log’
for details.
rifi.Rcheck/00install.out
############################################################################## ############################################################################## ### ### Running command: ### ### /Library/Frameworks/R.framework/Resources/bin/R CMD INSTALL rifi ### ############################################################################## ############################################################################## * installing to library ‘/Library/Frameworks/R.framework/Versions/4.5-x86_64/Resources/library’ * installing *source* package ‘rifi’ ... ** this is package ‘rifi’ version ‘1.14.0’ ** using staged installation ** R ** data ** inst ** byte-compile and prepare package for lazy loading Note: next used in wrong context: no loop is visible ** help Warning: /Users/biocbuild/bbs-3.22-bioc/meat/rifi/man/apply_Ttest_delay.Rd:55: unexpected '}' Warning: /Users/biocbuild/bbs-3.22-bioc/meat/rifi/man/predict_ps_itss.Rd:57: unexpected '}' *** installing help indices ** building package indices ** installing vignettes ** testing if installed package can be loaded from temporary location ** testing if installed package can be loaded from final location ** testing if installed package keeps a record of temporary installation path * DONE (rifi)
rifi.Rcheck/rifi-Ex.timings
| name | user | system | elapsed | |
| TI_fit | 30.598 | 4.652 | 21.649 | |
| TUgether | 1.129 | 0.231 | 1.407 | |
| apply_Ttest_delay | 0.263 | 0.042 | 0.308 | |
| apply_ancova | 0.787 | 0.109 | 0.903 | |
| apply_event_position | 0.258 | 0.032 | 0.290 | |
| apply_manova | 1.520 | 0.077 | 1.647 | |
| apply_t_test | 2.650 | 0.180 | 2.867 | |
| apply_t_test_ti | 0.395 | 0.006 | 0.402 | |
| check_input | 0.789 | 0.012 | 0.804 | |
| dataframe_summary | 0.196 | 0.029 | 0.225 | |
| dataframe_summary_TI | 0.107 | 0.015 | 0.124 | |
| dataframe_summary_events | 1.705 | 0.048 | 1.793 | |
| dataframe_summary_events_HL_int | 1.359 | 0.034 | 1.398 | |
| dataframe_summary_events_ps_itss | 0.541 | 0.025 | 0.567 | |
| dataframe_summary_events_velocity | 0.538 | 0.027 | 0.565 | |
| event_dataframe | 1.748 | 0.043 | 1.795 | |
| finding_PDD | 0.506 | 0.128 | 0.615 | |
| finding_TI | 0.902 | 0.239 | 1.116 | |
| fold_change | 7.537 | 0.208 | 7.940 | |
| fragment_HL | 1.439 | 0.237 | 1.660 | |
| fragment_TI | 1.074 | 0.133 | 1.212 | |
| fragment_delay | 2.394 | 0.498 | 2.847 | |
| fragment_inty | 1.507 | 0.298 | 1.781 | |
| gff3_preprocess | 1.114 | 0.136 | 1.261 | |
| make_df | 1.876 | 0.707 | 1.789 | |
| make_pen | 23.067 | 8.310 | 31.567 | |
| nls2_fit | 97.646 | 4.173 | 68.670 | |
| predict_ps_itss | 0.646 | 0.097 | 0.794 | |
| rifi_fit | 62.323 | 0.787 | 67.255 | |
| rifi_fragmentation | 7.616 | 1.531 | 10.065 | |
| rifi_penalties | 122.807 | 47.007 | 182.578 | |
| rifi_preprocess | 4.284 | 1.364 | 4.846 | |
| rifi_stats | 7.313 | 0.241 | 7.970 | |
| rifi_summary | 4.607 | 0.062 | 4.840 | |
| rifi_visualization | 51.002 | 2.561 | 56.545 | |
| rifi_wrapper | 256.115 | 74.790 | 317.556 | |
| segment_pos | 0.427 | 0.012 | 0.441 | |
| viz_pen_obj | 0.014 | 0.011 | 0.024 | |