Back to Multiple platform build/check report for BioC 3.20:   simplified   long
ABCDEF[G]HIJKLMNOPQRSTUVWXYZ

This page was generated on 2025-02-06 12:06 -0500 (Thu, 06 Feb 2025).

HostnameOSArch (*)R versionInstalled pkgs
nebbiolo2Linux (Ubuntu 24.04.1 LTS)x86_644.4.2 (2024-10-31) -- "Pile of Leaves" 4753
palomino8Windows Server 2022 Datacenterx644.4.2 (2024-10-31 ucrt) -- "Pile of Leaves" 4501
merida1macOS 12.7.5 Montereyx86_644.4.2 (2024-10-31) -- "Pile of Leaves" 4524
kjohnson1macOS 13.6.6 Venturaarm644.4.2 (2024-10-31) -- "Pile of Leaves" 4476
taishanLinux (openEuler 24.03 LTS)aarch644.4.2 (2024-10-31) -- "Pile of Leaves" 4407
Click on any hostname to see more info about the system (e.g. compilers)      (*) as reported by 'uname -p', except on Windows and Mac OS X

Package 897/2289HostnameOS / ArchINSTALLBUILDCHECKBUILD BIN
GRaNIE 1.10.0  (landing page)
Christian Arnold
Snapshot Date: 2025-02-03 13:00 -0500 (Mon, 03 Feb 2025)
git_url: https://git.bioconductor.org/packages/GRaNIE
git_branch: RELEASE_3_20
git_last_commit: 22b61ee
git_last_commit_date: 2024-10-29 11:11:39 -0500 (Tue, 29 Oct 2024)
nebbiolo2Linux (Ubuntu 24.04.1 LTS) / x86_64  OK    OK    OK  UNNEEDED, same version is already published
palomino8Windows Server 2022 Datacenter / x64  OK    OK    WARNINGS    OK  UNNEEDED, same version is already published
merida1macOS 12.7.5 Monterey / x86_64  OK    OK    OK    OK  UNNEEDED, same version is already published
kjohnson1macOS 13.6.6 Ventura / arm64  OK    OK    OK    OK  UNNEEDED, same version is already published
taishanLinux (openEuler 24.03 LTS) / aarch64  OK    OK    ERROR  


CHECK results for GRaNIE on palomino8

To the developers/maintainers of the GRaNIE package:
- Allow up to 24 hours (and sometimes 48 hours) for your latest push to git@git.bioconductor.org:packages/GRaNIE.git to reflect on this report. See Troubleshooting Build Report for more information.
- Use the following Renviron settings to reproduce errors and warnings.
- If 'R CMD check' started to fail recently on the Linux builder(s) over a missing dependency, add the missing dependency to 'Suggests:' in your DESCRIPTION file. See Renviron.bioc for more information.

raw results


Summary

Package: GRaNIE
Version: 1.10.0
Command: F:\biocbuild\bbs-3.20-bioc\R\bin\R.exe CMD check --no-multiarch --install=check:GRaNIE.install-out.txt --library=F:\biocbuild\bbs-3.20-bioc\R\library --no-vignettes --timings GRaNIE_1.10.0.tar.gz
StartedAt: 2025-02-04 02:28:54 -0500 (Tue, 04 Feb 2025)
EndedAt: 2025-02-04 02:37:57 -0500 (Tue, 04 Feb 2025)
EllapsedTime: 543.0 seconds
RetCode: 0
Status:   WARNINGS  
CheckDir: GRaNIE.Rcheck
Warnings: 1

Command output

##############################################################################
##############################################################################
###
### Running command:
###
###   F:\biocbuild\bbs-3.20-bioc\R\bin\R.exe CMD check --no-multiarch --install=check:GRaNIE.install-out.txt --library=F:\biocbuild\bbs-3.20-bioc\R\library --no-vignettes --timings GRaNIE_1.10.0.tar.gz
###
##############################################################################
##############################################################################


* using log directory 'F:/biocbuild/bbs-3.20-bioc/meat/GRaNIE.Rcheck'
* using R version 4.4.2 (2024-10-31 ucrt)
* using platform: x86_64-w64-mingw32
* R was compiled by
    gcc.exe (GCC) 13.3.0
    GNU Fortran (GCC) 13.3.0
* running under: Windows Server 2022 x64 (build 20348)
* using session charset: UTF-8
* using option '--no-vignettes'
* checking for file 'GRaNIE/DESCRIPTION' ... OK
* this is package 'GRaNIE' version '1.10.0'
* package encoding: UTF-8
* checking package namespace information ... OK
* checking package dependencies ... OK
* checking if this is a source package ... OK
* checking if there is a namespace ... OK
* checking for hidden files and directories ... OK
* checking for portable file names ... OK
* checking whether package 'GRaNIE' can be installed ... WARNING
Found the following significant warnings:
  Warning: replacing previous import 'GenomicRanges::windows' by 'grDevices::windows' when loading 'GRaNIE'
See 'F:/biocbuild/bbs-3.20-bioc/meat/GRaNIE.Rcheck/00install.out' for details.
* checking installed package size ... OK
* checking package directory ... OK
* checking 'build' directory ... OK
* checking DESCRIPTION meta-information ... OK
* checking top-level files ... OK
* checking for left-over files ... OK
* checking index information ... OK
* checking package subdirectories ... OK
* checking code files for non-ASCII characters ... OK
* checking R files for syntax errors ... OK
* checking whether the package can be loaded ... OK
* checking whether the package can be loaded with stated dependencies ... OK
* checking whether the package can be unloaded cleanly ... OK
* checking whether the namespace can be loaded with stated dependencies ... OK
* checking whether the namespace can be unloaded cleanly ... OK
* checking whether startup messages can be suppressed ... OK
* checking dependencies in R code ... OK
* checking S3 generic/method consistency ... OK
* checking replacement functions ... OK
* checking foreign function calls ... OK
* checking R code for possible problems ... NOTE
.performIHW: no visible binding for global variable 'adj_pvalue'
Undefined global functions or variables:
  adj_pvalue
* checking Rd files ... OK
* checking Rd metadata ... OK
* checking Rd cross-references ... OK
* checking for missing documentation entries ... OK
* checking for code/documentation mismatches ... OK
* checking Rd \usage sections ... OK
* checking Rd contents ... OK
* checking for unstated dependencies in examples ... OK
* checking files in 'vignettes' ... OK
* checking examples ... OK
Examples with CPU (user + system) or elapsed time > 5s
                              user system elapsed
generateStatsSummary         10.19   0.30   11.32
addConnections_TF_peak        6.11   2.18   11.72
addSNPData                    7.31   0.68   14.46
plotDiagnosticPlots_peakGene  5.95   0.22    6.74
visualizeGRN                  4.89   0.50    5.34
plotCommunitiesEnrichment     4.84   0.31    5.94
* checking for unstated dependencies in vignettes ... OK
* checking package vignettes ... OK
* checking running R code from vignettes ... SKIPPED
* checking re-building of vignette outputs ... SKIPPED
* checking PDF version of manual ... OK
* DONE

Status: 1 WARNING, 1 NOTE
See
  'F:/biocbuild/bbs-3.20-bioc/meat/GRaNIE.Rcheck/00check.log'
for details.


Installation output

GRaNIE.Rcheck/00install.out

##############################################################################
##############################################################################
###
### Running command:
###
###   F:\biocbuild\bbs-3.20-bioc\R\bin\R.exe CMD INSTALL GRaNIE
###
##############################################################################
##############################################################################


* installing to library 'F:/biocbuild/bbs-3.20-bioc/R/library'
* installing *source* package 'GRaNIE' ...
** using staged installation
** R
** byte-compile and prepare package for lazy loading
Warning: replacing previous import 'GenomicRanges::windows' by 'grDevices::windows' when loading 'GRaNIE'
** help
*** installing help indices
*** copying figures
** building package indices
** installing vignettes
** testing if installed package can be loaded from temporary location
Warning: replacing previous import 'GenomicRanges::windows' by 'grDevices::windows' when loading 'GRaNIE'
** testing if installed package can be loaded from final location
Warning: replacing previous import 'GenomicRanges::windows' by 'grDevices::windows' when loading 'GRaNIE'
** testing if installed package keeps a record of temporary installation path
* DONE (GRaNIE)

Tests output


Example timings

GRaNIE.Rcheck/GRaNIE-Ex.timings

nameusersystemelapsed
AR_classification_wrapper000
addConnections_TF_peak 6.11 2.1811.72
addConnections_peak_gene3.500.144.18
addData000
addSNPData 7.31 0.6814.46
addTFBS000
add_TF_gene_correlation2.220.093.58
add_featureVariation000
build_eGRN_graph2.200.192.88
calculateCommunitiesEnrichment3.690.204.56
calculateCommunitiesStats3.480.224.28
calculateGeneralEnrichment2.490.123.31
calculateTFEnrichment2.950.113.83
changeOutputDirectory2.160.182.84
deleteIntermediateData1.980.112.75
filterConnectionsForPlotting2.190.073.61
filterData2.610.143.19
filterGRNAndConnectGenes2.480.082.99
generateStatsSummary10.19 0.3011.32
getCounts2.190.082.74
getGRNConnections3.340.123.92
getGRNSummary3.000.253.77
getParameters1.990.102.59
getTopNodes2.110.172.78
initializeGRN0.030.000.03
loadExampleObject2.230.152.91
nGenes2.270.132.83
nPeaks2.390.062.97
nTFs2.090.132.68
overlapPeaksAndTFBS2.280.122.89
performAllNetworkAnalyses000
plotCommunitiesEnrichment4.840.315.94
plotCommunitiesStats3.640.164.26
plotCorrelations3.670.174.35
plotDiagnosticPlots_TFPeaks4.320.194.96
plotDiagnosticPlots_peakGene5.950.226.74
plotGeneralEnrichment2.230.092.83
plotGeneralGraphStats3.500.164.09
plotPCA_all3.300.264.06
plotTFEnrichment3.080.133.72
plot_stats_connectionSummary3.030.593.85
visualizeGRN4.890.505.34