| Back to Multiple platform build/check report for BioC 3.21: simplified long |
|
This page was generated on 2025-10-16 11:40 -0400 (Thu, 16 Oct 2025).
| Hostname | OS | Arch (*) | R version | Installed pkgs |
|---|---|---|---|---|
| nebbiolo1 | Linux (Ubuntu 24.04.3 LTS) | x86_64 | 4.5.1 (2025-06-13) -- "Great Square Root" | 4833 |
| merida1 | macOS 12.7.6 Monterey | x86_64 | 4.5.1 RC (2025-06-05 r88288) -- "Great Square Root" | 4614 |
| kjohnson1 | macOS 13.7.5 Ventura | arm64 | 4.5.1 Patched (2025-06-14 r88325) -- "Great Square Root" | 4555 |
| kunpeng2 | Linux (openEuler 24.03 LTS) | aarch64 | R Under development (unstable) (2025-02-19 r87757) -- "Unsuffered Consequences" | 4586 |
| Click on any hostname to see more info about the system (e.g. compilers) (*) as reported by 'uname -p', except on Windows and Mac OS X | ||||
| Package 557/2341 | Hostname | OS / Arch | INSTALL | BUILD | CHECK | BUILD BIN | ||||||||
| DEP 1.30.0 (landing page) Arne Smits
| nebbiolo1 | Linux (Ubuntu 24.04.3 LTS) / x86_64 | OK | OK | WARNINGS | |||||||||
| merida1 | macOS 12.7.6 Monterey / x86_64 | OK | OK | WARNINGS | OK | |||||||||
| kjohnson1 | macOS 13.7.5 Ventura / arm64 | OK | OK | WARNINGS | OK | |||||||||
| kunpeng2 | Linux (openEuler 24.03 LTS) / aarch64 | OK | OK | WARNINGS | ||||||||||
|
To the developers/maintainers of the DEP package: - Allow up to 24 hours (and sometimes 48 hours) for your latest push to git@git.bioconductor.org:packages/DEP.git to reflect on this report. See Troubleshooting Build Report for more information. - Use the following Renviron settings to reproduce errors and warnings. - If 'R CMD check' started to fail recently on the Linux builder(s) over a missing dependency, add the missing dependency to 'Suggests:' in your DESCRIPTION file. See Renviron.bioc for more information. |
| Package: DEP |
| Version: 1.30.0 |
| Command: /Library/Frameworks/R.framework/Resources/bin/R CMD check --install=check:DEP.install-out.txt --library=/Library/Frameworks/R.framework/Resources/library --no-vignettes --timings DEP_1.30.0.tar.gz |
| StartedAt: 2025-10-14 19:18:29 -0400 (Tue, 14 Oct 2025) |
| EndedAt: 2025-10-14 19:26:52 -0400 (Tue, 14 Oct 2025) |
| EllapsedTime: 503.0 seconds |
| RetCode: 0 |
| Status: WARNINGS |
| CheckDir: DEP.Rcheck |
| Warnings: 1 |
##############################################################################
##############################################################################
###
### Running command:
###
### /Library/Frameworks/R.framework/Resources/bin/R CMD check --install=check:DEP.install-out.txt --library=/Library/Frameworks/R.framework/Resources/library --no-vignettes --timings DEP_1.30.0.tar.gz
###
##############################################################################
##############################################################################
* using log directory ‘/Users/biocbuild/bbs-3.21-bioc/meat/DEP.Rcheck’
* using R version 4.5.1 Patched (2025-06-14 r88325)
* using platform: aarch64-apple-darwin20
* R was compiled by
Apple clang version 16.0.0 (clang-1600.0.26.6)
GNU Fortran (GCC) 14.2.0
* running under: macOS Ventura 13.7.5
* using session charset: UTF-8
* using option ‘--no-vignettes’
* checking for file ‘DEP/DESCRIPTION’ ... OK
* this is package ‘DEP’ version ‘1.30.0’
* package encoding: UTF-8
* checking package namespace information ... OK
* checking package dependencies ... INFO
Imports includes 23 non-default packages.
Importing from so many packages makes the package vulnerable to any of
them becoming unavailable. Move as many as possible to Suggests and
use conditionally.
* checking if this is a source package ... OK
* checking if there is a namespace ... OK
* checking for hidden files and directories ... OK
* checking for portable file names ... OK
* checking for sufficient/correct file permissions ... OK
* checking whether package ‘DEP’ can be installed ... OK
* checking installed package size ... OK
* checking package directory ... OK
* checking ‘build’ directory ... OK
* checking DESCRIPTION meta-information ... OK
* checking top-level files ... OK
* checking for left-over files ... OK
* checking index information ... OK
* checking package subdirectories ... OK
* checking code files for non-ASCII characters ... OK
* checking R files for syntax errors ... OK
* checking whether the package can be loaded ... OK
* checking whether the package can be loaded with stated dependencies ... OK
* checking whether the package can be unloaded cleanly ... OK
* checking whether the namespace can be loaded with stated dependencies ... OK
* checking whether the namespace can be unloaded cleanly ... OK
* checking whether startup messages can be suppressed ... OK
* checking dependencies in R code ... OK
* checking S3 generic/method consistency ... OK
* checking replacement functions ... OK
* checking foreign function calls ... OK
* checking R code for possible problems ... OK
* checking Rd files ... OK
* checking Rd metadata ... OK
* checking Rd cross-references ... WARNING
Missing link(s) in Rd file 'LFQ.Rd':
‘[MSnbase:impute-methods]{impute}’
Missing link(s) in Rd file 'TMT.Rd':
‘[MSnbase:impute-methods]{impute}’
Missing link(s) in Rd file 'impute.Rd':
‘[MSnbase:impute-methods]{impute}’
Missing link(s) in Rd file 'process.Rd':
‘[MSnbase:impute-methods]{impute}’
See section 'Cross-references' in the 'Writing R Extensions' manual.
* checking for missing documentation entries ... OK
* checking for code/documentation mismatches ... OK
* checking Rd \usage sections ... OK
* checking Rd contents ... OK
* checking for unstated dependencies in examples ... OK
* checking contents of ‘data’ directory ... OK
* checking data for non-ASCII characters ... OK
* checking LazyData ... OK
* checking data for ASCII and uncompressed saves ... OK
* checking R/sysdata.rda ... OK
* checking files in ‘vignettes’ ... OK
* checking examples ... OK
Examples with CPU (user + system) or elapsed time > 5s
user system elapsed
impute 20.725 0.213 21.502
* checking for unstated dependencies in ‘tests’ ... OK
* checking tests ...
Running ‘testthat.R’
OK
* checking for unstated dependencies in vignettes ... OK
* checking package vignettes ... OK
* checking running R code from vignettes ... SKIPPED
* checking re-building of vignette outputs ... SKIPPED
* checking PDF version of manual ... OK
* DONE
Status: 1 WARNING
See
‘/Users/biocbuild/bbs-3.21-bioc/meat/DEP.Rcheck/00check.log’
for details.
DEP.Rcheck/00install.out
############################################################################## ############################################################################## ### ### Running command: ### ### /Library/Frameworks/R.framework/Resources/bin/R CMD INSTALL DEP ### ############################################################################## ############################################################################## * installing to library ‘/Library/Frameworks/R.framework/Versions/4.5-arm64/Resources/library’ * installing *source* package ‘DEP’ ... ** this is package ‘DEP’ version ‘1.30.0’ ** using staged installation ** R ** data *** moving datasets to lazyload DB ** inst ** byte-compile and prepare package for lazy loading ** help *** installing help indices ** building package indices ** installing vignettes ** testing if installed package can be loaded from temporary location ** testing if installed package can be loaded from final location ** testing if installed package keeps a record of temporary installation path * DONE (DEP)
DEP.Rcheck/tests/testthat.Rout
R version 4.5.1 Patched (2025-06-14 r88325) -- "Great Square Root"
Copyright (C) 2025 The R Foundation for Statistical Computing
Platform: aarch64-apple-darwin20
R is free software and comes with ABSOLUTELY NO WARRANTY.
You are welcome to redistribute it under certain conditions.
Type 'license()' or 'licence()' for distribution details.
R is a collaborative project with many contributors.
Type 'contributors()' for more information and
'citation()' on how to cite R or R packages in publications.
Type 'demo()' for some demos, 'help()' for on-line help, or
'help.start()' for an HTML browser interface to help.
Type 'q()' to quit R.
> library(testthat)
> library(DEP)
>
> test_check("DEP")
[ FAIL 0 | WARN 15 | SKIP 0 | PASS 333 ]
[ FAIL 0 | WARN 15 | SKIP 0 | PASS 333 ]
>
> proc.time()
user system elapsed
67.200 4.122 73.216
DEP.Rcheck/DEP-Ex.timings
| name | user | system | elapsed | |
| LFQ | 1.505 | 0.059 | 1.590 | |
| TMT | 0 | 0 | 0 | |
| add_rejections | 1.890 | 0.041 | 1.961 | |
| analyze_dep | 2.329 | 0.116 | 2.474 | |
| filter_missval | 0.487 | 0.016 | 0.510 | |
| filter_proteins | 0.311 | 0.008 | 0.326 | |
| get_df_long | 0.781 | 0.028 | 0.821 | |
| get_df_wide | 0.766 | 0.016 | 0.793 | |
| get_prefix | 0.002 | 0.000 | 0.003 | |
| get_results | 0.967 | 0.018 | 1.021 | |
| get_suffix | 0.002 | 0.001 | 0.001 | |
| import_IsobarQuant | 0 | 0 | 0 | |
| import_MaxQuant | 0.038 | 0.001 | 0.043 | |
| impute | 20.725 | 0.213 | 21.502 | |
| make_se | 0.044 | 0.001 | 0.048 | |
| make_se_parse | 0.066 | 0.002 | 0.071 | |
| make_unique | 0.022 | 0.001 | 0.023 | |
| manual_impute | 1.865 | 0.023 | 1.906 | |
| meanSdPlot | 0.941 | 0.045 | 0.997 | |
| normalize_vsn | 0.361 | 0.007 | 0.368 | |
| plot_all | 1.838 | 0.048 | 1.895 | |
| plot_cond | 1.224 | 0.025 | 1.267 | |
| plot_cond_freq | 0.995 | 0.020 | 1.029 | |
| plot_cond_overlap | 1.053 | 0.036 | 1.115 | |
| plot_cor | 1.401 | 0.036 | 1.459 | |
| plot_coverage | 0.617 | 0.007 | 0.632 | |
| plot_detect | 1.043 | 0.012 | 1.072 | |
| plot_dist | 3.887 | 0.039 | 3.994 | |
| plot_frequency | 0.532 | 0.005 | 0.548 | |
| plot_gsea | 0.683 | 0.021 | 0.715 | |
| plot_heatmap | 2.631 | 0.051 | 2.765 | |
| plot_imputation | 1.285 | 0.053 | 1.394 | |
| plot_missval | 1.591 | 0.096 | 1.744 | |
| plot_normalization | 1.802 | 0.066 | 1.944 | |
| plot_numbers | 0.672 | 0.007 | 0.696 | |
| plot_p_hist | 1.510 | 0.019 | 1.550 | |
| plot_pca | 1.521 | 0.019 | 1.561 | |
| plot_single | 2.140 | 0.026 | 2.188 | |
| plot_volcano | 4.770 | 0.041 | 4.872 | |
| process | 1.716 | 0.039 | 1.774 | |
| report | 0 | 0 | 0 | |
| run_app | 0 | 0 | 0 | |
| se2msn | 0.127 | 0.001 | 0.130 | |
| test_diff | 0.901 | 0.022 | 0.932 | |
| test_gsea | 0.724 | 0.017 | 0.747 | |
| theme_DEP1 | 0.553 | 0.009 | 0.570 | |
| theme_DEP2 | 0.588 | 0.006 | 0.601 | |