Back to Multiple platform build/check report for BioC 3.21: simplified long |
|
This page was generated on 2025-01-28 11:47 -0500 (Tue, 28 Jan 2025).
Hostname | OS | Arch (*) | R version | Installed pkgs |
---|---|---|---|---|
nebbiolo1 | Linux (Ubuntu 24.04.1 LTS) | x86_64 | R Under development (unstable) (2025-01-20 r87609) -- "Unsuffered Consequences" | 4659 |
palomino7 | Windows Server 2022 Datacenter | x64 | R Under development (unstable) (2025-01-21 r87610 ucrt) -- "Unsuffered Consequences" | 4454 |
lconway | macOS 12.7.1 Monterey | x86_64 | R Under development (unstable) (2025-01-22 r87618) -- "Unsuffered Consequences" | 4465 |
kjohnson3 | macOS 13.7.1 Ventura | arm64 | R Under development (unstable) (2025-01-20 r87609) -- "Unsuffered Consequences" | 4419 |
kunpeng2 | Linux (openEuler 22.03 LTS-SP1) | aarch64 | R Under development (unstable) (2024-11-24 r87369) -- "Unsuffered Consequences" | 4409 |
Click on any hostname to see more info about the system (e.g. compilers) (*) as reported by 'uname -p', except on Windows and Mac OS X |
Package 777/2286 | Hostname | OS / Arch | INSTALL | BUILD | CHECK | BUILD BIN | ||||||||
gDRutils 1.5.6 (landing page) Arkadiusz Gladki
| nebbiolo1 | Linux (Ubuntu 24.04.1 LTS) / x86_64 | OK | OK | OK | |||||||||
palomino7 | Windows Server 2022 Datacenter / x64 | OK | OK | OK | OK | |||||||||
lconway | macOS 12.7.1 Monterey / x86_64 | OK | OK | OK | OK | |||||||||
kjohnson3 | macOS 13.7.1 Ventura / arm64 | OK | OK | OK | OK | |||||||||
kunpeng2 | Linux (openEuler 22.03 LTS-SP1) / aarch64 | OK | OK | ERROR | ||||||||||
To the developers/maintainers of the gDRutils package: - Allow up to 24 hours (and sometimes 48 hours) for your latest push to git@git.bioconductor.org:packages/gDRutils.git to reflect on this report. See Troubleshooting Build Report for more information. - Use the following Renviron settings to reproduce errors and warnings. - If 'R CMD check' started to fail recently on the Linux builder(s) over a missing dependency, add the missing dependency to 'Suggests:' in your DESCRIPTION file. See Renviron.bioc for more information. - See Martin Grigorov's blog post for how to debug Linux ARM64 related issues on a x86_64 host. |
Package: gDRutils |
Version: 1.5.6 |
Command: /home/biocbuild/R/R/bin/R CMD check --install=check:gDRutils.install-out.txt --library=/home/biocbuild/R/R/site-library --no-vignettes --timings gDRutils_1.5.6.tar.gz |
StartedAt: 2025-01-28 10:48:04 -0000 (Tue, 28 Jan 2025) |
EndedAt: 2025-01-28 10:52:33 -0000 (Tue, 28 Jan 2025) |
EllapsedTime: 268.2 seconds |
RetCode: 1 |
Status: ERROR |
CheckDir: gDRutils.Rcheck |
Warnings: NA |
############################################################################## ############################################################################## ### ### Running command: ### ### /home/biocbuild/R/R/bin/R CMD check --install=check:gDRutils.install-out.txt --library=/home/biocbuild/R/R/site-library --no-vignettes --timings gDRutils_1.5.6.tar.gz ### ############################################################################## ############################################################################## * using log directory ‘/home/biocbuild/bbs-3.21-bioc/meat/gDRutils.Rcheck’ * using R Under development (unstable) (2024-11-24 r87369) * using platform: aarch64-unknown-linux-gnu * R was compiled by aarch64-unknown-linux-gnu-gcc (GCC) 14.2.0 GNU Fortran (GCC) 14.2.0 * running under: openEuler 24.03 (LTS) * using session charset: UTF-8 * using option ‘--no-vignettes’ * checking for file ‘gDRutils/DESCRIPTION’ ... OK * checking extension type ... Package * this is package ‘gDRutils’ version ‘1.5.6’ * package encoding: UTF-8 * checking package namespace information ... OK * checking package dependencies ... OK * checking if this is a source package ... OK * checking if there is a namespace ... OK * checking for hidden files and directories ... OK * checking for portable file names ... OK * checking for sufficient/correct file permissions ... OK * checking whether package ‘gDRutils’ can be installed ... OK * checking installed package size ... OK * checking package directory ... OK * checking ‘build’ directory ... OK * checking DESCRIPTION meta-information ... OK * checking top-level files ... OK * checking for left-over files ... OK * checking index information ... OK * checking package subdirectories ...Warning: program compiled against libxml 212 using older 211 OK * checking code files for non-ASCII characters ... OK * checking R files for syntax errors ... OK * checking whether the package can be loaded ... OK * checking whether the package can be loaded with stated dependencies ... OK * checking whether the package can be unloaded cleanly ... OK * checking whether the namespace can be loaded with stated dependencies ... OK * checking whether the namespace can be unloaded cleanly ... OK * checking loading without being on the library search path ... OK * checking dependencies in R code ... OK * checking S3 generic/method consistency ... OK * checking replacement functions ... OK * checking foreign function calls ... OK * checking R code for possible problems ... OK * checking Rd files ... OK * checking Rd metadata ... OK * checking Rd cross-references ... NOTE Found the following Rd file(s) with Rd \link{} targets missing package anchors: SE_metadata.Rd: SummarizedExperiment-class convert_mae_assay_to_dt.Rd: SummarizedExperiment-class, MultiAssayExperiment-class convert_se_assay_to_dt.Rd: SummarizedExperiment-class is_exp_empty.Rd: SummarizedExperiment-class split_SE_components.Rd: SummarizedExperiment-class validate_se_assay_name.Rd: SummarizedExperiment-class Please provide package anchors for all Rd \link{} targets not in the package itself and the base packages. * checking for missing documentation entries ... OK * checking for code/documentation mismatches ... OK * checking Rd \usage sections ... OK * checking Rd contents ... OK * checking for unstated dependencies in examples ... OK * checking files in ‘vignettes’ ... OK * checking examples ... ERROR Running examples in ‘gDRutils-Ex.R’ failed The error most likely occurred in: > base::assign(".ptime", proc.time(), pos = "CheckExEnv") > ### Name: validate_mae_with_schema > ### Title: Validate MAE against a schema. > ### Aliases: validate_mae_with_schema > ### Keywords: json_convert > > ### ** Examples > > mae <- get_synthetic_data("finalMAE_small") > validate_mae_with_schema(mae) Error in dyn.load(file, DLLpath = DLLpath, ...) : unable to load shared object '/home/biocbuild/R/R-4.5.0-devel_2024-11-24/site-library/V8/libs/V8.so': libnode.so.72: cannot open shared object file: No such file or directory Calls: validate_mae_with_schema ... jsonvalidate_js -> loadNamespace -> library.dynam -> dyn.load Execution halted * checking for unstated dependencies in ‘tests’ ... OK * checking tests ... Running ‘testthat.R’ ERROR Running the tests in ‘tests/testthat.R’ failed. Last 13 lines of output: Backtrace: ▆ 1. ├─testthat::expect_true(validate_json(sejson, schema_path = schema_path)) at test-json_validate.R:31:3 2. │ └─testthat::quasi_label(enquo(object), label, arg = "object") 3. │ └─rlang::eval_bare(expr, quo_get_env(quo)) 4. ├─gDRutils::validate_json(sejson, schema_path = schema_path) 5. │ └─jsonvalidate::json_validator(schema_path, engine = "ajv") 6. │ └─jsonvalidate:::jsonvalidate_js() 7. └─base::loadNamespace(x) 8. └─base::library.dynam(lib, package, package.lib) 9. └─base::dyn.load(file, DLLpath = DLLpath, ...) [ FAIL 1 | WARN 0 | SKIP 0 | PASS 696 ] Error: Test failures Execution halted * checking for unstated dependencies in vignettes ... OK * checking package vignettes ... OK * checking running R code from vignettes ... SKIPPED * checking re-building of vignette outputs ... SKIPPED * checking PDF version of manual ... OK * DONE Status: 2 ERRORs, 1 NOTE See ‘/home/biocbuild/bbs-3.21-bioc/meat/gDRutils.Rcheck/00check.log’ for details.
gDRutils.Rcheck/00install.out
############################################################################## ############################################################################## ### ### Running command: ### ### /home/biocbuild/R/R/bin/R CMD INSTALL gDRutils ### ############################################################################## ############################################################################## * installing to library ‘/home/biocbuild/R/R-4.5.0-devel_2024-11-24/site-library’ * installing *source* package ‘gDRutils’ ... ** using staged installation ** R ** inst ** byte-compile and prepare package for lazy loading ** help *** installing help indices ** building package indices ** installing vignettes ** testing if installed package can be loaded from temporary location ** testing if installed package can be loaded from final location ** testing if installed package keeps a record of temporary installation path * DONE (gDRutils)
gDRutils.Rcheck/tests/testthat.Rout.fail
R Under development (unstable) (2024-11-24 r87369) -- "Unsuffered Consequences" Copyright (C) 2024 The R Foundation for Statistical Computing Platform: aarch64-unknown-linux-gnu R is free software and comes with ABSOLUTELY NO WARRANTY. You are welcome to redistribute it under certain conditions. Type 'license()' or 'licence()' for distribution details. R is a collaborative project with many contributors. Type 'contributors()' for more information and 'citation()' on how to cite R or R packages in publications. Type 'demo()' for some demos, 'help()' for on-line help, or 'help.start()' for an HTML browser interface to help. Type 'q()' to quit R. > library("gDRutils") > library("testthat") > > test_check("gDRutils") [ FAIL 1 | WARN 0 | SKIP 0 | PASS 696 ] ══ Failed tests ════════════════════════════════════════════════════════════════ ── Error ('test-json_validate.R:31:3'): validate works as expected ───────────── Error in `dyn.load(file, DLLpath = DLLpath, ...)`: unable to load shared object '/home/biocbuild/R/R-4.5.0-devel_2024-11-24/site-library/V8/libs/V8.so': libnode.so.72: cannot open shared object file: No such file or directory Backtrace: ▆ 1. ├─testthat::expect_true(validate_json(sejson, schema_path = schema_path)) at test-json_validate.R:31:3 2. │ └─testthat::quasi_label(enquo(object), label, arg = "object") 3. │ └─rlang::eval_bare(expr, quo_get_env(quo)) 4. ├─gDRutils::validate_json(sejson, schema_path = schema_path) 5. │ └─jsonvalidate::json_validator(schema_path, engine = "ajv") 6. │ └─jsonvalidate:::jsonvalidate_js() 7. └─base::loadNamespace(x) 8. └─base::library.dynam(lib, package, package.lib) 9. └─base::dyn.load(file, DLLpath = DLLpath, ...) [ FAIL 1 | WARN 0 | SKIP 0 | PASS 696 ] Error: Test failures Execution halted
gDRutils.Rcheck/gDRutils-Ex.timings
name | user | system | elapsed | |
MAEpply | 0.632 | 0.036 | 0.669 | |
SE_metadata | 0.047 | 0.000 | 0.047 | |
addClass | 0.003 | 0.000 | 0.003 | |
aggregate_assay | 1.295 | 0.036 | 1.332 | |
apply_bumpy_function | 2.011 | 0.092 | 2.107 | |
assert_choices | 0.001 | 0.000 | 0.001 | |
average_biological_replicates_dt | 0.064 | 0.000 | 0.064 | |
calc_sd | 0.000 | 0.000 | 0.001 | |
capVals | 0.357 | 0.004 | 0.363 | |
cap_xc50 | 0.001 | 0.000 | 0.000 | |
convert_colData_to_json | 0.069 | 0.004 | 0.072 | |
convert_combo_data_to_dt | 0.360 | 0.000 | 0.361 | |
convert_combo_field_to_assay | 0.002 | 0.000 | 0.002 | |
convert_mae_assay_to_dt | 0.083 | 0.000 | 0.083 | |
convert_mae_to_json | 0.02 | 0.00 | 0.02 | |
convert_metadata_to_json | 0.012 | 0.000 | 0.012 | |
convert_rowData_to_json | 0.003 | 0.000 | 0.003 | |
convert_se_assay_to_custom_dt | 0.580 | 0.004 | 0.584 | |
convert_se_assay_to_dt | 0.080 | 0.000 | 0.081 | |
convert_se_to_json | 0.017 | 0.000 | 0.017 | |
define_matrix_grid_positions | 0.071 | 0.000 | 0.070 | |
demote_fields | 1.248 | 0.004 | 1.248 | |
df_to_bm_assay | 0.174 | 0.000 | 0.175 | |
dot-set_invalid_fit_params | 0 | 0 | 0 | |
extend_normalization_type_name | 0 | 0 | 0 | |
fit_curves | 0.165 | 0.015 | 0.182 | |
flatten | 0.009 | 0.000 | 0.010 | |
gen_synthetic_data | 0.007 | 0.000 | 0.007 | |
geometric_mean | 0.001 | 0.000 | 0.000 | |
get_MAE_identifiers | 0.006 | 0.004 | 0.009 | |
get_additional_variables | 0.008 | 0.000 | 0.007 | |
get_assay_dt_duplicated_rows | 0.122 | 0.000 | 0.123 | |
get_assay_names | 0.001 | 0.000 | 0.001 | |
get_assay_req_uniq_cols | 0.114 | 0.004 | 0.118 | |
get_combo_assay_names | 0.001 | 0.000 | 0.001 | |
get_combo_base_assay_names | 0.001 | 0.000 | 0.001 | |
get_combo_excess_field_names | 0.002 | 0.000 | 0.003 | |
get_combo_score_assay_names | 0.001 | 0.000 | 0.001 | |
get_combo_score_field_names | 0.001 | 0.000 | 0.001 | |
get_default_identifiers | 0.000 | 0.000 | 0.001 | |
get_duplicated_rows | 0.003 | 0.000 | 0.004 | |
get_env_assay_names | 0 | 0 | 0 | |
get_env_var | 0.000 | 0.000 | 0.001 | |
get_expect_one_identifiers | 0.001 | 0.000 | 0.000 | |
get_experiment_groups | 0 | 0 | 0 | |
get_identifiers_dt | 0.006 | 0.000 | 0.007 | |
get_idfs_synonyms | 0 | 0 | 0 | |
get_isobologram_columns | 0.048 | 0.000 | 0.047 | |
get_non_empty_assays | 0.06 | 0.00 | 0.06 | |
get_required_identifiers | 0 | 0 | 0 | |
get_settings_from_json | 0.001 | 0.000 | 0.001 | |
get_supported_experiments | 0 | 0 | 0 | |
get_synthetic_data | 0.014 | 0.000 | 0.014 | |
get_testdata | 0.102 | 0.008 | 0.110 | |
get_testdata_codilution | 0.097 | 0.004 | 0.103 | |
get_testdata_combo | 0.248 | 0.012 | 0.276 | |
has_assay_dt_duplicated_rows | 0.095 | 0.000 | 0.095 | |
has_dt_duplicated_rows | 0.001 | 0.000 | 0.000 | |
has_single_codrug_data | 0.101 | 0.000 | 0.101 | |
has_valid_codrug_data | 0.099 | 0.000 | 0.099 | |
headers | 0.015 | 0.000 | 0.015 | |
identifiers | 0 | 0 | 0 | |
identify_unique_se_metadata_fields | 0.025 | 0.000 | 0.025 | |
is_any_exp_empty | 0.060 | 0.000 | 0.059 | |
is_combo_data | 0.158 | 0.012 | 0.170 | |
is_exp_empty | 0.062 | 0.000 | 0.061 | |
is_mae_empty | 0.074 | 0.000 | 0.074 | |
logisticFit | 0.032 | 0.000 | 0.032 | |
loop | 0 | 0 | 0 | |
mcolData | 0.014 | 0.004 | 0.017 | |
merge_SE | 2.140 | 0.000 | 2.138 | |
merge_assay | 0.421 | 0.004 | 0.426 | |
merge_metadata | 0.010 | 0.000 | 0.011 | |
modifyData | 0.137 | 0.000 | 0.138 | |
mrowData | 0.017 | 0.000 | 0.017 | |
predict_conc_from_efficacy | 0 | 0 | 0 | |
predict_efficacy_from_conc | 0 | 0 | 0 | |
prettify_flat_metrics | 0.028 | 0.000 | 0.028 | |
promote_fields | 0.260 | 0.008 | 0.268 | |
refine_coldata | 0.014 | 0.000 | 0.015 | |
refine_rowdata | 0.064 | 0.000 | 0.063 | |
remove_codrug_data | 0.041 | 0.003 | 0.045 | |
remove_drug_batch | 0.002 | 0.000 | 0.002 | |
rename_DFrame | 0.009 | 0.004 | 0.013 | |
rename_bumpy | 0.041 | 0.000 | 0.041 | |
round_concentration | 0.000 | 0.000 | 0.001 | |
set_constant_fit_params | 0 | 0 | 0 | |
set_unique_cl_names | 0.064 | 0.000 | 0.065 | |
set_unique_cl_names_dt | 0.027 | 0.000 | 0.027 | |
set_unique_drug_names | 0.07 | 0.00 | 0.07 | |
set_unique_drug_names_dt | 0.045 | 0.004 | 0.049 | |
set_unique_identifiers | 0.416 | 0.000 | 0.416 | |
set_unique_names_dt | 0.025 | 0.000 | 0.025 | |
shorten_normalization_type_name | 0.001 | 0.000 | 0.000 | |
split_SE_components | 0.077 | 0.000 | 0.078 | |
standardize_mae | 0.154 | 0.000 | 0.154 | |
standardize_se | 0.092 | 0.000 | 0.092 | |
throw_msg_if_duplicates | 0.099 | 0.000 | 0.099 | |
update_env_idfs_from_mae | 0.002 | 0.000 | 0.001 | |
update_idfs_synonyms | 0.001 | 0.000 | 0.000 | |
validate_MAE | 0.103 | 0.000 | 0.104 | |
validate_SE | 0.034 | 0.000 | 0.035 | |
validate_identifiers | 0.009 | 0.000 | 0.009 | |
validate_json | 0 | 0 | 0 | |