Back to Build/check report for BioC 3.23:   simplified   long
ABCDEFGHIJKLMN[O]PQRSTUVWXYZ

This page was generated on 2025-11-07 11:32 -0500 (Fri, 07 Nov 2025).

HostnameOSArch (*)R versionInstalled pkgs
nebbiolo1Linux (Ubuntu 24.04.3 LTS)x86_64R Under development (unstable) (2025-10-20 r88955) -- "Unsuffered Consequences" 4818
Click on any hostname to see more info about the system (e.g. compilers)      (*) as reported by 'uname -p', except on Windows and Mac OS X

Package 1483/2323HostnameOS / ArchINSTALLBUILDCHECKBUILD BIN
OmnipathR 3.19.0  (landing page)
Denes Turei
Snapshot Date: 2025-11-06 13:40 -0500 (Thu, 06 Nov 2025)
git_url: https://git.bioconductor.org/packages/OmnipathR
git_branch: devel
git_last_commit: 44ae7c7
git_last_commit_date: 2025-10-29 10:55:03 -0500 (Wed, 29 Oct 2025)
nebbiolo1Linux (Ubuntu 24.04.3 LTS) / x86_64  OK    OK    ERROR  


CHECK results for OmnipathR on nebbiolo1

To the developers/maintainers of the OmnipathR package:
- Allow up to 24 hours (and sometimes 48 hours) for your latest push to git@git.bioconductor.org:packages/OmnipathR.git to reflect on this report. See Troubleshooting Build Report for more information.
- Use the following Renviron settings to reproduce errors and warnings.
- If 'R CMD check' started to fail recently on the Linux builder(s) over a missing dependency, add the missing dependency to 'Suggests:' in your DESCRIPTION file. See Renviron.bioc for more information.

raw results


Summary

Package: OmnipathR
Version: 3.19.0
Command: /home/biocbuild/bbs-3.23-bioc/R/bin/R CMD check --install=check:OmnipathR.install-out.txt --library=/home/biocbuild/bbs-3.23-bioc/R/site-library --timings OmnipathR_3.19.0.tar.gz
StartedAt: 2025-11-07 01:58:00 -0500 (Fri, 07 Nov 2025)
EndedAt: 2025-11-07 02:33:17 -0500 (Fri, 07 Nov 2025)
EllapsedTime: 2117.3 seconds
RetCode: 1
Status:   ERROR  
CheckDir: OmnipathR.Rcheck
Warnings: NA

Command output

##############################################################################
##############################################################################
###
### Running command:
###
###   /home/biocbuild/bbs-3.23-bioc/R/bin/R CMD check --install=check:OmnipathR.install-out.txt --library=/home/biocbuild/bbs-3.23-bioc/R/site-library --timings OmnipathR_3.19.0.tar.gz
###
##############################################################################
##############################################################################


* using log directory ‘/home/biocbuild/bbs-3.23-bioc/meat/OmnipathR.Rcheck’
* using R Under development (unstable) (2025-10-20 r88955)
* using platform: x86_64-pc-linux-gnu
* R was compiled by
    gcc (Ubuntu 13.3.0-6ubuntu2~24.04) 13.3.0
    GNU Fortran (Ubuntu 13.3.0-6ubuntu2~24.04) 13.3.0
* running under: Ubuntu 24.04.3 LTS
* using session charset: UTF-8
* checking for file ‘OmnipathR/DESCRIPTION’ ... OK
* checking extension type ... Package
* this is package ‘OmnipathR’ version ‘3.19.0’
* package encoding: UTF-8
* checking package namespace information ... OK
* checking package dependencies ... INFO
Imports includes 35 non-default packages.
Importing from so many packages makes the package vulnerable to any of
them becoming unavailable.  Move as many as possible to Suggests and
use conditionally.
* checking if this is a source package ... OK
* checking if there is a namespace ... OK
* checking for hidden files and directories ... OK
* checking for portable file names ... OK
* checking for sufficient/correct file permissions ... OK
* checking whether package ‘OmnipathR’ can be installed ... OK
* checking installed package size ... OK
* checking package directory ... OK
* checking DESCRIPTION meta-information ... OK
* checking top-level files ... OK
* checking for left-over files ... OK
* checking index information ... OK
* checking package subdirectories ... OK
* checking code files for non-ASCII characters ... OK
* checking R files for syntax errors ... OK
* checking whether the package can be loaded ... OK
* checking whether the package can be loaded with stated dependencies ... OK
* checking whether the package can be unloaded cleanly ... OK
* checking whether the namespace can be loaded with stated dependencies ... OK
* checking whether the namespace can be unloaded cleanly ... OK
* checking loading without being on the library search path ... OK
* checking whether startup messages can be suppressed ... NOTE
[2025-11-07 01:58:41] [TRACE]   [OmnipathR] Reading JSON from `/home/biocbuild/.cache/OmnipathR/cache.json` (encoding: UTF-8).
[2025-11-07 01:58:41] [TRACE]   [OmnipathR] JSON validation successful: TRUE
[2025-11-07 01:58:41] [INFO]    [OmnipathR] Initialized cache: `/home/biocbuild/.cache/OmnipathR`.
[2025-11-07 01:58:41] [INFO]    [OmnipathR] Package `OmnipathR` packaged: NA
[2025-11-07 01:58:41] [INFO]    [OmnipathR] Package `OmnipathR` date/publication: 2025-11-06
[2025-11-07 01:58:41] [INFO]    [OmnipathR] Package `OmnipathR` built: R 4.6.0; ; 2025-11-06 20:08:07 UTC; unix
[2025-11-07 01:58:41] [INFO]    [OmnipathR] Package `OmnipathR` version: 3.19.0
[2025-11-07 01:58:41] [INFO]    [OmnipathR] Package `OmnipathR` repository: Bioconductor 3.23
[2025-11-07 01:58:42] [INFO]    [OmnipathR] Session info: [version=R Under development (unstable) (2025-10-20 r88955); os=Ubuntu 24.04.3 LTS; system=x86_64, linux-gnu; ui=X11; language=(EN); collate=C; ctype=en_US.UTF-8; tz=America/New_York; date=2025-11-07; pandoc=2.7.3 @ /usr/bin/ (via rmarkdown); quarto=1.8.25 @ /usr/local/bin/quarto]
[2025-11-07 01:58:42] [INFO]    [OmnipathR] External libraries: [cairo=1.18.0; cairoFT=; pango=1.52.1; png=1.6.43; jpeg=8.0; tiff=LIBTIFF, Version 4.5.1; tcl=8.6; curl=8.5.0; zlib=1.3; bzlib=1.0.8, 13-Jul-2019; xz=5.4.5; deflate=1.19; zstd=1.5.5; PCRE=10.42 2022-12-11; ICU=74.2; TRE=TRE 0.8.0 R_fixes (BSD); iconv=glibc 2.39; readline=8.2; BLAS=/home/biocbuild/bbs-3.23-bioc/R/lib/libRblas.so; lapack=/usr/lib/x86_64-linux-gnu/lapack/liblapack.so.3.12.0; lapack_version=3.12.0]
[2025-11-07 01:58:42] [INFO]    [OmnipathR] Loaded packages: backports 1.5.0(2024-05-23); bit 4.6.0(2025-03-06); bit64 4.6.0-1(2025-01-16); blob 1.2.4(2023-03-17); cachem 1.1.0(2024-05-16); cellranger 1.1.0(2016-07-27); checkmate 2.3.3(2025-08-18); chromote 0.5.1(2025-04-24); cli 3.6.5(2025-04-23); crayon 1.5.3(2024-06-20); curl 7.0.0(2025-08-19); DBI 1.2.3(2024-06-02); digest 0.6.37(2024-08-19); dplyr 1.1.4(2023-11-17); evaluate 1.0.5(2025-08-27); fastmap 1.2.0(2024-05-15); fs 1.6.6(2025-04-12); generics 0.1.4(2025-05-09); glue 1.8.0(2024-09-30); hms 1.1.4(2025-10-17); htmltools 0.5.8.1(2024-04-04); httr 1.4.7(2023-08-15); httr2 1.2.1(2025-07-22); igraph 2.2.1(2025-10-27); jsonlite 2.0.0(2025-03-27); knitr 1.50(2025-03-16); later 1.4.4(2025-08-27); lifecycle 1.0.4(2023-11-07); logger 0.4.1(2025-09-11); lubridate 1.9.4(2024-12-08); magrittr 2.0.4(2025-09-12); memoise 2.0.1(2021-11-26); OmnipathR 3.19.0(2025-11-06); otel 0.2.0(2025-08-29); pillar 1.11.1(2025-09-17); pkgconfig 2.0.3(2019-09-22); prettyunits 1.2.0(2023-09-24); processx 3.8.6(2025-02-21); progress 1.2.3(2023-12-06); promises 1.5.0(2025-11-01); ps 1.9.1(2025-04-12); purrr 1.2.0(2025-11-04); R.methodsS3 1.8.2(2022-06-13); R.oo 1.27.1(2025-05-02); R.utils 2.13.0(2025-02-24); R6 2.6.1(2025-02-15); rappdirs 0.3.3(2021-01-31); Rcpp 1.1.0(2025-07-02); readr 2.1.5(2024-01-10); readxl 1.4.5(2025-03-07); rlang 1.1.6(2025-04-11); rmarkdown 2.30(2025-09-28); RSQLite 2.4.3(2025-08-20); rvest 1.0.5(2025-08-29); sessioninfo 1.2.3(2025-02-05); stringi 1.8.7(2025-03-27); stringr 1.6.0(2025-11-04); tibble 3.3.0(2025-06-08); tidyr 1.3.1(2024-01-24); tidyselect 1.2.1(2024-03-11); timechange 0.3.0(2024-01-18); tzdb 0.5.0(2025-03-15); vctrs 0.6.5(2023-12-01); websocket 1.4.4(2025-04-10); withr 3.0.2(2024-10-28); xfun 0.54(2025-10-30); XML 3.99-0.19(2025-08-22); xml2 1.4.1(2025-10-27); yaml 2.3.10(2024-07-26); zip 2.3.3(2025-05-13)
[2025-11-07 01:58:42] [INFO]    [OmnipathR] CURL: version: 8.5.0; headers: 8.5.0; ssl_version: OpenSSL/3.0.13; libz_version: 1.3; libssh_version: libssh/0.10.6/openssl/zlib; libidn_version: 2.3.7; host: x86_64-pc-linux-gnu; protocols: dict, file, ftp, ftps, gopher, gophers, http, https, imap, imaps, ldap, ldaps, mqtt, pop3, pop3s, rtmp, rtmpe, rtmps, rtmpt, rtmpte, rtmpts, rtsp, scp, sftp, smb, smbs, smtp, smtps, telnet, tftp; ipv6: TRUE; http2: TRUE; idn: TRUE; url_parser: TRUE
[2025-11-07 01:58:42] [TRACE]   [OmnipathR] Running on a build server, wiping cache.
[2025-11-07 01:58:42] [TRACE]   [OmnipathR] Cache is at `/home/biocbuild/.cache/OmnipathR`.
[2025-11-07 01:58:42] [TRACE]   [OmnipathR] Contains 1 files.
[2025-11-07 01:58:42] [TRACE]   [OmnipathR] Cache is locked: FALSE.
[2025-11-07 01:58:42] [TRACE]   [OmnipathR] Reading JSON from `/home/biocbuild/.cache/OmnipathR/cache.json` (encoding: UTF-8).
[2025-11-07 01:58:42] [TRACE]   [OmnipathR] JSON validation successful: TRUE
[2025-11-07 01:58:42] [SUCCESS] [OmnipathR] Removing all cache contents from `/home/biocbuild/.cache/OmnipathR`.
[2025-11-07 01:58:42] [TRACE]   [OmnipathR] Pandoc version: `2.7.3`.
[2025-11-07 01:58:42] [TRACE]   [OmnipathR] Reading JSON from `/home/biocbuild/bbs-3.23-bioc/R/site-library/OmnipathR/db/db_def.json` (encoding: UTF-8).
[2025-11-07 01:58:42] [TRACE]   [OmnipathR] JSON validation successful: TRUE
[2025-11-07 01:58:42] [TRACE]   [OmnipathR] Reading JSON from `/home/biocbuild/bbs-3.23-bioc/R/site-library/OmnipathR/internal/magic_bytes.json` (encoding: UTF-8).
[2025-11-07 01:58:42] [TRACE]   [OmnipathR] JSON validation successful: TRUE
[2025-11-07 01:58:42] [TRACE]   [OmnipathR] Reading JSON from `/home/biocbuild/bbs-3.23-bioc/R/site-library/OmnipathR/internal/urls.json` (encoding: UTF-8).
[2025-11-07 01:58:42] [TRACE]   [OmnipathR] JSON validation successful: TRUE
[2025-11-07 01:58:42] [TRACE]   [OmnipathR] Reading JSON from `/home/biocbuild/bbs-3.23-bioc/R/site-library/OmnipathR/internal/id_types.json` (encoding: UTF-8).
[2025-11-07 01:58:42] [TRACE]   [OmnipathR] JSON validation successful: TRUE
[2025-11-07 01:58:42] [TRACE]   [OmnipathR] Cache locked: FALSE

It looks like this package (or a package it requires) has a startup
message which cannot be suppressed: see ?packageStartupMessage.
* checking dependencies in R code ... OK
* checking S3 generic/method consistency ... OK
* checking replacement functions ... OK
* checking foreign function calls ... OK
* checking R code for possible problems ... NOTE
[2025-11-07 01:59:06] [TRACE]   [OmnipathR] Reading JSON from `/home/biocbuild/.cache/OmnipathR/cache.json` (encoding: UTF-8).
[2025-11-07 01:59:06] [TRACE]   [OmnipathR] JSON validation successful: TRUE
[2025-11-07 01:59:06] [INFO]    [OmnipathR] Initialized cache: `/home/biocbuild/.cache/OmnipathR`.
[2025-11-07 01:59:06] [INFO]    [OmnipathR] Package `OmnipathR` packaged: NA
[2025-11-07 01:59:06] [INFO]    [OmnipathR] Package `OmnipathR` date/publication: 2025-11-06
[2025-11-07 01:59:06] [INFO]    [OmnipathR] Package `OmnipathR` built: R 4.6.0; ; 2025-11-06 20:08:07 UTC; unix
[2025-11-07 01:59:06] [INFO]    [OmnipathR] Package `OmnipathR` version: 3.19.0
[2025-11-07 01:59:06] [INFO]    [OmnipathR] Package `OmnipathR` repository: Bioconductor 3.23
[2025-11-07 01:59:07] [INFO]    [OmnipathR] Session info: [version=R Under development (unstable) (2025-10-20 r88955); os=Ubuntu 24.04.3 LTS; system=x86_64, linux-gnu; ui=X11; language=(EN); collate=C; ctype=en_US.UTF-8; tz=America/New_York; date=2025-11-07; pandoc=2.7.3 @ /usr/bin/ (via rmarkdown); quarto=1.8.25 @ /usr/local/bin/quarto]
[2025-11-07 01:59:07] [INFO]    [OmnipathR] External libraries: [cairo=1.18.0; cairoFT=; pango=1.52.1; png=1.6.43; jpeg=8.0; tiff=LIBTIFF, Version 4.5.1; tcl=8.6; curl=8.5.0; zlib=1.3; bzlib=1.0.8, 13-Jul-2019; xz=5.4.5; deflate=1.19; zstd=1.5.5; PCRE=10.42 2022-12-11; ICU=74.2; TRE=TRE 0.8.0 R_fixes (BSD); iconv=glibc 2.39; readline=8.2; BLAS=/home/biocbuild/bbs-3.23-bioc/R/lib/libRblas.so; lapack=/usr/lib/x86_64-linux-gnu/lapack/liblapack.so.3.12.0; lapack_version=3.12.0]
[2025-11-07 01:59:07] [INFO]    [OmnipathR] Loaded packages: backports 1.5.0(2024-05-23); bit 4.6.0(2025-03-06); bit64 4.6.0-1(2025-01-16); blob 1.2.4(2023-03-17); cachem 1.1.0(2024-05-16); cellranger 1.1.0(2016-07-27); checkmate 2.3.3(2025-08-18); chromote 0.5.1(2025-04-24); cli 3.6.5(2025-04-23); crayon 1.5.3(2024-06-20); curl 7.0.0(2025-08-19); DBI 1.2.3(2024-06-02); digest 0.6.37(2024-08-19); dplyr 1.1.4(2023-11-17); evaluate 1.0.5(2025-08-27); fastmap 1.2.0(2024-05-15); fs 1.6.6(2025-04-12); generics 0.1.4(2025-05-09); glue 1.8.0(2024-09-30); hms 1.1.4(2025-10-17); htmltools 0.5.8.1(2024-04-04); httr 1.4.7(2023-08-15); httr2 1.2.1(2025-07-22); igraph 2.2.1(2025-10-27); jsonlite 2.0.0(2025-03-27); knitr 1.50(2025-03-16); later 1.4.4(2025-08-27); lifecycle 1.0.4(2023-11-07); logger 0.4.1(2025-09-11); lubridate 1.9.4(2024-12-08); magrittr 2.0.4(2025-09-12); memoise 2.0.1(2021-11-26); OmnipathR 3.19.0(2025-11-06); otel 0.2.0(2025-08-29); pillar 1.11.1(2025-09-17); pkgconfig 2.0.3(2019-09-22); prettyunits 1.2.0(2023-09-24); processx 3.8.6(2025-02-21); progress 1.2.3(2023-12-06); promises 1.5.0(2025-11-01); ps 1.9.1(2025-04-12); purrr 1.2.0(2025-11-04); R.methodsS3 1.8.2(2022-06-13); R.oo 1.27.1(2025-05-02); R.utils 2.13.0(2025-02-24); R6 2.6.1(2025-02-15); rappdirs 0.3.3(2021-01-31); Rcpp 1.1.0(2025-07-02); readr 2.1.5(2024-01-10); readxl 1.4.5(2025-03-07); rlang 1.1.6(2025-04-11); rmarkdown 2.30(2025-09-28); RSQLite 2.4.3(2025-08-20); rvest 1.0.5(2025-08-29); sessioninfo 1.2.3(2025-02-05); stringi 1.8.7(2025-03-27); stringr 1.6.0(2025-11-04); tibble 3.3.0(2025-06-08); tidyr 1.3.1(2024-01-24); tidyselect 1.2.1(2024-03-11); timechange 0.3.0(2024-01-18); tzdb 0.5.0(2025-03-15); vctrs 0.6.5(2023-12-01); websocket 1.4.4(2025-04-10); withr 3.0.2(2024-10-28); xfun 0.54(2025-10-30); XML 3.99-0.19(2025-08-22); xml2 1.4.1(2025-10-27); yaml 2.3.10(2024-07-26); zip 2.3.3(2025-05-13)
[2025-11-07 01:59:07] [INFO]    [OmnipathR] CURL: version: 8.5.0; headers: 8.5.0; ssl_version: OpenSSL/3.0.13; libz_version: 1.3; libssh_version: libssh/0.10.6/openssl/zlib; libidn_version: 2.3.7; host: x86_64-pc-linux-gnu; protocols: dict, file, ftp, ftps, gopher, gophers, http, https, imap, imaps, ldap, ldaps, mqtt, pop3, pop3s, rtmp, rtmpe, rtmps, rtmpt, rtmpte, rtmpts, rtsp, scp, sftp, smb, smbs, smtp, smtps, telnet, tftp; ipv6: TRUE; http2: TRUE; idn: TRUE; url_parser: TRUE
[2025-11-07 01:59:07] [TRACE]   [OmnipathR] Running on a build server, wiping cache.
[2025-11-07 01:59:07] [TRACE]   [OmnipathR] Cache is at `/home/biocbuild/.cache/OmnipathR`.
[2025-11-07 01:59:07] [TRACE]   [OmnipathR] Contains 1 files.
[2025-11-07 01:59:07] [TRACE]   [OmnipathR] Cache is locked: FALSE.
[2025-11-07 01:59:07] [TRACE]   [OmnipathR] Reading JSON from `/home/biocbuild/.cache/OmnipathR/cache.json` (encoding: UTF-8).
[2025-11-07 01:59:07] [TRACE]   [OmnipathR] JSON validation successful: TRUE
[2025-11-07 01:59:07] [SUCCESS] [OmnipathR] Removing all cache contents from `/home/biocbuild/.cache/OmnipathR`.
[2025-11-07 01:59:07] [TRACE]   [OmnipathR] Pandoc version: `2.7.3`.
[2025-11-07 01:59:07] [TRACE]   [OmnipathR] Reading JSON from `/home/biocbuild/bbs-3.23-bioc/R/site-library/OmnipathR/db/db_def.json` (encoding: UTF-8).
[2025-11-07 01:59:07] [TRACE]   [OmnipathR] JSON validation successful: TRUE
[2025-11-07 01:59:07] [TRACE]   [OmnipathR] Reading JSON from `/home/biocbuild/bbs-3.23-bioc/R/site-library/OmnipathR/internal/magic_bytes.json` (encoding: UTF-8).
[2025-11-07 01:59:07] [TRACE]   [OmnipathR] JSON validation successful: TRUE
[2025-11-07 01:59:07] [TRACE]   [OmnipathR] Reading JSON from `/home/biocbuild/bbs-3.23-bioc/R/site-library/OmnipathR/internal/urls.json` (encoding: UTF-8).
[2025-11-07 01:59:07] [TRACE]   [OmnipathR] JSON validation successful: TRUE
[2025-11-07 01:59:07] [TRACE]   [OmnipathR] Reading JSON from `/home/biocbuild/bbs-3.23-bioc/R/site-library/OmnipathR/internal/id_types.json` (encoding: UTF-8).
[2025-11-07 01:59:07] [TRACE]   [OmnipathR] JSON validation successful: TRUE
[2025-11-07 01:59:07] [TRACE]   [OmnipathR] Cache locked: FALSE
.cosmos_pkn: no visible global function definition for
  ‘metabolite_idsc’
cosmos_ksn: no visible binding for global variable
  ‘substrate_genesymbol’
cosmos_ksn: no visible binding for global variable ‘residue_type’
cosmos_ksn: no visible binding for global variable ‘residue_offset’
cosmos_ksn: no visible binding for global variable ‘enzyme_genesymbol’
cosmos_ksn: no visible binding for global variable ‘mor’
recon3d_compartments: no visible global function definition for
  ‘.slow_dowtest’
recon3d_genes: no visible global function definition for
  ‘.slow_dowtest’
recon3d_genes: no visible binding for global variable ‘notes’
recon3d_genes: no visible binding for global variable ‘annotation’
recon3d_genes: no visible binding for global variable
  ‘original_bigg_ids’
recon3d_metabolites: no visible global function definition for
  ‘.slow_dowtest’
recon3d_metabolites: no visible binding for global variable ‘notes’
recon3d_metabolites: no visible binding for global variable
  ‘original_bigg_ids’
recon3d_metabolites: no visible binding for global variable
  ‘annotation’
recon3d_metabolites: no visible binding for global variable ‘hmdb’
recon3d_metabolites: no visible binding for global variable ‘metHMDBID’
recon3d_raw: no visible global function definition for ‘.slow_dowtest’
recon3d_raw_vmh: no visible global function definition for
  ‘.slow_dowtest’
recon3d_reactions: no visible global function definition for
  ‘.slow_dowtest’
recon3d_reactions: no visible binding for global variable ‘notes’
recon3d_reactions: no visible binding for global variable ‘metabolites’
recon3d_reactions: no visible binding for global variable
  ‘original_bigg_ids’
recon3d_table: no visible global function definition for
  ‘.slow_dowtest’
taxon_names_table: no visible binding for global variable
  ‘latin_name_uniprot’
taxon_names_table: no visible binding for global variable
  ‘latin_name_ensembl’
taxon_names_table: no visible binding for global variable
  ‘latin_name_oma’
taxon_names_table: no visible binding for global variable
  ‘common_name_ensembl’
taxon_names_table: no visible binding for global variable
  ‘common_name_uniprot’
Undefined global functions or variables:
  .slow_dowtest annotation common_name_ensembl common_name_uniprot
  enzyme_genesymbol hmdb latin_name_ensembl latin_name_oma
  latin_name_uniprot metHMDBID metabolite_idsc metabolites mor notes
  original_bigg_ids residue_offset residue_type substrate_genesymbol
* checking Rd files ... OK
* checking Rd metadata ... OK
* checking Rd cross-references ... OK
* checking for missing documentation entries ... OK
* checking for code/documentation mismatches ... OK
* checking Rd \usage sections ... OK
* checking Rd contents ... OK
* checking for unstated dependencies in examples ... OK
* checking R/sysdata.rda ... OK
* checking files in ‘vignettes’ ... OK
* checking examples ... ERROR
Running examples in ‘OmnipathR-Ex.R’ failed
The error most likely occurred in:

> base::assign(".ptime", proc.time(), pos = "CheckExEnv")
> ### Name: recon3d_metabolites
> ### Title: Metabolites from Recon-3D
> ### Aliases: recon3d_metabolites recon3d_reactions recon3d_genes
> ###   recon3d_compartments
> 
> ### ** Examples
> 
> recon3d_metabolites()
Error in .slow_dowtest() : could not find function ".slow_dowtest"
Calls: recon3d_metabolites
Execution halted
/system.slice/cron.service is not a snap cgroup
/system.slice/cron.service is not a snap cgroup
/system.slice/cron.service is not a snap cgroup
Examples with CPU (user + system) or elapsed time > 5s
                                       user system elapsed
annotation_categories                79.495  0.066  80.752
curated_ligrec_stats                 43.692  3.572 111.435
omnipath-interactions                42.211  2.239  72.018
nichenet_gr_network_omnipath         34.340  1.552  52.276
filter_extra_attrs                   24.697  4.384  29.784
all_uniprots                         23.848  1.927  41.669
giant_component                      23.556  1.353  39.867
nichenet_signaling_network_omnipath  23.436  0.812  44.611
go_annot_download                    18.245  1.753  23.950
has_extra_attrs                      17.575  1.941  22.846
extra_attrs_to_cols                  14.143  1.283  15.451
pivot_annotations                    13.414  1.157  23.971
extra_attr_values                    12.728  1.697  16.535
filter_intercell                     11.822  0.780  20.790
find_all_paths                       12.051  0.505  16.257
omnipath_for_cosmos                  10.422  0.656  29.370
extra_attrs                           7.573  1.116   8.722
filter_by_resource                    8.358  0.264  10.726
curated_ligand_receptor_interactions  7.221  0.756  16.725
print_interactions                    6.895  0.394  11.090
pubmed_open                           6.924  0.281   7.199
print_path_vs                         4.723  0.395   8.370
metalinksdb_sqlite                    2.866  0.391  12.316
kegg_conv                             2.923  0.124  16.870
ensembl_id_mapping_table              2.514  0.272  18.702
kinasephos                            2.285  0.260  18.990
kegg_link                             1.889  0.175   8.367
kegg_rm_prefix                        1.444  0.138   6.466
kegg_picture                          1.385  0.034   6.494
* checking for unstated dependencies in ‘tests’ ... OK
* checking tests ...
  Running ‘testthat.R’
 OK
* checking for unstated dependencies in vignettes ... OK
* checking package vignettes ... OK
* checking re-building of vignette outputs ... OK
* checking PDF version of manual ... OK
* DONE

Status: 1 ERROR, 2 NOTEs
See
  ‘/home/biocbuild/bbs-3.23-bioc/meat/OmnipathR.Rcheck/00check.log’
for details.


Installation output

OmnipathR.Rcheck/00install.out

##############################################################################
##############################################################################
###
### Running command:
###
###   /home/biocbuild/bbs-3.23-bioc/R/bin/R CMD INSTALL OmnipathR
###
##############################################################################
##############################################################################


* installing to library ‘/home/biocbuild/bbs-3.23-bioc/R/site-library’
* installing *source* package ‘OmnipathR’ ...
** this is package ‘OmnipathR’ version ‘3.19.0’
** using staged installation
** R
** inst
** byte-compile and prepare package for lazy loading
** help
*** installing help indices
*** copying figures
** building package indices
** installing vignettes
** testing if installed package can be loaded from temporary location
[2025-11-06 15:08:21] [TRACE]   [OmnipathR] Reading JSON from `/home/biocbuild/.cache/OmnipathR/cache.json` (encoding: UTF-8).
[2025-11-06 15:08:21] [TRACE]   [OmnipathR] JSON validation successful: TRUE
[2025-11-06 15:08:21] [INFO]    [OmnipathR] Initialized cache: `/home/biocbuild/.cache/OmnipathR`.
[2025-11-06 15:08:21] [INFO]    [OmnipathR] Package `OmnipathR` packaged: NA
[2025-11-06 15:08:21] [INFO]    [OmnipathR] Package `OmnipathR` date/publication: 2025-11-06
[2025-11-06 15:08:21] [INFO]    [OmnipathR] Package `OmnipathR` built: R 4.6.0; ; 2025-11-06 20:08:07 UTC; unix
[2025-11-06 15:08:21] [INFO]    [OmnipathR] Package `OmnipathR` version: 3.19.0
[2025-11-06 15:08:21] [INFO]    [OmnipathR] Package `OmnipathR` repository: Bioconductor 3.23
[2025-11-06 15:08:21] [INFO]    [OmnipathR] Session info: [version=R Under development (unstable) (2025-10-20 r88955); os=Ubuntu 24.04.3 LTS; system=x86_64, linux-gnu; ui=X11; language=(EN); collate=C; ctype=en_US.UTF-8; tz=America/New_York; date=2025-11-06; pandoc=2.7.3 @ /usr/bin/ (via rmarkdown); quarto=1.8.25 @ /usr/local/bin/quarto]
[2025-11-06 15:08:21] [INFO]    [OmnipathR] External libraries: [cairo=1.18.0; cairoFT=; pango=1.52.1; png=1.6.43; jpeg=8.0; tiff=LIBTIFF, Version 4.5.1; tcl=8.6; curl=8.5.0; zlib=1.3; bzlib=1.0.8, 13-Jul-2019; xz=5.4.5; deflate=1.19; zstd=1.5.5; PCRE=10.42 2022-12-11; ICU=74.2; TRE=TRE 0.8.0 R_fixes (BSD); iconv=glibc 2.39; readline=8.2; BLAS=/home/biocbuild/bbs-3.23-bioc/R/lib/libRblas.so; lapack=/usr/lib/x86_64-linux-gnu/lapack/liblapack.so.3.12.0; lapack_version=3.12.0]
[2025-11-06 15:08:22] [INFO]    [OmnipathR] Loaded packages: backports 1.5.0(2024-05-23); bit 4.6.0(2025-03-06); bit64 4.6.0-1(2025-01-16); blob 1.2.4(2023-03-17); cachem 1.1.0(2024-05-16); cellranger 1.1.0(2016-07-27); checkmate 2.3.3(2025-08-18); chromote 0.5.1(2025-04-24); cli 3.6.5(2025-04-23); crayon 1.5.3(2024-06-20); curl 7.0.0(2025-08-19); DBI 1.2.3(2024-06-02); digest 0.6.37(2024-08-19); dplyr 1.1.4(2023-11-17); evaluate 1.0.5(2025-08-27); fastmap 1.2.0(2024-05-15); fs 1.6.6(2025-04-12); generics 0.1.4(2025-05-09); glue 1.8.0(2024-09-30); hms 1.1.4(2025-10-17); htmltools 0.5.8.1(2024-04-04); httr 1.4.7(2023-08-15); httr2 1.2.1(2025-07-22); igraph 2.2.1(2025-10-27); jsonlite 2.0.0(2025-03-27); knitr 1.50(2025-03-16); later 1.4.4(2025-08-27); lifecycle 1.0.4(2023-11-07); logger 0.4.1(2025-09-11); lubridate 1.9.4(2024-12-08); magrittr 2.0.4(2025-09-12); memoise 2.0.1(2021-11-26); OmnipathR 3.19.0(2025-11-06); otel 0.2.0(2025-08-29); pillar 1.11.1(2025-09-17); pkgconfig 2.0.3(2019-09-22); prettyunits 1.2.0(2023-09-24); processx 3.8.6(2025-02-21); progress 1.2.3(2023-12-06); promises 1.5.0(2025-11-01); ps 1.9.1(2025-04-12); purrr 1.2.0(2025-11-04); R.methodsS3 1.8.2(2022-06-13); R.oo 1.27.1(2025-05-02); R.utils 2.13.0(2025-02-24); R6 2.6.1(2025-02-15); rappdirs 0.3.3(2021-01-31); Rcpp 1.1.0(2025-07-02); readr 2.1.5(2024-01-10); readxl 1.4.5(2025-03-07); rlang 1.1.6(2025-04-11); rmarkdown 2.30(2025-09-28); RSQLite 2.4.3(2025-08-20); rvest 1.0.5(2025-08-29); sessioninfo 1.2.3(2025-02-05); stringi 1.8.7(2025-03-27); stringr 1.6.0(2025-11-04); tibble 3.3.0(2025-06-08); tidyr 1.3.1(2024-01-24); tidyselect 1.2.1(2024-03-11); timechange 0.3.0(2024-01-18); tzdb 0.5.0(2025-03-15); vctrs 0.6.5(2023-12-01); websocket 1.4.4(2025-04-10); withr 3.0.2(2024-10-28); xfun 0.54(2025-10-30); XML 3.99-0.19(2025-08-22); xml2 1.4.1(2025-10-27); yaml 2.3.10(2024-07-26); zip 2.3.3(2025-05-13)
[2025-11-06 15:08:22] [INFO]    [OmnipathR] CURL: version: 8.5.0; headers: 8.5.0; ssl_version: OpenSSL/3.0.13; libz_version: 1.3; libssh_version: libssh/0.10.6/openssl/zlib; libidn_version: 2.3.7; host: x86_64-pc-linux-gnu; protocols: dict, file, ftp, ftps, gopher, gophers, http, https, imap, imaps, ldap, ldaps, mqtt, pop3, pop3s, rtmp, rtmpe, rtmps, rtmpt, rtmpte, rtmpts, rtsp, scp, sftp, smb, smbs, smtp, smtps, telnet, tftp; ipv6: TRUE; http2: TRUE; idn: TRUE; url_parser: TRUE
[2025-11-06 15:08:22] [TRACE]   [OmnipathR] Running on a build server, wiping cache.
[2025-11-06 15:08:22] [TRACE]   [OmnipathR] Cache is at `/home/biocbuild/.cache/OmnipathR`.
[2025-11-06 15:08:22] [TRACE]   [OmnipathR] Contains 7 files.
[2025-11-06 15:08:22] [TRACE]   [OmnipathR] Cache is locked: FALSE.
[2025-11-06 15:08:22] [TRACE]   [OmnipathR] Reading JSON from `/home/biocbuild/.cache/OmnipathR/cache.json` (encoding: UTF-8).
[2025-11-06 15:08:22] [TRACE]   [OmnipathR] JSON validation successful: TRUE
[2025-11-06 15:08:22] [SUCCESS] [OmnipathR] Removing all cache contents from `/home/biocbuild/.cache/OmnipathR`.
[2025-11-06 15:08:22] [TRACE]   [OmnipathR] Pandoc version: `2.7.3`.
[2025-11-06 15:08:22] [TRACE]   [OmnipathR] Reading JSON from `/home/biocbuild/bbs-3.23-bioc/R/site-library/00LOCK-OmnipathR/00new/OmnipathR/db/db_def.json` (encoding: UTF-8).
[2025-11-06 15:08:22] [TRACE]   [OmnipathR] JSON validation successful: TRUE
[2025-11-06 15:08:22] [TRACE]   [OmnipathR] Reading JSON from `/home/biocbuild/bbs-3.23-bioc/R/site-library/00LOCK-OmnipathR/00new/OmnipathR/internal/magic_bytes.json` (encoding: UTF-8).
[2025-11-06 15:08:22] [TRACE]   [OmnipathR] JSON validation successful: TRUE
[2025-11-06 15:08:22] [TRACE]   [OmnipathR] Reading JSON from `/home/biocbuild/bbs-3.23-bioc/R/site-library/00LOCK-OmnipathR/00new/OmnipathR/internal/urls.json` (encoding: UTF-8).
[2025-11-06 15:08:22] [TRACE]   [OmnipathR] JSON validation successful: TRUE
[2025-11-06 15:08:22] [TRACE]   [OmnipathR] Reading JSON from `/home/biocbuild/bbs-3.23-bioc/R/site-library/00LOCK-OmnipathR/00new/OmnipathR/internal/id_types.json` (encoding: UTF-8).
[2025-11-06 15:08:22] [TRACE]   [OmnipathR] JSON validation successful: TRUE
[2025-11-06 15:08:22] [TRACE]   [OmnipathR] Cache locked: FALSE
** testing if installed package can be loaded from final location
[2025-11-06 15:08:24] [TRACE]   [OmnipathR] Reading JSON from `/home/biocbuild/.cache/OmnipathR/cache.json` (encoding: UTF-8).
[2025-11-06 15:08:24] [TRACE]   [OmnipathR] JSON validation successful: TRUE
[2025-11-06 15:08:24] [INFO]    [OmnipathR] Initialized cache: `/home/biocbuild/.cache/OmnipathR`.
[2025-11-06 15:08:24] [INFO]    [OmnipathR] Package `OmnipathR` packaged: NA
[2025-11-06 15:08:24] [INFO]    [OmnipathR] Package `OmnipathR` date/publication: 2025-11-06
[2025-11-06 15:08:24] [INFO]    [OmnipathR] Package `OmnipathR` built: R 4.6.0; ; 2025-11-06 20:08:07 UTC; unix
[2025-11-06 15:08:24] [INFO]    [OmnipathR] Package `OmnipathR` version: 3.19.0
[2025-11-06 15:08:24] [INFO]    [OmnipathR] Package `OmnipathR` repository: Bioconductor 3.23
[2025-11-06 15:08:24] [INFO]    [OmnipathR] Session info: [version=R Under development (unstable) (2025-10-20 r88955); os=Ubuntu 24.04.3 LTS; system=x86_64, linux-gnu; ui=X11; language=(EN); collate=C; ctype=en_US.UTF-8; tz=America/New_York; date=2025-11-06; pandoc=2.7.3 @ /usr/bin/ (via rmarkdown); quarto=1.8.25 @ /usr/local/bin/quarto]
[2025-11-06 15:08:24] [INFO]    [OmnipathR] External libraries: [cairo=1.18.0; cairoFT=; pango=1.52.1; png=1.6.43; jpeg=8.0; tiff=LIBTIFF, Version 4.5.1; tcl=8.6; curl=8.5.0; zlib=1.3; bzlib=1.0.8, 13-Jul-2019; xz=5.4.5; deflate=1.19; zstd=1.5.5; PCRE=10.42 2022-12-11; ICU=74.2; TRE=TRE 0.8.0 R_fixes (BSD); iconv=glibc 2.39; readline=8.2; BLAS=/home/biocbuild/bbs-3.23-bioc/R/lib/libRblas.so; lapack=/usr/lib/x86_64-linux-gnu/lapack/liblapack.so.3.12.0; lapack_version=3.12.0]
[2025-11-06 15:08:25] [INFO]    [OmnipathR] Loaded packages: backports 1.5.0(2024-05-23); bit 4.6.0(2025-03-06); bit64 4.6.0-1(2025-01-16); blob 1.2.4(2023-03-17); cachem 1.1.0(2024-05-16); cellranger 1.1.0(2016-07-27); checkmate 2.3.3(2025-08-18); chromote 0.5.1(2025-04-24); cli 3.6.5(2025-04-23); crayon 1.5.3(2024-06-20); curl 7.0.0(2025-08-19); DBI 1.2.3(2024-06-02); digest 0.6.37(2024-08-19); dplyr 1.1.4(2023-11-17); evaluate 1.0.5(2025-08-27); fastmap 1.2.0(2024-05-15); fs 1.6.6(2025-04-12); generics 0.1.4(2025-05-09); glue 1.8.0(2024-09-30); hms 1.1.4(2025-10-17); htmltools 0.5.8.1(2024-04-04); httr 1.4.7(2023-08-15); httr2 1.2.1(2025-07-22); igraph 2.2.1(2025-10-27); jsonlite 2.0.0(2025-03-27); knitr 1.50(2025-03-16); later 1.4.4(2025-08-27); lifecycle 1.0.4(2023-11-07); logger 0.4.1(2025-09-11); lubridate 1.9.4(2024-12-08); magrittr 2.0.4(2025-09-12); memoise 2.0.1(2021-11-26); OmnipathR 3.19.0(2025-11-06); otel 0.2.0(2025-08-29); pillar 1.11.1(2025-09-17); pkgconfig 2.0.3(2019-09-22); prettyunits 1.2.0(2023-09-24); processx 3.8.6(2025-02-21); progress 1.2.3(2023-12-06); promises 1.5.0(2025-11-01); ps 1.9.1(2025-04-12); purrr 1.2.0(2025-11-04); R.methodsS3 1.8.2(2022-06-13); R.oo 1.27.1(2025-05-02); R.utils 2.13.0(2025-02-24); R6 2.6.1(2025-02-15); rappdirs 0.3.3(2021-01-31); Rcpp 1.1.0(2025-07-02); readr 2.1.5(2024-01-10); readxl 1.4.5(2025-03-07); rlang 1.1.6(2025-04-11); rmarkdown 2.30(2025-09-28); RSQLite 2.4.3(2025-08-20); rvest 1.0.5(2025-08-29); sessioninfo 1.2.3(2025-02-05); stringi 1.8.7(2025-03-27); stringr 1.6.0(2025-11-04); tibble 3.3.0(2025-06-08); tidyr 1.3.1(2024-01-24); tidyselect 1.2.1(2024-03-11); timechange 0.3.0(2024-01-18); tzdb 0.5.0(2025-03-15); vctrs 0.6.5(2023-12-01); websocket 1.4.4(2025-04-10); withr 3.0.2(2024-10-28); xfun 0.54(2025-10-30); XML 3.99-0.19(2025-08-22); xml2 1.4.1(2025-10-27); yaml 2.3.10(2024-07-26); zip 2.3.3(2025-05-13)
[2025-11-06 15:08:25] [INFO]    [OmnipathR] CURL: version: 8.5.0; headers: 8.5.0; ssl_version: OpenSSL/3.0.13; libz_version: 1.3; libssh_version: libssh/0.10.6/openssl/zlib; libidn_version: 2.3.7; host: x86_64-pc-linux-gnu; protocols: dict, file, ftp, ftps, gopher, gophers, http, https, imap, imaps, ldap, ldaps, mqtt, pop3, pop3s, rtmp, rtmpe, rtmps, rtmpt, rtmpte, rtmpts, rtsp, scp, sftp, smb, smbs, smtp, smtps, telnet, tftp; ipv6: TRUE; http2: TRUE; idn: TRUE; url_parser: TRUE
[2025-11-06 15:08:25] [TRACE]   [OmnipathR] Running on a build server, wiping cache.
[2025-11-06 15:08:25] [TRACE]   [OmnipathR] Cache is at `/home/biocbuild/.cache/OmnipathR`.
[2025-11-06 15:08:25] [TRACE]   [OmnipathR] Contains 1 files.
[2025-11-06 15:08:25] [TRACE]   [OmnipathR] Cache is locked: FALSE.
[2025-11-06 15:08:25] [TRACE]   [OmnipathR] Reading JSON from `/home/biocbuild/.cache/OmnipathR/cache.json` (encoding: UTF-8).
[2025-11-06 15:08:25] [TRACE]   [OmnipathR] JSON validation successful: TRUE
[2025-11-06 15:08:25] [SUCCESS] [OmnipathR] Removing all cache contents from `/home/biocbuild/.cache/OmnipathR`.
[2025-11-06 15:08:25] [TRACE]   [OmnipathR] Pandoc version: `2.7.3`.
[2025-11-06 15:08:25] [TRACE]   [OmnipathR] Reading JSON from `/home/biocbuild/bbs-3.23-bioc/R/site-library/OmnipathR/db/db_def.json` (encoding: UTF-8).
[2025-11-06 15:08:25] [TRACE]   [OmnipathR] JSON validation successful: TRUE
[2025-11-06 15:08:25] [TRACE]   [OmnipathR] Reading JSON from `/home/biocbuild/bbs-3.23-bioc/R/site-library/OmnipathR/internal/magic_bytes.json` (encoding: UTF-8).
[2025-11-06 15:08:25] [TRACE]   [OmnipathR] JSON validation successful: TRUE
[2025-11-06 15:08:25] [TRACE]   [OmnipathR] Reading JSON from `/home/biocbuild/bbs-3.23-bioc/R/site-library/OmnipathR/internal/urls.json` (encoding: UTF-8).
[2025-11-06 15:08:25] [TRACE]   [OmnipathR] JSON validation successful: TRUE
[2025-11-06 15:08:25] [TRACE]   [OmnipathR] Reading JSON from `/home/biocbuild/bbs-3.23-bioc/R/site-library/OmnipathR/internal/id_types.json` (encoding: UTF-8).
[2025-11-06 15:08:25] [TRACE]   [OmnipathR] JSON validation successful: TRUE
[2025-11-06 15:08:25] [TRACE]   [OmnipathR] Cache locked: FALSE
** testing if installed package keeps a record of temporary installation path
* DONE (OmnipathR)

Tests output

OmnipathR.Rcheck/tests/testthat.Rout


R Under development (unstable) (2025-10-20 r88955) -- "Unsuffered Consequences"
Copyright (C) 2025 The R Foundation for Statistical Computing
Platform: x86_64-pc-linux-gnu

R is free software and comes with ABSOLUTELY NO WARRANTY.
You are welcome to redistribute it under certain conditions.
Type 'license()' or 'licence()' for distribution details.

R is a collaborative project with many contributors.
Type 'contributors()' for more information and
'citation()' on how to cite R or R packages in publications.

Type 'demo()' for some demos, 'help()' for on-line help, or
'help.start()' for an HTML browser interface to help.
Type 'q()' to quit R.

> #!/usr/bin/env Rscript
> 
> #
> #  This file is part of the `OmnipathR` R package
> #
> #  Copyright
> #  2018-2024
> #  Saez Lab, Uniklinik RWTH Aachen, Heidelberg University
> #
> #  File author(s): Alberto Valdeolivas
> #                  Dénes Türei (turei.denes@gmail.com)
> #                  Attila Gábor
> #
> #  Distributed under the MIT (Expat) License.
> #  See accompanying file `LICENSE` or find a copy at
> #      https://directory.fsf.org/wiki/License:Expat
> #
> #  Website: https://r.omnipathdb.org/
> #  Git repo: https://github.com/saezlab/OmnipathR
> #
> 
> 
> library(testthat)
> library(OmnipathR)
[2025-11-07 02:14:27] [TRACE]   [OmnipathR] Reading JSON from `/home/biocbuild/.cache/OmnipathR/cache.json` (encoding: UTF-8).
[2025-11-07 02:14:27] [TRACE]   [OmnipathR] JSON validation successful: TRUE
[2025-11-07 02:14:28] [INFO]    [OmnipathR] Initialized cache: `/home/biocbuild/.cache/OmnipathR`.
[2025-11-07 02:14:28] [INFO]    [OmnipathR] Package `OmnipathR` packaged: NA
[2025-11-07 02:14:28] [INFO]    [OmnipathR] Package `OmnipathR` date/publication: 2025-11-06
[2025-11-07 02:14:28] [INFO]    [OmnipathR] Package `OmnipathR` built: R 4.6.0; ; 2025-11-06 20:08:07 UTC; unix
[2025-11-07 02:14:28] [INFO]    [OmnipathR] Package `OmnipathR` version: 3.19.0
[2025-11-07 02:14:28] [INFO]    [OmnipathR] Package `OmnipathR` repository: Bioconductor 3.23
[2025-11-07 02:14:29] [INFO]    [OmnipathR] Session info: [version=R Under development (unstable) (2025-10-20 r88955); os=Ubuntu 24.04.3 LTS; system=x86_64, linux-gnu; ui=X11; language=C; collate=C; ctype=en_US.UTF-8; tz=America/New_York; date=2025-11-07; pandoc=2.7.3 @ /usr/bin/ (via rmarkdown); quarto=1.8.25 @ /usr/local/bin/quarto]
[2025-11-07 02:14:29] [INFO]    [OmnipathR] External libraries: [cairo=1.18.0; cairoFT=; pango=1.52.1; png=1.6.43; jpeg=8.0; tiff=LIBTIFF, Version 4.5.1; tcl=8.6; curl=8.5.0; zlib=1.3; bzlib=1.0.8, 13-Jul-2019; xz=5.4.5; deflate=1.19; zstd=1.5.5; PCRE=10.42 2022-12-11; ICU=74.2; TRE=TRE 0.8.0 R_fixes (BSD); iconv=glibc 2.39; readline=8.2; BLAS=/home/biocbuild/bbs-3.23-bioc/R/lib/libRblas.so; lapack=/usr/lib/x86_64-linux-gnu/lapack/liblapack.so.3.12.0; lapack_version=3.12.0]
[2025-11-07 02:14:29] [INFO]    [OmnipathR] Loaded packages: backports 1.5.0(2024-05-23); bit 4.6.0(2025-03-06); bit64 4.6.0-1(2025-01-16); blob 1.2.4(2023-03-17); brio 1.1.5(2024-04-24); cachem 1.1.0(2024-05-16); cellranger 1.1.0(2016-07-27); checkmate 2.3.3(2025-08-18); cli 3.6.5(2025-04-23); crayon 1.5.3(2024-06-20); curl 7.0.0(2025-08-19); DBI 1.2.3(2024-06-02); digest 0.6.37(2024-08-19); dplyr 1.1.4(2023-11-17); evaluate 1.0.5(2025-08-27); fastmap 1.2.0(2024-05-15); fs 1.6.6(2025-04-12); generics 0.1.4(2025-05-09); glue 1.8.0(2024-09-30); hms 1.1.4(2025-10-17); htmltools 0.5.8.1(2024-04-04); httr 1.4.7(2023-08-15); httr2 1.2.1(2025-07-22); igraph 2.2.1(2025-10-27); jsonlite 2.0.0(2025-03-27); knitr 1.50(2025-03-16); later 1.4.4(2025-08-27); lifecycle 1.0.4(2023-11-07); logger 0.4.1(2025-09-11); lubridate 1.9.4(2024-12-08); magrittr 2.0.4(2025-09-12); memoise 2.0.1(2021-11-26); OmnipathR 3.19.0(2025-11-06); pillar 1.11.1(2025-09-17); pkgconfig 2.0.3(2019-09-22); prettyunits 1.2.0(2023-09-24); progress 1.2.3(2023-12-06); purrr 1.2.0(2025-11-04); R.methodsS3 1.8.2(2022-06-13); R.oo 1.27.1(2025-05-02); R.utils 2.13.0(2025-02-24); R6 2.6.1(2025-02-15); rappdirs 0.3.3(2021-01-31); Rcpp 1.1.0(2025-07-02); readr 2.1.5(2024-01-10); readxl 1.4.5(2025-03-07); rlang 1.1.6(2025-04-11); rmarkdown 2.30(2025-09-28); RSQLite 2.4.3(2025-08-20); rvest 1.0.5(2025-08-29); sessioninfo 1.2.3(2025-02-05); stringi 1.8.7(2025-03-27); stringr 1.6.0(2025-11-04); testthat 3.2.3(2025-01-13); tibble 3.3.0(2025-06-08); tidyr 1.3.1(2024-01-24); tidyselect 1.2.1(2024-03-11); timechange 0.3.0(2024-01-18); tzdb 0.5.0(2025-03-15); vctrs 0.6.5(2023-12-01); withr 3.0.2(2024-10-28); xfun 0.54(2025-10-30); XML 3.99-0.19(2025-08-22); xml2 1.4.1(2025-10-27); yaml 2.3.10(2024-07-26); zip 2.3.3(2025-05-13)
[2025-11-07 02:14:29] [INFO]    [OmnipathR] CURL: version: 8.5.0; headers: 8.5.0; ssl_version: OpenSSL/3.0.13; libz_version: 1.3; libssh_version: libssh/0.10.6/openssl/zlib; libidn_version: 2.3.7; host: x86_64-pc-linux-gnu; protocols: dict, file, ftp, ftps, gopher, gophers, http, https, imap, imaps, ldap, ldaps, mqtt, pop3, pop3s, rtmp, rtmpe, rtmps, rtmpt, rtmpte, rtmpts, rtsp, scp, sftp, smb, smbs, smtp, smtps, telnet, tftp; ipv6: TRUE; http2: TRUE; idn: TRUE; url_parser: TRUE
[2025-11-07 02:14:29] [TRACE]   [OmnipathR] Running on a build server, wiping cache.
[2025-11-07 02:14:29] [TRACE]   [OmnipathR] Cache is at `/home/biocbuild/.cache/OmnipathR`.
[2025-11-07 02:14:29] [TRACE]   [OmnipathR] Contains 11 files.
[2025-11-07 02:14:29] [TRACE]   [OmnipathR] Cache is locked: FALSE.
[2025-11-07 02:14:29] [TRACE]   [OmnipathR] Reading JSON from `/home/biocbuild/.cache/OmnipathR/cache.json` (encoding: UTF-8).
[2025-11-07 02:14:29] [TRACE]   [OmnipathR] JSON validation successful: TRUE
[2025-11-07 02:14:29] [SUCCESS] [OmnipathR] Removing all cache contents from `/home/biocbuild/.cache/OmnipathR`.
[2025-11-07 02:14:29] [TRACE]   [OmnipathR] Pandoc version: `2.7.3`.
[2025-11-07 02:14:29] [TRACE]   [OmnipathR] Reading JSON from `/home/biocbuild/bbs-3.23-bioc/R/site-library/OmnipathR/db/db_def.json` (encoding: UTF-8).
[2025-11-07 02:14:29] [TRACE]   [OmnipathR] JSON validation successful: TRUE
[2025-11-07 02:14:29] [TRACE]   [OmnipathR] Reading JSON from `/home/biocbuild/bbs-3.23-bioc/R/site-library/OmnipathR/internal/magic_bytes.json` (encoding: UTF-8).
[2025-11-07 02:14:29] [TRACE]   [OmnipathR] JSON validation successful: TRUE
[2025-11-07 02:14:29] [TRACE]   [OmnipathR] Reading JSON from `/home/biocbuild/bbs-3.23-bioc/R/site-library/OmnipathR/internal/urls.json` (encoding: UTF-8).
[2025-11-07 02:14:29] [TRACE]   [OmnipathR] JSON validation successful: TRUE
[2025-11-07 02:14:29] [TRACE]   [OmnipathR] Reading JSON from `/home/biocbuild/bbs-3.23-bioc/R/site-library/OmnipathR/internal/id_types.json` (encoding: UTF-8).
[2025-11-07 02:14:29] [TRACE]   [OmnipathR] JSON validation successful: TRUE
[2025-11-07 02:14:29] [TRACE]   [OmnipathR] Cache locked: FALSE
> 
> test_check('OmnipathR')
[ FAIL 0 | WARN 12 | SKIP 0 | PASS 38 ]

[ FAIL 0 | WARN 12 | SKIP 0 | PASS 38 ]
> 
> proc.time()
   user  system elapsed 
 57.425   3.675 100.189 

Example timings

OmnipathR.Rcheck/OmnipathR-Ex.timings

nameusersystemelapsed
OmnipathR0.0000.0000.001
all_uniprot_acs0.0180.0000.018
all_uniprots23.848 1.92741.669
ancestors0.0080.0010.010
annotated_network1.7450.0994.651
annotation_categories79.495 0.06680.752
annotation_resources0.1710.0410.842
annotations0.7800.1021.673
biomart_query1.2360.0853.808
bioplex10.0090.0000.009
bioplex20.0080.0000.009
bioplex30.0080.0000.009
bioplex_all0.0090.0000.009
bioplex_hct116_10.0090.0000.008
bma_motif_es0.7390.0761.509
bma_motif_vs0.3330.0511.013
chalmers_gem0.0150.0020.017
chalmers_gem_id_mapping_table0.0140.0010.015
chalmers_gem_id_type0.0030.0010.003
chalmers_gem_metabolites0.0130.0010.015
chalmers_gem_network0.0090.0050.015
chalmers_gem_raw0.0100.0040.014
chalmers_gem_reactions0.0090.0040.014
common_name0.1300.0100.141
complex_genes0.8890.0672.531
complex_resources0.1740.0090.767
complexes0.2720.0060.896
consensuspathdb_download0.0000.0010.001
consensuspathdb_raw_table0.0080.0010.009
cosmos_pkn000
curated_ligand_receptor_interactions 7.221 0.75616.725
curated_ligrec_stats 43.692 3.572111.435
database_summary1.5980.1753.076
descendants0.0100.0000.009
ensembl_dataset0.0540.0000.054
ensembl_id_mapping_table 2.514 0.27218.702
ensembl_id_type0.0030.0010.002
ensembl_name0.2980.0170.315
ensembl_organisms0.1040.0190.124
ensembl_organisms_raw0.1160.0150.132
ensembl_orthology0.0000.0000.001
enzsub_graph2.1320.1184.247
enzsub_resources0.1030.0080.863
enzyme_substrate1.0970.0211.790
evex_download0.0080.0010.008
evidences0.0010.0000.000
extra_attr_values12.728 1.69716.535
extra_attrs7.5731.1168.722
extra_attrs_to_cols14.143 1.28315.451
filter_by_resource 8.358 0.26410.726
filter_extra_attrs24.697 4.38429.784
filter_intercell11.822 0.78020.790
filter_intercell_network0.0550.0030.057
find_all_paths12.051 0.50516.257
from_evidences000
get_db000
get_ontology_db0.0090.0010.010
giant_component23.556 1.35339.867
go_annot_download18.245 1.75323.950
go_annot_slim0.0000.0010.000
go_ontology_download0.0200.0030.036
guide2pharma_download0.0220.0010.037
harmonizome_download0.0170.0000.018
has_extra_attrs17.575 1.94122.846
hmdb_id_mapping_table0.0090.0020.011
hmdb_id_type0.0020.0010.003
hmdb_metabolite_fields0.0000.0010.001
hmdb_protein_fields0.0000.0000.001
hmdb_table0.0110.0010.011
homologene_download0.0100.0010.011
homologene_raw0.0730.0010.073
homologene_uniprot_orthology0.0100.0020.012
hpo_download3.4140.3864.581
htridb_download0.0100.0010.011
id_translation_resources000
id_types0.0470.0140.061
inbiomap_download000
inbiomap_raw000
interaction_datasets0.8400.1581.331
interaction_graph0.4660.0131.272
interaction_resources0.1880.0070.814
interaction_types0.0840.0060.090
intercell0.9280.2652.062
intercell_categories0.8200.0571.066
intercell_consensus_filter1.5780.2073.390
intercell_generic_categories0.0850.0030.088
intercell_network0.0100.0000.009
intercell_resources0.1300.0090.762
intercell_summary0.0860.0180.103
is_ontology_id0.0000.0000.001
is_swissprot0.0570.0160.073
is_trembl0.0860.0080.094
is_uniprot0.0080.0090.017
kegg_api_templates0.0000.0030.003
kegg_conv 2.923 0.12416.870
kegg_databases0.0000.0020.002
kegg_ddi1.6060.0573.505
kegg_find1.4710.0453.569
kegg_info0.0230.0010.050
kegg_link1.8890.1758.367
kegg_list1.3610.0552.926
kegg_open0.0130.0000.013
kegg_operations0.0010.0000.001
kegg_organism_codes0.0090.0800.089
kegg_organisms0.0290.0010.030
kegg_pathway_annotations000
kegg_pathway_download0.0130.0010.014
kegg_pathway_list0.0120.0000.012
kegg_pathways_download000
kegg_picture1.3850.0346.494
kegg_process0.0140.0030.017
kegg_query0.0080.0000.008
kegg_request0.0620.0030.064
kegg_rm_prefix1.4440.1386.466
kinasephos 2.285 0.26018.990
latin_name0.5140.0190.702
load_db0.1620.0160.178
metalinksdb_sqlite 2.866 0.39112.316
metalinksdb_table0.4410.0440.484
metalinksdb_tables0.0240.0030.027
ncbi_taxid0.3520.0110.361
nichenet_build_model000
nichenet_expression_data0.0100.0020.011
nichenet_gr_network0.0240.0040.027
nichenet_gr_network_evex0.0090.0000.010
nichenet_gr_network_harmonizome0.010.000.01
nichenet_gr_network_htridb0.0080.0020.010
nichenet_gr_network_omnipath34.340 1.55252.276
nichenet_gr_network_pathwaycommons0.0090.0000.010
nichenet_gr_network_regnetwork0.0080.0010.009
nichenet_gr_network_remap0.0090.0000.009
nichenet_gr_network_trrust0.0090.0000.009
nichenet_ligand_activities0.0010.0000.001
nichenet_ligand_target_links0.0010.0000.001
nichenet_ligand_target_matrix000
nichenet_lr_network0.0250.0030.028
nichenet_lr_network_guide2pharma0.0100.0000.009
nichenet_lr_network_omnipath0.0290.0010.031
nichenet_lr_network_ramilowski0.0750.0010.075
nichenet_main0.0000.0010.000
nichenet_networks0.0430.0050.048
nichenet_optimization0.0000.0000.001
nichenet_remove_orphan_ligands0.0330.0020.035
nichenet_results_dir000
nichenet_signaling_network0.0390.0050.043
nichenet_signaling_network_cpdb0.0120.0020.015
nichenet_signaling_network_evex0.0120.0010.014
nichenet_signaling_network_harmonizome0.0110.0010.013
nichenet_signaling_network_inbiomap0.0010.0000.000
nichenet_signaling_network_omnipath23.436 0.81244.611
nichenet_signaling_network_pathwaycommons0.0350.0010.072
nichenet_signaling_network_vinayagam0.0330.0000.067
nichenet_test0.0000.0000.001
nichenet_workarounds0.0010.0000.000
obo_parser0.2940.0220.829
oma_code0.2960.0030.470
oma_organisms0.1810.0140.316
oma_pairwise0.0330.0000.067
oma_pairwise_genesymbols0.0300.0000.063
oma_pairwise_translated0.0210.0020.034
omnipath-interactions42.211 2.23972.018
omnipath_cache_autoclean0.0000.0000.001
omnipath_cache_clean0.0080.0010.009
omnipath_cache_clean_db0.0850.0100.096
omnipath_cache_download_ready0.5000.0670.594
omnipath_cache_filter_versions0.1050.0120.122
omnipath_cache_get0.0630.0060.068
omnipath_cache_key0.0010.0000.001
omnipath_cache_latest_or_new0.0450.0050.050
omnipath_cache_load0.7890.0322.774
omnipath_cache_move_in0.1230.0150.143
omnipath_cache_remove0.1200.0130.136
omnipath_cache_save0.2160.0210.347
omnipath_cache_search0.0000.0000.001
omnipath_cache_set_ext0.0710.0120.087
omnipath_cache_update_status0.0700.0070.077
omnipath_cache_wipe000
omnipath_config_path0.0000.0010.001
omnipath_for_cosmos10.422 0.65629.370
omnipath_load_config000
omnipath_log0.0000.0010.000
omnipath_logfile0.0020.0000.002
omnipath_msg0.0050.0010.006
omnipath_query3.9810.1494.126
omnipath_reset_config000
omnipath_save_config0.0000.0000.001
omnipath_set_cachedir0.0250.0030.028
omnipath_set_console_loglevel0.0040.0000.004
omnipath_set_logfile_loglevel0.0040.0000.004
omnipath_set_loglevel0.0030.0000.002
omnipath_show_db0.0660.0040.071
omnipath_unlock_cache_db0.0010.0000.000
only_from000
ontology_ensure_id0.0010.0000.001
ontology_ensure_name0.0010.0000.001
ontology_name_id0.0010.0000.002
organism_for0.1930.0090.201
pathwaycommons_download0.0000.0010.001
pivot_annotations13.414 1.15723.971
preppi_download0.0010.0000.002
preppi_filter0.0020.0000.001
print_bma_motif_es0.6540.0481.571
print_bma_motif_vs0.3490.0161.089
print_interactions 6.895 0.39411.090
print_path_es1.6010.2593.571
print_path_vs4.7230.3958.370
pubmed_open6.9240.2817.199
query_info0.4950.0060.799
ramilowski_download0.0010.0000.000
ramp_id_mapping_table0.0000.0000.001
ramp_id_type0.0020.0010.003
ramp_sqlite0.0000.0010.001
ramp_table0.0000.0010.001
ramp_tables0.0000.0010.001