Back to Multiple platform build/check report for BioC 3.21: simplified long |
|
This page was generated on 2025-01-28 11:47 -0500 (Tue, 28 Jan 2025).
Hostname | OS | Arch (*) | R version | Installed pkgs |
---|---|---|---|---|
nebbiolo1 | Linux (Ubuntu 24.04.1 LTS) | x86_64 | R Under development (unstable) (2025-01-20 r87609) -- "Unsuffered Consequences" | 4659 |
palomino7 | Windows Server 2022 Datacenter | x64 | R Under development (unstable) (2025-01-21 r87610 ucrt) -- "Unsuffered Consequences" | 4454 |
lconway | macOS 12.7.1 Monterey | x86_64 | R Under development (unstable) (2025-01-22 r87618) -- "Unsuffered Consequences" | 4465 |
kjohnson3 | macOS 13.7.1 Ventura | arm64 | R Under development (unstable) (2025-01-20 r87609) -- "Unsuffered Consequences" | 4419 |
kunpeng2 | Linux (openEuler 22.03 LTS-SP1) | aarch64 | R Under development (unstable) (2024-11-24 r87369) -- "Unsuffered Consequences" | 4409 |
Click on any hostname to see more info about the system (e.g. compilers) (*) as reported by 'uname -p', except on Windows and Mac OS X |
Package 803/2286 | Hostname | OS / Arch | INSTALL | BUILD | CHECK | BUILD BIN | ||||||||
GeneStructureTools 1.27.0 (landing page) Beth Signal
| nebbiolo1 | Linux (Ubuntu 24.04.1 LTS) / x86_64 | OK | OK | OK | |||||||||
palomino7 | Windows Server 2022 Datacenter / x64 | OK | OK | OK | OK | |||||||||
lconway | macOS 12.7.1 Monterey / x86_64 | OK | OK | OK | OK | |||||||||
kjohnson3 | macOS 13.7.1 Ventura / arm64 | OK | OK | OK | OK | |||||||||
kunpeng2 | Linux (openEuler 22.03 LTS-SP1) / aarch64 | OK | OK | WARNINGS | ||||||||||
To the developers/maintainers of the GeneStructureTools package: - Allow up to 24 hours (and sometimes 48 hours) for your latest push to git@git.bioconductor.org:packages/GeneStructureTools.git to reflect on this report. See Troubleshooting Build Report for more information. - Use the following Renviron settings to reproduce errors and warnings. - If 'R CMD check' started to fail recently on the Linux builder(s) over a missing dependency, add the missing dependency to 'Suggests:' in your DESCRIPTION file. See Renviron.bioc for more information. - See Martin Grigorov's blog post for how to debug Linux ARM64 related issues on a x86_64 host. |
Package: GeneStructureTools |
Version: 1.27.0 |
Command: /home/biocbuild/R/R/bin/R CMD check --install=check:GeneStructureTools.install-out.txt --library=/home/biocbuild/R/R/site-library --no-vignettes --timings GeneStructureTools_1.27.0.tar.gz |
StartedAt: 2025-01-28 10:53:26 -0000 (Tue, 28 Jan 2025) |
EndedAt: 2025-01-28 11:01:59 -0000 (Tue, 28 Jan 2025) |
EllapsedTime: 513.4 seconds |
RetCode: 0 |
Status: WARNINGS |
CheckDir: GeneStructureTools.Rcheck |
Warnings: 5 |
############################################################################## ############################################################################## ### ### Running command: ### ### /home/biocbuild/R/R/bin/R CMD check --install=check:GeneStructureTools.install-out.txt --library=/home/biocbuild/R/R/site-library --no-vignettes --timings GeneStructureTools_1.27.0.tar.gz ### ############################################################################## ############################################################################## * using log directory ‘/home/biocbuild/bbs-3.21-bioc/meat/GeneStructureTools.Rcheck’ * using R Under development (unstable) (2024-11-24 r87369) * using platform: aarch64-unknown-linux-gnu * R was compiled by aarch64-unknown-linux-gnu-gcc (GCC) 14.2.0 GNU Fortran (GCC) 14.2.0 * running under: openEuler 24.03 (LTS) * using session charset: UTF-8 * using option ‘--no-vignettes’ * checking for file ‘GeneStructureTools/DESCRIPTION’ ... OK * checking extension type ... Package * this is package ‘GeneStructureTools’ version ‘1.27.0’ * package encoding: UTF-8 * checking package namespace information ... OK * checking package dependencies ... OK * checking if this is a source package ... OK * checking if there is a namespace ... OK * checking for hidden files and directories ... OK * checking for portable file names ... OK * checking for sufficient/correct file permissions ... OK * checking whether package ‘GeneStructureTools’ can be installed ... WARNING Found the following significant warnings: Warning: program compiled against libxml 212 using older 211 See ‘/home/biocbuild/bbs-3.21-bioc/meat/GeneStructureTools.Rcheck/00install.out’ for details. * checking installed package size ... OK * checking package directory ... OK * checking ‘build’ directory ... OK * checking DESCRIPTION meta-information ... OK * checking top-level files ... OK * checking for left-over files ... OK * checking index information ... OK * checking package subdirectories ... OK * checking code files for non-ASCII characters ... OK * checking R files for syntax errors ... OK * checking whether the package can be loaded ... OK * checking whether the package can be loaded with stated dependencies ... OK * checking whether the package can be unloaded cleanly ... OK * checking whether the namespace can be loaded with stated dependencies ... NOTE Warning: program compiled against libxml 212 using older 211 A namespace must be able to be loaded with just the base namespace loaded: otherwise if the namespace gets loaded by a saved object, the session will be unable to start. Probably some imports need to be declared in the NAMESPACE file. * checking whether the namespace can be unloaded cleanly ... OK * checking loading without being on the library search path ... OK * checking dependencies in R code ... NOTE Warning: program compiled against libxml 212 using older 211 * checking S3 generic/method consistency ... WARNING Warning: program compiled against libxml 212 using older 211 See section ‘Generic functions and methods’ in the ‘Writing R Extensions’ manual. * checking replacement functions ... WARNING Warning: program compiled against libxml 212 using older 211 The argument of a replacement function which corresponds to the right hand side must be named ‘value’. * checking foreign function calls ... NOTE Warning: program compiled against libxml 212 using older 211 See chapter ‘System and foreign language interfaces’ in the ‘Writing R Extensions’ manual. * checking R code for possible problems ... NOTE Warning: program compiled against libxml 212 using older 211 * checking Rd files ... OK * checking Rd metadata ... OK * checking Rd cross-references ... OK * checking for missing documentation entries ... WARNING Warning: program compiled against libxml 212 using older 211 All user-level objects in a package should have documentation entries. See chapter ‘Writing R documentation files’ in the ‘Writing R Extensions’ manual. * checking for code/documentation mismatches ... WARNING Warning: program compiled against libxml 212 using older 211 Warning: program compiled against libxml 212 using older 211 Warning: program compiled against libxml 212 using older 211 * checking Rd \usage sections ... NOTE Warning: program compiled against libxml 212 using older 211 The \usage entries for S3 methods should use the \method markup and not their full name. See chapter ‘Writing R documentation files’ in the ‘Writing R Extensions’ manual. * checking Rd contents ... OK * checking for unstated dependencies in examples ... OK * checking files in ‘vignettes’ ... OK * checking examples ... OK Examples with CPU (user + system) or elapsed time > 5s user system elapsed leafcutterTranscriptChangeSummary 31.839 0.243 32.162 whippetTranscriptChangeSummary 17.332 0.126 17.505 replaceJunction 5.562 0.058 5.634 alternativeIntronUsage 5.584 0.028 5.621 * checking for unstated dependencies in vignettes ... OK * checking package vignettes ... OK * checking running R code from vignettes ... SKIPPED * checking re-building of vignette outputs ... SKIPPED * checking PDF version of manual ... OK * DONE Status: 5 WARNINGs, 5 NOTEs See ‘/home/biocbuild/bbs-3.21-bioc/meat/GeneStructureTools.Rcheck/00check.log’ for details.
GeneStructureTools.Rcheck/00install.out
############################################################################## ############################################################################## ### ### Running command: ### ### /home/biocbuild/R/R/bin/R CMD INSTALL GeneStructureTools ### ############################################################################## ############################################################################## * installing to library ‘/home/biocbuild/R/R-4.5.0-devel_2024-11-24/site-library’ * installing *source* package ‘GeneStructureTools’ ... ** using staged installation ** R ** inst ** byte-compile and prepare package for lazy loading Warning: program compiled against libxml 212 using older 211 ** help *** installing help indices ** building package indices ** installing vignettes ** testing if installed package can be loaded from temporary location Warning: program compiled against libxml 212 using older 211 ** testing if installed package can be loaded from final location Warning: program compiled against libxml 212 using older 211 ** testing if installed package keeps a record of temporary installation path * DONE (GeneStructureTools)
GeneStructureTools.Rcheck/GeneStructureTools-Ex.timings
name | user | system | elapsed | |
DEXSeqIdsToGeneIds | 0.003 | 0.000 | 0.004 | |
UTR2UTR53 | 3.010 | 0.140 | 3.159 | |
addBroadTypes | 0.224 | 0.004 | 0.228 | |
addIntronInTranscript | 2.407 | 0.052 | 2.472 | |
alternativeIntronUsage | 5.584 | 0.028 | 5.621 | |
annotateGeneModel | 1.097 | 0.024 | 1.128 | |
attrChangeAltSpliced | 1.580 | 0.065 | 1.661 | |
coordinates-methods | 0.079 | 0.022 | 0.099 | |
diffSplicingResults-methods | 0.077 | 0.027 | 0.103 | |
exonsToTranscripts | 0.415 | 0.004 | 0.421 | |
filterGtfOverlap | 0.349 | 0.004 | 0.354 | |
filterWhippetEvents | 0.092 | 0.018 | 0.109 | |
findDEXexonType | 4.750 | 0.135 | 4.901 | |
findExonContainingTranscripts | 0.565 | 0.028 | 0.594 | |
findIntronContainingTranscripts | 0.860 | 0.080 | 0.943 | |
findJunctionPairs | 1.823 | 0.038 | 1.863 | |
formatWhippetEvents | 0.023 | 0.000 | 0.021 | |
getOrfs | 0.946 | 0.008 | 0.969 | |
getUOrfs | 0.738 | 0.040 | 0.780 | |
junctions-methods | 0.077 | 0.023 | 0.100 | |
leafcutterTranscriptChangeSummary | 31.839 | 0.243 | 32.162 | |
makeGeneModel | 0.232 | 0.008 | 0.240 | |
maxLocation | 0.004 | 0.000 | 0.004 | |
orfDiff | 2.186 | 0.030 | 2.224 | |
orfSimilarity | 0.001 | 0.000 | 0.001 | |
overlapTypes | 3.252 | 0.000 | 3.260 | |
readCounts-methods | 0.075 | 0.032 | 0.107 | |
readWhippetDIFFfiles | 0.004 | 0.006 | 0.009 | |
readWhippetDataSet | 0.089 | 0.014 | 0.102 | |
readWhippetJNCfiles | 0.042 | 0.004 | 0.047 | |
readWhippetPSIfiles | 0.012 | 0.016 | 0.028 | |
removeDuplicateTranscripts | 0.341 | 0.004 | 0.346 | |
removeSameExon | 0.290 | 0.004 | 0.295 | |
removeVersion | 0 | 0 | 0 | |
reorderExonNumbers | 0.221 | 0.000 | 0.222 | |
replaceJunction | 5.562 | 0.058 | 5.634 | |
skipExonInTranscript | 2.025 | 0.041 | 2.070 | |
summariseExonTypes | 3.615 | 0.025 | 3.649 | |
transcriptChangeSummary | 2.106 | 0.043 | 2.154 | |
whippetTranscriptChangeSummary | 17.332 | 0.126 | 17.505 | |