| Back to Multiple platform build/check report for BioC 3.22: simplified long |
|
This page was generated on 2025-08-15 12:06 -0400 (Fri, 15 Aug 2025).
| Hostname | OS | Arch (*) | R version | Installed pkgs |
|---|---|---|---|---|
| nebbiolo2 | Linux (Ubuntu 24.04.3 LTS) | x86_64 | 4.5.1 (2025-06-13) -- "Great Square Root" | 4818 |
| palomino8 | Windows Server 2022 Datacenter | x64 | 4.5.1 (2025-06-13 ucrt) -- "Great Square Root" | 4554 |
| lconway | macOS 12.7.1 Monterey | x86_64 | 4.5.1 (2025-06-13) -- "Great Square Root" | 4595 |
| kjohnson3 | macOS 13.7.7 Ventura | arm64 | 4.5.1 Patched (2025-06-14 r88325) -- "Great Square Root" | 4537 |
| taishan | Linux (openEuler 24.03 LTS) | aarch64 | 4.5.0 (2025-04-11) -- "How About a Twenty-Six" | 4535 |
| Click on any hostname to see more info about the system (e.g. compilers) (*) as reported by 'uname -p', except on Windows and Mac OS X | ||||
| Package 352/2317 | Hostname | OS / Arch | INSTALL | BUILD | CHECK | BUILD BIN | ||||||||
| ChromSCape 1.19.1 (landing page) Pacome Prompsy
| nebbiolo2 | Linux (Ubuntu 24.04.3 LTS) / x86_64 | OK | OK | WARNINGS | |||||||||
| palomino8 | Windows Server 2022 Datacenter / x64 | OK | OK | WARNINGS | OK | |||||||||
| lconway | macOS 12.7.1 Monterey / x86_64 | OK | OK | WARNINGS | OK | |||||||||
| kjohnson3 | macOS 13.7.7 Ventura / arm64 | OK | OK | WARNINGS | OK | |||||||||
| taishan | Linux (openEuler 24.03 LTS) / aarch64 | OK | OK | WARNINGS | ||||||||||
|
To the developers/maintainers of the ChromSCape package: - Allow up to 24 hours (and sometimes 48 hours) for your latest push to git@git.bioconductor.org:packages/ChromSCape.git to reflect on this report. See Troubleshooting Build Report for more information. - Use the following Renviron settings to reproduce errors and warnings. - If 'R CMD check' started to fail recently on the Linux builder(s) over a missing dependency, add the missing dependency to 'Suggests:' in your DESCRIPTION file. See Renviron.bioc for more information. |
| Package: ChromSCape |
| Version: 1.19.1 |
| Command: F:\biocbuild\bbs-3.22-bioc\R\bin\R.exe CMD check --no-multiarch --install=check:ChromSCape.install-out.txt --library=F:\biocbuild\bbs-3.22-bioc\R\library --no-vignettes --timings ChromSCape_1.19.1.tar.gz |
| StartedAt: 2025-08-15 01:37:34 -0400 (Fri, 15 Aug 2025) |
| EndedAt: 2025-08-15 01:55:49 -0400 (Fri, 15 Aug 2025) |
| EllapsedTime: 1095.4 seconds |
| RetCode: 0 |
| Status: WARNINGS |
| CheckDir: ChromSCape.Rcheck |
| Warnings: 1 |
##############################################################################
##############################################################################
###
### Running command:
###
### F:\biocbuild\bbs-3.22-bioc\R\bin\R.exe CMD check --no-multiarch --install=check:ChromSCape.install-out.txt --library=F:\biocbuild\bbs-3.22-bioc\R\library --no-vignettes --timings ChromSCape_1.19.1.tar.gz
###
##############################################################################
##############################################################################
* using log directory 'F:/biocbuild/bbs-3.22-bioc/meat/ChromSCape.Rcheck'
* using R version 4.5.1 (2025-06-13 ucrt)
* using platform: x86_64-w64-mingw32
* R was compiled by
gcc.exe (GCC) 14.2.0
GNU Fortran (GCC) 14.2.0
* running under: Windows Server 2022 x64 (build 20348)
* using session charset: UTF-8
* using option '--no-vignettes'
* checking for file 'ChromSCape/DESCRIPTION' ... OK
* this is package 'ChromSCape' version '1.19.1'
* package encoding: UTF-8
* checking package namespace information ... OK
* checking package dependencies ... INFO
Imports includes 51 non-default packages.
Importing from so many packages makes the package vulnerable to any of
them becoming unavailable. Move as many as possible to Suggests and
use conditionally.
* checking if this is a source package ... OK
* checking if there is a namespace ... OK
* checking for hidden files and directories ... NOTE
Found the following hidden files and directories:
.BBSoptions
These were most likely included in error. See section 'Package
structure' in the 'Writing R Extensions' manual.
* checking for portable file names ... OK
* checking whether package 'ChromSCape' can be installed ... OK
* used C++ compiler: 'G__~1.EXE (GCC) 14.2.0'
* checking installed package size ... INFO
installed size is 5.7Mb
sub-directories of 1Mb or more:
data 1.7Mb
www 2.1Mb
* checking package directory ... OK
* checking 'build' directory ... OK
* checking DESCRIPTION meta-information ... OK
* checking top-level files ... OK
* checking for left-over files ... OK
* checking index information ... OK
* checking package subdirectories ... OK
* checking code files for non-ASCII characters ... OK
* checking R files for syntax errors ... OK
* checking whether the package can be loaded ... OK
* checking whether the package can be loaded with stated dependencies ... OK
* checking whether the package can be unloaded cleanly ... OK
* checking whether the namespace can be loaded with stated dependencies ... OK
* checking whether the namespace can be unloaded cleanly ... OK
* checking whether startup messages can be suppressed ... OK
* checking dependencies in R code ... WARNING
'loadNamespace' or 'requireNamespace' call not declared from: 'flexdashboard'
* checking S3 generic/method consistency ... OK
* checking replacement functions ... OK
* checking foreign function calls ... OK
* checking R code for possible problems ... NOTE
bams_to_matrix_indexes: no visible binding for global variable
'files_dir_list'
enrich_TF_ChEA3_genes: no visible binding for global variable
'CheA3_TF_nTargets'
filter_correlated_cell_scExp: no visible binding for global variable
'run_tsne'
generate_analysis: no visible global function definition for 'head'
generate_analysis: no visible binding for global variable 'k'
generate_analysis: no visible binding for global variable
'clusterConsensus'
get_most_variable_cyto: no visible binding for global variable
'cytoBand'
get_most_variable_cyto: no visible binding for global variable
'Fri_cyto'
num_cell_after_QC_filt_scExp: no visible binding for global variable
'sample_id'
num_cell_after_QC_filt_scExp: no visible binding for global variable
'total_counts'
num_cell_scExp: no visible binding for global variable 'sample_id'
num_cell_scExp: no visible binding for global variable 'total_counts'
plot_correlation_PCA_scExp: no visible binding for global variable
'Component'
plot_coverage_BigWig: no visible binding for global variable 'molecule'
plot_coverage_BigWig: no visible binding for global variable
'orientation'
plot_coverage_BigWig: no visible binding for global variable 'Gene'
plot_gain_or_loss_barplots: no visible binding for global variable
'Gain_or_Loss'
plot_gain_or_loss_barplots: no visible binding for global variable
'ncells'
plot_gain_or_loss_barplots: no visible binding for global variable
'cytoBand'
plot_most_contributing_features: no visible binding for global variable
'genes'
plot_percent_active_feature_scExp: no visible binding for global
variable 'group'
plot_percent_active_feature_scExp: no visible binding for global
variable 'percent_active'
plot_pie_most_contributing_chr: no visible binding for global variable
'absolute_value'
plot_reduced_dim_scExp: no visible binding for global variable 'V1'
plot_reduced_dim_scExp: no visible binding for global variable 'V2'
plot_reduced_dim_scExp: no visible binding for global variable
'cluster'
plot_top_TF_scExp: no visible binding for global variable 'TF'
rebin_helper: no visible binding for global variable 'new_row'
rebin_helper: no visible binding for global variable 'origin_value'
rebin_matrix: no visible binding for global variable 'group'
subset_bam_call_peaks: no visible binding for global variable
'merged_bam'
Undefined global functions or variables:
CheA3_TF_nTargets Component Fri_cyto Gain_or_Loss Gene TF V1 V2
absolute_value cluster clusterConsensus cytoBand files_dir_list genes
group head k merged_bam molecule ncells new_row orientation
origin_value percent_active run_tsne sample_id total_counts
Consider adding
importFrom("utils", "head")
to your NAMESPACE file.
* checking Rd files ... OK
* checking Rd metadata ... OK
* checking Rd cross-references ... OK
* checking for missing documentation entries ... OK
* checking for code/documentation mismatches ... OK
* checking Rd \usage sections ... OK
* checking Rd contents ... OK
* checking for unstated dependencies in examples ... OK
* checking contents of 'data' directory ... OK
* checking data for non-ASCII characters ... OK
* checking data for ASCII and uncompressed saves ... OK
* checking line endings in C/C++/Fortran sources/headers ... OK
* checking compiled code ... NOTE
Note: information on .o files for x64 is not available
File 'F:/biocbuild/bbs-3.22-bioc/R/library/ChromSCape/libs/x64/ChromSCape.dll':
Found '_exit', possibly from '_exit' (C)
Found 'abort', possibly from 'abort' (C), 'runtime' (Fortran)
Found 'exit', possibly from 'exit' (C), 'stop' (Fortran)
Compiled code should not call entry points which might terminate R nor
write to stdout/stderr instead of to the console, nor use Fortran I/O
nor system RNGs nor [v]sprintf. The detected symbols are linked into
the code but might come from libraries and not actually be called.
See 'Writing portable packages' in the 'Writing R Extensions' manual.
* checking files in 'vignettes' ... OK
* checking examples ... OK
Examples with CPU (user + system) or elapsed time > 5s
user system elapsed
get_pathway_mat_scExp 100.03 4.29 104.39
plot_gain_or_loss_barplots 63.81 0.83 64.68
calculate_CNA 31.21 1.25 32.49
plot_reduced_dim_scExp_CNA 31.33 0.36 31.72
calculate_logRatio_CNA 30.03 0.61 30.64
calculate_gain_or_loss 29.72 0.75 30.49
calculate_cyto_mat 28.13 0.67 28.79
get_most_variable_cyto 27.65 0.35 28.01
get_cyto_features 25.62 0.36 26.00
num_cell_after_cor_filt_scExp 15.56 0.15 15.75
CompareedgeRGLM 11.89 0.39 12.29
preprocessing_filtering_and_reduction 11.97 0.06 12.05
filter_correlated_cell_scExp 11.72 0.19 11.93
import_scExp 10.19 0.13 10.30
create_scDataset_raw 8.24 0.83 9.06
rebin_matrix 8.99 0.00 27.00
differential_activation 7.20 0.10 7.30
CompareWilcox 5.43 0.35 57.75
choose_cluster_scExp 4.48 0.83 5.32
enrich_TF_ChEA3_scExp 2.47 0.31 5.86
* checking for unstated dependencies in 'tests' ... OK
* checking tests ...
Running 'testthat.R'
OK
* checking for unstated dependencies in vignettes ... OK
* checking package vignettes ... OK
* checking running R code from vignettes ... SKIPPED
* checking re-building of vignette outputs ... SKIPPED
* checking PDF version of manual ... OK
* DONE
Status: 1 WARNING, 3 NOTEs
See
'F:/biocbuild/bbs-3.22-bioc/meat/ChromSCape.Rcheck/00check.log'
for details.
ChromSCape.Rcheck/00install.out
############################################################################## ############################################################################## ### ### Running command: ### ### F:\biocbuild\bbs-3.22-bioc\R\bin\R.exe CMD INSTALL ChromSCape ### ############################################################################## ############################################################################## * installing to library 'F:/biocbuild/bbs-3.22-bioc/R/library' * installing *source* package 'ChromSCape' ... ** this is package 'ChromSCape' version '1.19.1' ** using staged installation ** libs using C++ compiler: 'G__~1.EXE (GCC) 14.2.0' g++ -std=gnu++17 -I"F:/biocbuild/bbs-3.22-bioc/R/include" -DNDEBUG -I'F:/biocbuild/bbs-3.22-bioc/R/library/Rcpp/include' -I"C:/rtools45/x86_64-w64-mingw32.static.posix/include" -O2 -Wall -mfpmath=sse -msse2 -mstackrealign -c RcppExports.cpp -o RcppExports.o g++ -std=gnu++17 -I"F:/biocbuild/bbs-3.22-bioc/R/include" -DNDEBUG -I'F:/biocbuild/bbs-3.22-bioc/R/library/Rcpp/include' -I"C:/rtools45/x86_64-w64-mingw32.static.posix/include" -O2 -Wall -mfpmath=sse -msse2 -mstackrealign -c as_dist.cpp -o as_dist.o g++ -std=gnu++17 -shared -s -static-libgcc -o ChromSCape.dll tmp.def RcppExports.o as_dist.o -LC:/rtools45/x86_64-w64-mingw32.static.posix/lib/x64 -LC:/rtools45/x86_64-w64-mingw32.static.posix/lib -LF:/biocbuild/bbs-3.22-bioc/R/bin/x64 -lR installing to F:/biocbuild/bbs-3.22-bioc/R/library/00LOCK-ChromSCape/00new/ChromSCape/libs/x64 ** R ** data ** inst ** byte-compile and prepare package for lazy loading ** help *** installing help indices ** building package indices ** installing vignettes ** testing if installed package can be loaded from temporary location ** testing if installed package can be loaded from final location ** testing if installed package keeps a record of temporary installation path * DONE (ChromSCape)
ChromSCape.Rcheck/tests/testthat.Rout
R version 4.5.1 (2025-06-13 ucrt) -- "Great Square Root"
Copyright (C) 2025 The R Foundation for Statistical Computing
Platform: x86_64-w64-mingw32/x64
R is free software and comes with ABSOLUTELY NO WARRANTY.
You are welcome to redistribute it under certain conditions.
Type 'license()' or 'licence()' for distribution details.
R is a collaborative project with many contributors.
Type 'contributors()' for more information and
'citation()' on how to cite R or R packages in publications.
Type 'demo()' for some demos, 'help()' for on-line help, or
'help.start()' for an HTML browser interface to help.
Type 'q()' to quit R.
> library(testthat)
> library(ChromSCape)
>
> test_check("ChromSCape")
[ FAIL 0 | WARN 2 | SKIP 0 | PASS 11 ]
[ FAIL 0 | WARN 2 | SKIP 0 | PASS 11 ]
>
> proc.time()
user system elapsed
42.92 2.59 79.81
ChromSCape.Rcheck/ChromSCape-Ex.timings
| name | user | system | elapsed | |
| CheA3_TF_nTargets | 0.03 | 0.00 | 0.03 | |
| CompareWilcox | 5.43 | 0.35 | 57.75 | |
| CompareedgeRGLM | 11.89 | 0.39 | 12.29 | |
| annotToCol2 | 1.21 | 0.20 | 1.40 | |
| calculate_CNA | 31.21 | 1.25 | 32.49 | |
| calculate_cyto_mat | 28.13 | 0.67 | 28.79 | |
| calculate_gain_or_loss | 29.72 | 0.75 | 30.49 | |
| calculate_logRatio_CNA | 30.03 | 0.61 | 30.64 | |
| choose_cluster_scExp | 4.48 | 0.83 | 5.32 | |
| colors_scExp | 0.43 | 0.18 | 0.61 | |
| consensus_clustering_scExp | 4.32 | 0.55 | 4.87 | |
| correlation_and_hierarchical_clust_scExp | 0.44 | 0.08 | 0.52 | |
| create_project_folder | 0 | 0 | 0 | |
| create_scDataset_raw | 8.24 | 0.83 | 9.06 | |
| create_scExp | 0.50 | 0.01 | 0.51 | |
| define_feature | 0.21 | 0.00 | 0.22 | |
| detect_samples | 1.29 | 0.03 | 1.27 | |
| differential_activation | 7.2 | 0.1 | 7.3 | |
| differential_analysis_scExp | 3.59 | 0.17 | 3.76 | |
| enrich_TF_ChEA3_genes | 1.04 | 0.31 | 2.18 | |
| enrich_TF_ChEA3_scExp | 2.47 | 0.31 | 5.86 | |
| exclude_features_scExp | 0.66 | 0.04 | 0.69 | |
| feature_annotation_scExp | 2.06 | 0.04 | 2.13 | |
| filter_correlated_cell_scExp | 11.72 | 0.19 | 11.93 | |
| filter_scExp | 0.74 | 0.05 | 0.78 | |
| find_clusters_louvain_scExp | 0.42 | 0.15 | 0.58 | |
| find_top_features | 0.50 | 0.16 | 0.66 | |
| gene_set_enrichment_analysis_scExp | 0.34 | 0.09 | 0.44 | |
| generate_analysis | 0 | 0 | 0 | |
| generate_coverage_tracks | 0 | 0 | 0 | |
| generate_report | 0 | 0 | 0 | |
| getExperimentNames | 0.39 | 0.14 | 0.53 | |
| getMainExperiment | 0.41 | 0.11 | 0.51 | |
| get_cyto_features | 25.62 | 0.36 | 26.00 | |
| get_genomic_coordinates | 0.57 | 0.07 | 0.63 | |
| get_most_variable_cyto | 27.65 | 0.35 | 28.01 | |
| get_pathway_mat_scExp | 100.03 | 4.29 | 104.39 | |
| has_genomic_coordinates | 0.80 | 0.07 | 0.88 | |
| import_scExp | 10.19 | 0.13 | 10.30 | |
| inter_correlation_scExp | 0.38 | 0.14 | 0.52 | |
| intra_correlation_scExp | 0.58 | 0.14 | 0.72 | |
| launchApp | 0 | 0 | 0 | |
| normalize_scExp | 0.56 | 0.05 | 0.61 | |
| num_cell_after_QC_filt_scExp | 0.58 | 0.03 | 0.61 | |
| num_cell_after_cor_filt_scExp | 15.56 | 0.15 | 15.75 | |
| num_cell_before_cor_filt_scExp | 0.34 | 0.13 | 0.46 | |
| num_cell_in_cluster_scExp | 0.55 | 0.19 | 0.74 | |
| num_cell_scExp | 0.52 | 0.01 | 0.53 | |
| plot_cluster_consensus_scExp | 1.15 | 0.25 | 1.41 | |
| plot_correlation_PCA_scExp | 1.49 | 0.14 | 1.62 | |
| plot_coverage_BigWig | 0.31 | 0.16 | 0.47 | |
| plot_differential_summary_scExp | 0.33 | 0.16 | 0.48 | |
| plot_differential_volcano_scExp | 0.39 | 0.15 | 0.55 | |
| plot_distribution_scExp | 0.56 | 0.14 | 0.70 | |
| plot_gain_or_loss_barplots | 63.81 | 0.83 | 64.68 | |
| plot_heatmap_scExp | 0.46 | 0.17 | 0.62 | |
| plot_inter_correlation_scExp | 0.84 | 0.16 | 1.00 | |
| plot_intra_correlation_scExp | 0.77 | 0.12 | 0.89 | |
| plot_most_contributing_features | 0.48 | 0.11 | 0.59 | |
| plot_percent_active_feature_scExp | 0.66 | 0.14 | 0.80 | |
| plot_pie_most_contributing_chr | 0.36 | 0.07 | 0.42 | |
| plot_reduced_dim_scExp | 1.56 | 0.17 | 1.73 | |
| plot_reduced_dim_scExp_CNA | 31.33 | 0.36 | 31.72 | |
| plot_top_TF_scExp | 0.69 | 0.15 | 0.85 | |
| plot_violin_feature_scExp | 0.75 | 0.10 | 0.84 | |
| preprocess_CPM | 0.62 | 0.01 | 0.64 | |
| preprocess_RPKM | 0.69 | 0.03 | 0.72 | |
| preprocess_TFIDF | 0.56 | 0.07 | 0.62 | |
| preprocess_TPM | 0.53 | 0.00 | 0.54 | |
| preprocess_feature_size_only | 0.43 | 0.08 | 0.50 | |
| preprocessing_filtering_and_reduction | 11.97 | 0.06 | 12.05 | |
| read_sparse_matrix | 0 | 0 | 0 | |
| rebin_matrix | 8.99 | 0.00 | 27.00 | |
| reduce_dims_scExp | 2.28 | 0.04 | 2.33 | |
| scExp | 1.20 | 0.15 | 1.34 | |
| subsample_scExp | 0.78 | 0.01 | 0.80 | |
| subset_bam_call_peaks | 0 | 0 | 0 | |
| summary_DA | 0.38 | 0.13 | 0.50 | |
| swapAltExp_sameColData | 0.37 | 0.12 | 0.50 | |
| table_enriched_genes_scExp | 0.34 | 0.14 | 0.48 | |
| wrapper_Signac_FeatureMatrix | 0 | 0 | 0 | |