Back to Multiple platform build/check report for BioC 3.22:   simplified   long
AB[C]DEFGHIJKLMNOPQRSTUVWXYZ

This page was generated on 2025-10-09 12:07 -0400 (Thu, 09 Oct 2025).

HostnameOSArch (*)R versionInstalled pkgs
nebbiolo2Linux (Ubuntu 24.04.3 LTS)x86_644.5.1 Patched (2025-08-23 r88802) -- "Great Square Root" 4854
lconwaymacOS 12.7.1 Montereyx86_644.5.1 Patched (2025-09-10 r88807) -- "Great Square Root" 4642
kjohnson3macOS 13.7.7 Venturaarm644.5.1 Patched (2025-09-10 r88807) -- "Great Square Root" 4587
taishanLinux (openEuler 24.03 LTS)aarch644.5.0 (2025-04-11) -- "How About a Twenty-Six" 4584
Click on any hostname to see more info about the system (e.g. compilers)      (*) as reported by 'uname -p', except on Windows and Mac OS X

Package 358/2341HostnameOS / ArchINSTALLBUILDCHECKBUILD BIN
ChromSCape 1.19.1  (landing page)
Pacome Prompsy
Snapshot Date: 2025-10-08 14:17 -0400 (Wed, 08 Oct 2025)
git_url: https://git.bioconductor.org/packages/ChromSCape
git_branch: devel
git_last_commit: a4985c2
git_last_commit_date: 2025-08-01 10:39:23 -0400 (Fri, 01 Aug 2025)
nebbiolo2Linux (Ubuntu 24.04.3 LTS) / x86_64  OK    OK    WARNINGS  UNNEEDED, same version is already published
lconwaymacOS 12.7.1 Monterey / x86_64  OK    OK    WARNINGS    OK  UNNEEDED, same version is already published
kjohnson3macOS 13.7.7 Ventura / arm64  OK    OK    WARNINGS    OK  UNNEEDED, same version is already published
taishanLinux (openEuler 24.03 LTS) / aarch64  OK    OK    WARNINGS  


CHECK results for ChromSCape on taishan

To the developers/maintainers of the ChromSCape package:
- Allow up to 24 hours (and sometimes 48 hours) for your latest push to git@git.bioconductor.org:packages/ChromSCape.git to reflect on this report. See Troubleshooting Build Report for more information.
- Use the following Renviron settings to reproduce errors and warnings.
- If 'R CMD check' started to fail recently on the Linux builder(s) over a missing dependency, add the missing dependency to 'Suggests:' in your DESCRIPTION file. See Renviron.bioc for more information.
- See Martin Grigorov's blog post for how to debug Linux ARM64 related issues on a x86_64 host.

raw results


Summary

Package: ChromSCape
Version: 1.19.1
Command: /home/biocbuild/R/R/bin/R CMD check --install=check:ChromSCape.install-out.txt --library=/home/biocbuild/R/R/site-library --no-vignettes --timings ChromSCape_1.19.1.tar.gz
StartedAt: 2025-10-07 06:19:06 -0000 (Tue, 07 Oct 2025)
EndedAt: 2025-10-07 06:36:08 -0000 (Tue, 07 Oct 2025)
EllapsedTime: 1022.9 seconds
RetCode: 0
Status:   WARNINGS  
CheckDir: ChromSCape.Rcheck
Warnings: 1

Command output

##############################################################################
##############################################################################
###
### Running command:
###
###   /home/biocbuild/R/R/bin/R CMD check --install=check:ChromSCape.install-out.txt --library=/home/biocbuild/R/R/site-library --no-vignettes --timings ChromSCape_1.19.1.tar.gz
###
##############################################################################
##############################################################################


* using log directory ‘/home/biocbuild/bbs-3.22-bioc/meat/ChromSCape.Rcheck’
* using R version 4.5.0 (2025-04-11)
* using platform: aarch64-unknown-linux-gnu
* R was compiled by
    aarch64-unknown-linux-gnu-gcc (GCC) 14.2.0
    GNU Fortran (GCC) 14.2.0
* running under: openEuler 24.03 (LTS)
* using session charset: UTF-8
* using option ‘--no-vignettes’
* checking for file ‘ChromSCape/DESCRIPTION’ ... OK
* this is package ‘ChromSCape’ version ‘1.19.1’
* package encoding: UTF-8
* checking package namespace information ... OK
* checking package dependencies ... INFO
Imports includes 51 non-default packages.
Importing from so many packages makes the package vulnerable to any of
them becoming unavailable.  Move as many as possible to Suggests and
use conditionally.
* checking if this is a source package ... OK
* checking if there is a namespace ... OK
* checking for hidden files and directories ... NOTE
Found the following hidden files and directories:
  .BBSoptions
These were most likely included in error. See section ‘Package
structure’ in the ‘Writing R Extensions’ manual.
* checking for portable file names ... OK
* checking for sufficient/correct file permissions ... OK
* checking whether package ‘ChromSCape’ can be installed ... OK
* used C++ compiler: ‘aarch64-unknown-linux-gnu-g++ (GCC) 14.2.0’
* checking installed package size ... INFO
  installed size is  5.8Mb
  sub-directories of 1Mb or more:
    data   1.7Mb
    www    2.1Mb
* checking package directory ... OK
* checking ‘build’ directory ... OK
* checking DESCRIPTION meta-information ... OK
* checking top-level files ... OK
* checking for left-over files ... OK
* checking index information ... OK
* checking package subdirectories ... OK
* checking code files for non-ASCII characters ... OK
* checking R files for syntax errors ... OK
* checking whether the package can be loaded ... OK
* checking whether the package can be loaded with stated dependencies ... OK
* checking whether the package can be unloaded cleanly ... OK
* checking whether the namespace can be loaded with stated dependencies ... OK
* checking whether the namespace can be unloaded cleanly ... OK
* checking loading without being on the library search path ... OK
* checking whether startup messages can be suppressed ... OK
* checking dependencies in R code ... WARNING
'loadNamespace' or 'requireNamespace' call not declared from: ‘flexdashboard’
* checking S3 generic/method consistency ... OK
* checking replacement functions ... OK
* checking foreign function calls ... OK
* checking R code for possible problems ... NOTE
bams_to_matrix_indexes: no visible binding for global variable
  ‘files_dir_list’
enrich_TF_ChEA3_genes: no visible binding for global variable
  ‘CheA3_TF_nTargets’
filter_correlated_cell_scExp: no visible binding for global variable
  ‘run_tsne’
generate_analysis: no visible global function definition for ‘head’
generate_analysis: no visible binding for global variable ‘k’
generate_analysis: no visible binding for global variable
  ‘clusterConsensus’
get_most_variable_cyto: no visible binding for global variable
  ‘cytoBand’
get_most_variable_cyto: no visible binding for global variable
  ‘Fri_cyto’
num_cell_after_QC_filt_scExp: no visible binding for global variable
  ‘sample_id’
num_cell_after_QC_filt_scExp: no visible binding for global variable
  ‘total_counts’
num_cell_scExp: no visible binding for global variable ‘sample_id’
num_cell_scExp: no visible binding for global variable ‘total_counts’
plot_correlation_PCA_scExp: no visible binding for global variable
  ‘Component’
plot_coverage_BigWig: no visible binding for global variable ‘molecule’
plot_coverage_BigWig: no visible binding for global variable
  ‘orientation’
plot_coverage_BigWig: no visible binding for global variable ‘Gene’
plot_gain_or_loss_barplots: no visible binding for global variable
  ‘Gain_or_Loss’
plot_gain_or_loss_barplots: no visible binding for global variable
  ‘ncells’
plot_gain_or_loss_barplots: no visible binding for global variable
  ‘cytoBand’
plot_most_contributing_features: no visible binding for global variable
  ‘genes’
plot_percent_active_feature_scExp: no visible binding for global
  variable ‘group’
plot_percent_active_feature_scExp: no visible binding for global
  variable ‘percent_active’
plot_pie_most_contributing_chr: no visible binding for global variable
  ‘absolute_value’
plot_reduced_dim_scExp: no visible binding for global variable ‘V1’
plot_reduced_dim_scExp: no visible binding for global variable ‘V2’
plot_reduced_dim_scExp: no visible binding for global variable
  ‘cluster’
plot_top_TF_scExp: no visible binding for global variable ‘TF’
rebin_helper: no visible binding for global variable ‘new_row’
rebin_helper: no visible binding for global variable ‘origin_value’
rebin_matrix: no visible binding for global variable ‘group’
subset_bam_call_peaks: no visible binding for global variable
  ‘merged_bam’
Undefined global functions or variables:
  CheA3_TF_nTargets Component Fri_cyto Gain_or_Loss Gene TF V1 V2
  absolute_value cluster clusterConsensus cytoBand files_dir_list genes
  group head k merged_bam molecule ncells new_row orientation
  origin_value percent_active run_tsne sample_id total_counts
Consider adding
  importFrom("utils", "head")
to your NAMESPACE file.
* checking Rd files ... OK
* checking Rd metadata ... OK
* checking Rd cross-references ... OK
* checking for missing documentation entries ... OK
* checking for code/documentation mismatches ... OK
* checking Rd \usage sections ... OK
* checking Rd contents ... OK
* checking for unstated dependencies in examples ... OK
* checking contents of ‘data’ directory ... OK
* checking data for non-ASCII characters ... OK
* checking data for ASCII and uncompressed saves ... OK
* checking line endings in C/C++/Fortran sources/headers ... OK
* checking compiled code ... NOTE
Note: information on .o files is not available
* checking files in ‘vignettes’ ... OK
* checking examples ... OK
Examples with CPU (user + system) or elapsed time > 5s
                                        user system elapsed
get_pathway_mat_scExp                 95.774  1.812  97.807
plot_gain_or_loss_barplots            74.057  0.502  74.768
calculate_CNA                         33.348  1.843  35.291
plot_reduced_dim_scExp_CNA            34.267  0.244  34.612
calculate_logRatio_CNA                32.500  0.414  33.027
calculate_gain_or_loss                32.093  0.323  32.517
calculate_cyto_mat                    31.770  0.539  32.414
get_most_variable_cyto                31.480  0.567  32.121
get_cyto_features                     30.015  0.858  30.957
num_cell_after_cor_filt_scExp         13.049  0.096  13.175
preprocessing_filtering_and_reduction 10.792  0.035  10.856
filter_correlated_cell_scExp          10.146  0.619  10.791
import_scExp                           8.074  0.115   8.211
rebin_matrix                           8.136  0.007  27.503
create_scDataset_raw                   7.546  0.084   7.644
differential_activation                7.521  0.044   7.590
CompareWilcox                          6.307  0.382   6.374
CompareedgeRGLM                        6.024  0.191   6.226
consensus_clustering_scExp             4.879  0.135   5.025
enrich_TF_ChEA3_scExp                  1.148  0.128   8.446
* checking for unstated dependencies in ‘tests’ ... OK
* checking tests ...
  Running ‘testthat.R’
 OK
* checking for unstated dependencies in vignettes ... OK
* checking package vignettes ... OK
* checking running R code from vignettes ... SKIPPED
* checking re-building of vignette outputs ... SKIPPED
* checking PDF version of manual ... OK
* DONE

Status: 1 WARNING, 3 NOTEs
See
  ‘/home/biocbuild/bbs-3.22-bioc/meat/ChromSCape.Rcheck/00check.log’
for details.


Installation output

ChromSCape.Rcheck/00install.out

##############################################################################
##############################################################################
###
### Running command:
###
###   /home/biocbuild/R/R/bin/R CMD INSTALL ChromSCape
###
##############################################################################
##############################################################################


* installing to library ‘/home/biocbuild/R/R-4.5.0/site-library’
* installing *source* package ‘ChromSCape’ ...
** this is package ‘ChromSCape’ version ‘1.19.1’
** using staged installation
** libs
using C++ compiler: ‘aarch64-unknown-linux-gnu-g++ (GCC) 14.2.0’
/opt/ohpc/pub/compiler/gcc/14.2.0/bin/aarch64-unknown-linux-gnu-g++ -std=gnu++17 -I"/home/biocbuild/R/R-4.5.0/include" -DNDEBUG  -I'/home/biocbuild/R/R-4.5.0/site-library/Rcpp/include' -I/usr/local/include    -fPIC  -g -O2  -Wall -Werror=format-security  -c RcppExports.cpp -o RcppExports.o
/opt/ohpc/pub/compiler/gcc/14.2.0/bin/aarch64-unknown-linux-gnu-g++ -std=gnu++17 -I"/home/biocbuild/R/R-4.5.0/include" -DNDEBUG  -I'/home/biocbuild/R/R-4.5.0/site-library/Rcpp/include' -I/usr/local/include    -fPIC  -g -O2  -Wall -Werror=format-security  -c as_dist.cpp -o as_dist.o
/opt/ohpc/pub/compiler/gcc/14.2.0/bin/aarch64-unknown-linux-gnu-g++ -std=gnu++17 -shared -L/home/biocbuild/R/R-4.5.0/lib -L/usr/local/lib -o ChromSCape.so RcppExports.o as_dist.o -L/home/biocbuild/R/R-4.5.0/lib -lR
installing to /home/biocbuild/R/R-4.5.0/site-library/00LOCK-ChromSCape/00new/ChromSCape/libs
** R
** data
** inst
** byte-compile and prepare package for lazy loading
** help
*** installing help indices
** building package indices
** installing vignettes
** testing if installed package can be loaded from temporary location
** checking absolute paths in shared objects and dynamic libraries
** testing if installed package can be loaded from final location
** testing if installed package keeps a record of temporary installation path
* DONE (ChromSCape)

Tests output

ChromSCape.Rcheck/tests/testthat.Rout


R version 4.5.0 (2025-04-11) -- "How About a Twenty-Six"
Copyright (C) 2025 The R Foundation for Statistical Computing
Platform: aarch64-unknown-linux-gnu

R is free software and comes with ABSOLUTELY NO WARRANTY.
You are welcome to redistribute it under certain conditions.
Type 'license()' or 'licence()' for distribution details.

R is a collaborative project with many contributors.
Type 'contributors()' for more information and
'citation()' on how to cite R or R packages in publications.

Type 'demo()' for some demos, 'help()' for on-line help, or
'help.start()' for an HTML browser interface to help.
Type 'q()' to quit R.

> library(testthat)
> library(ChromSCape)
> 
> test_check("ChromSCape")
[ FAIL 0 | WARN 2 | SKIP 0 | PASS 11 ]

[ FAIL 0 | WARN 2 | SKIP 0 | PASS 11 ]
> 
> proc.time()
   user  system elapsed 
 42.923   1.578  44.471 

Example timings

ChromSCape.Rcheck/ChromSCape-Ex.timings

nameusersystemelapsed
CheA3_TF_nTargets0.0070.0000.007
CompareWilcox6.3070.3826.374
CompareedgeRGLM6.0240.1916.226
annotToCol21.1690.0121.184
calculate_CNA33.348 1.84335.291
calculate_cyto_mat31.770 0.53932.414
calculate_gain_or_loss32.093 0.32332.517
calculate_logRatio_CNA32.500 0.41433.027
choose_cluster_scExp4.3900.1404.544
colors_scExp0.3250.0000.325
consensus_clustering_scExp4.8790.1355.025
correlation_and_hierarchical_clust_scExp0.3770.0000.378
create_project_folder0.0020.0000.002
create_scDataset_raw7.5460.0847.644
create_scExp0.6660.0040.672
define_feature0.1710.0030.176
detect_samples1.9670.0441.912
differential_activation7.5210.0447.590
differential_analysis_scExp3.9520.0163.981
enrich_TF_ChEA3_genes0.5000.0913.650
enrich_TF_ChEA3_scExp1.1480.1288.446
exclude_features_scExp0.6450.1070.756
feature_annotation_scExp1.9280.2872.222
filter_correlated_cell_scExp10.146 0.61910.791
filter_scExp0.7870.0160.806
find_clusters_louvain_scExp0.4140.0040.419
find_top_features0.4230.0000.425
gene_set_enrichment_analysis_scExp0.2550.0040.260
generate_analysis000
generate_coverage_tracks000
generate_report000
getExperimentNames0.2860.0070.292
getMainExperiment0.3520.0030.357
get_cyto_features30.015 0.85830.957
get_genomic_coordinates0.5740.0160.592
get_most_variable_cyto31.480 0.56732.121
get_pathway_mat_scExp95.774 1.81297.807
has_genomic_coordinates0.9050.0080.916
import_scExp8.0740.1158.211
inter_correlation_scExp0.4240.0040.429
intra_correlation_scExp0.4590.0040.464
launchApp0.0010.0000.000
normalize_scExp0.5760.0040.581
num_cell_after_QC_filt_scExp0.5840.0000.586
num_cell_after_cor_filt_scExp13.049 0.09613.175
num_cell_before_cor_filt_scExp0.2520.0000.253
num_cell_in_cluster_scExp0.5090.0040.514
num_cell_scExp0.5130.0000.515
plot_cluster_consensus_scExp1.5320.0201.556
plot_correlation_PCA_scExp1.7980.0241.827
plot_coverage_BigWig0.2430.0040.247
plot_differential_summary_scExp0.2880.0000.289
plot_differential_volcano_scExp0.3530.0040.358
plot_distribution_scExp0.5640.0040.569
plot_gain_or_loss_barplots74.057 0.50274.768
plot_heatmap_scExp0.4020.0000.404
plot_inter_correlation_scExp0.9590.0080.970
plot_intra_correlation_scExp0.9460.0000.949
plot_most_contributing_features0.6530.0000.654
plot_percent_active_feature_scExp0.7600.0080.771
plot_pie_most_contributing_chr0.3560.0000.357
plot_reduced_dim_scExp2.5110.0202.538
plot_reduced_dim_scExp_CNA34.267 0.24434.612
plot_top_TF_scExp0.8990.0000.902
plot_violin_feature_scExp0.9090.0120.923
preprocess_CPM0.5770.0000.579
preprocess_RPKM0.6200.0200.642
preprocess_TFIDF0.6350.0080.644
preprocess_TPM0.6870.0030.693
preprocess_feature_size_only0.5850.0050.591
preprocessing_filtering_and_reduction10.792 0.03510.856
read_sparse_matrix000
rebin_matrix 8.136 0.00727.503
reduce_dims_scExp2.1180.0082.133
scExp1.4510.0121.467
subsample_scExp0.8220.0000.824
subset_bam_call_peaks0.0010.0000.000
summary_DA0.2750.0000.275
swapAltExp_sameColData0.3720.0000.373
table_enriched_genes_scExp0.2510.0000.252
wrapper_Signac_FeatureMatrix000