Back to Multiple platform build/check report for BioC 3.22: simplified long |
|
This page was generated on 2025-10-14 12:03 -0400 (Tue, 14 Oct 2025).
Hostname | OS | Arch (*) | R version | Installed pkgs |
---|---|---|---|---|
nebbiolo2 | Linux (Ubuntu 24.04.3 LTS) | x86_64 | 4.5.1 Patched (2025-08-23 r88802) -- "Great Square Root" | 4864 |
lconway | macOS 12.7.1 Monterey | x86_64 | 4.5.1 Patched (2025-09-10 r88807) -- "Great Square Root" | 4652 |
kjohnson3 | macOS 13.7.7 Ventura | arm64 | 4.5.1 Patched (2025-09-10 r88807) -- "Great Square Root" | 4597 |
taishan | Linux (openEuler 24.03 LTS) | aarch64 | 4.5.0 (2025-04-11) -- "How About a Twenty-Six" | 4610 |
Click on any hostname to see more info about the system (e.g. compilers) (*) as reported by 'uname -p', except on Windows and Mac OS X |
Package 358/2346 | Hostname | OS / Arch | INSTALL | BUILD | CHECK | BUILD BIN | ||||||||
ChromSCape 1.19.1 (landing page) Pacome Prompsy
| nebbiolo2 | Linux (Ubuntu 24.04.3 LTS) / x86_64 | OK | OK | WARNINGS | ![]() | ||||||||
lconway | macOS 12.7.1 Monterey / x86_64 | OK | OK | WARNINGS | OK | ![]() | ||||||||
kjohnson3 | macOS 13.7.7 Ventura / arm64 | OK | OK | WARNINGS | OK | ![]() | ||||||||
taishan | Linux (openEuler 24.03 LTS) / aarch64 | OK | OK | WARNINGS | ||||||||||
To the developers/maintainers of the ChromSCape package: - Allow up to 24 hours (and sometimes 48 hours) for your latest push to git@git.bioconductor.org:packages/ChromSCape.git to reflect on this report. See Troubleshooting Build Report for more information. - Use the following Renviron settings to reproduce errors and warnings. - If 'R CMD check' started to fail recently on the Linux builder(s) over a missing dependency, add the missing dependency to 'Suggests:' in your DESCRIPTION file. See Renviron.bioc for more information. |
Package: ChromSCape |
Version: 1.19.1 |
Command: /home/biocbuild/bbs-3.22-bioc/R/bin/R CMD check --install=check:ChromSCape.install-out.txt --library=/home/biocbuild/bbs-3.22-bioc/R/site-library --timings ChromSCape_1.19.1.tar.gz |
StartedAt: 2025-10-13 22:22:09 -0400 (Mon, 13 Oct 2025) |
EndedAt: 2025-10-13 22:36:43 -0400 (Mon, 13 Oct 2025) |
EllapsedTime: 874.0 seconds |
RetCode: 0 |
Status: WARNINGS |
CheckDir: ChromSCape.Rcheck |
Warnings: 1 |
############################################################################## ############################################################################## ### ### Running command: ### ### /home/biocbuild/bbs-3.22-bioc/R/bin/R CMD check --install=check:ChromSCape.install-out.txt --library=/home/biocbuild/bbs-3.22-bioc/R/site-library --timings ChromSCape_1.19.1.tar.gz ### ############################################################################## ############################################################################## * using log directory ‘/home/biocbuild/bbs-3.22-bioc/meat/ChromSCape.Rcheck’ * using R version 4.5.1 Patched (2025-08-23 r88802) * using platform: x86_64-pc-linux-gnu * R was compiled by gcc (Ubuntu 13.3.0-6ubuntu2~24.04) 13.3.0 GNU Fortran (Ubuntu 13.3.0-6ubuntu2~24.04) 13.3.0 * running under: Ubuntu 24.04.3 LTS * using session charset: UTF-8 * checking for file ‘ChromSCape/DESCRIPTION’ ... OK * this is package ‘ChromSCape’ version ‘1.19.1’ * package encoding: UTF-8 * checking package namespace information ... OK * checking package dependencies ... INFO Imports includes 51 non-default packages. Importing from so many packages makes the package vulnerable to any of them becoming unavailable. Move as many as possible to Suggests and use conditionally. * checking if this is a source package ... OK * checking if there is a namespace ... OK * checking for hidden files and directories ... NOTE Found the following hidden files and directories: .BBSoptions These were most likely included in error. See section ‘Package structure’ in the ‘Writing R Extensions’ manual. * checking for portable file names ... OK * checking for sufficient/correct file permissions ... OK * checking whether package ‘ChromSCape’ can be installed ... OK * used C++ compiler: ‘g++ (Ubuntu 13.3.0-6ubuntu2~24.04) 13.3.0’ * checking installed package size ... INFO installed size is 5.8Mb sub-directories of 1Mb or more: data 1.7Mb www 2.1Mb * checking package directory ... OK * checking ‘build’ directory ... OK * checking DESCRIPTION meta-information ... OK * checking top-level files ... OK * checking for left-over files ... OK * checking index information ... OK * checking package subdirectories ... OK * checking code files for non-ASCII characters ... OK * checking R files for syntax errors ... OK * checking whether the package can be loaded ... OK * checking whether the package can be loaded with stated dependencies ... OK * checking whether the package can be unloaded cleanly ... OK * checking whether the namespace can be loaded with stated dependencies ... OK * checking whether the namespace can be unloaded cleanly ... OK * checking loading without being on the library search path ... OK * checking whether startup messages can be suppressed ... OK * checking dependencies in R code ... WARNING 'loadNamespace' or 'requireNamespace' call not declared from: ‘flexdashboard’ * checking S3 generic/method consistency ... OK * checking replacement functions ... OK * checking foreign function calls ... OK * checking R code for possible problems ... NOTE bams_to_matrix_indexes: no visible binding for global variable ‘files_dir_list’ enrich_TF_ChEA3_genes: no visible binding for global variable ‘CheA3_TF_nTargets’ filter_correlated_cell_scExp: no visible binding for global variable ‘run_tsne’ generate_analysis: no visible global function definition for ‘head’ generate_analysis: no visible binding for global variable ‘k’ generate_analysis: no visible binding for global variable ‘clusterConsensus’ get_most_variable_cyto: no visible binding for global variable ‘cytoBand’ get_most_variable_cyto: no visible binding for global variable ‘Fri_cyto’ num_cell_after_QC_filt_scExp: no visible binding for global variable ‘sample_id’ num_cell_after_QC_filt_scExp: no visible binding for global variable ‘total_counts’ num_cell_scExp: no visible binding for global variable ‘sample_id’ num_cell_scExp: no visible binding for global variable ‘total_counts’ plot_correlation_PCA_scExp: no visible binding for global variable ‘Component’ plot_coverage_BigWig: no visible binding for global variable ‘molecule’ plot_coverage_BigWig: no visible binding for global variable ‘orientation’ plot_coverage_BigWig: no visible binding for global variable ‘Gene’ plot_gain_or_loss_barplots: no visible binding for global variable ‘Gain_or_Loss’ plot_gain_or_loss_barplots: no visible binding for global variable ‘ncells’ plot_gain_or_loss_barplots: no visible binding for global variable ‘cytoBand’ plot_most_contributing_features: no visible binding for global variable ‘genes’ plot_percent_active_feature_scExp: no visible binding for global variable ‘group’ plot_percent_active_feature_scExp: no visible binding for global variable ‘percent_active’ plot_pie_most_contributing_chr: no visible binding for global variable ‘absolute_value’ plot_reduced_dim_scExp: no visible binding for global variable ‘V1’ plot_reduced_dim_scExp: no visible binding for global variable ‘V2’ plot_reduced_dim_scExp: no visible binding for global variable ‘cluster’ plot_top_TF_scExp: no visible binding for global variable ‘TF’ rebin_helper: no visible binding for global variable ‘new_row’ rebin_helper: no visible binding for global variable ‘origin_value’ rebin_matrix: no visible binding for global variable ‘group’ subset_bam_call_peaks: no visible binding for global variable ‘merged_bam’ Undefined global functions or variables: CheA3_TF_nTargets Component Fri_cyto Gain_or_Loss Gene TF V1 V2 absolute_value cluster clusterConsensus cytoBand files_dir_list genes group head k merged_bam molecule ncells new_row orientation origin_value percent_active run_tsne sample_id total_counts Consider adding importFrom("utils", "head") to your NAMESPACE file. * checking Rd files ... OK * checking Rd metadata ... OK * checking Rd cross-references ... OK * checking for missing documentation entries ... OK * checking for code/documentation mismatches ... OK * checking Rd \usage sections ... OK * checking Rd contents ... OK * checking for unstated dependencies in examples ... OK * checking contents of ‘data’ directory ... OK * checking data for non-ASCII characters ... OK * checking data for ASCII and uncompressed saves ... OK * checking line endings in C/C++/Fortran sources/headers ... OK * checking compiled code ... NOTE Note: information on .o files is not available * checking files in ‘vignettes’ ... OK * checking examples ... OK Examples with CPU (user + system) or elapsed time > 5s user system elapsed num_cell_after_cor_filt_scExp 332.162 1.226 23.400 filter_correlated_cell_scExp 284.986 0.594 17.101 preprocessing_filtering_and_reduction 164.492 0.314 15.365 detect_samples 145.862 0.180 4.030 get_pathway_mat_scExp 72.165 2.345 74.529 CompareWilcox 59.712 0.707 8.630 CompareedgeRGLM 59.558 0.292 5.654 plot_gain_or_loss_barplots 58.025 1.085 59.124 num_cell_in_cluster_scExp 58.486 0.032 1.735 consensus_clustering_scExp 56.069 0.388 4.641 choose_cluster_scExp 55.049 0.087 4.189 correlation_and_hierarchical_clust_scExp 53.264 0.037 1.438 plot_reduced_dim_scExp_CNA 26.554 0.251 26.805 calculate_CNA 22.232 1.337 23.570 get_most_variable_cyto 21.892 0.470 22.364 calculate_logRatio_CNA 21.884 0.409 22.293 calculate_gain_or_loss 21.035 0.470 21.504 calculate_cyto_mat 20.854 0.514 21.367 get_cyto_features 19.437 0.304 19.742 rebin_matrix 8.445 0.332 26.039 import_scExp 8.370 0.207 8.577 create_scDataset_raw 6.219 0.422 6.642 differential_activation 5.378 0.336 5.714 * checking for unstated dependencies in ‘tests’ ... OK * checking tests ... Running ‘testthat.R’ OK * checking for unstated dependencies in vignettes ... OK * checking package vignettes ... OK * checking re-building of vignette outputs ... OK * checking PDF version of manual ... OK * DONE Status: 1 WARNING, 3 NOTEs See ‘/home/biocbuild/bbs-3.22-bioc/meat/ChromSCape.Rcheck/00check.log’ for details.
ChromSCape.Rcheck/00install.out
############################################################################## ############################################################################## ### ### Running command: ### ### /home/biocbuild/bbs-3.22-bioc/R/bin/R CMD INSTALL ChromSCape ### ############################################################################## ############################################################################## * installing to library ‘/home/biocbuild/bbs-3.22-bioc/R/site-library’ * installing *source* package ‘ChromSCape’ ... ** this is package ‘ChromSCape’ version ‘1.19.1’ ** using staged installation ** libs using C++ compiler: ‘g++ (Ubuntu 13.3.0-6ubuntu2~24.04) 13.3.0’ g++ -std=gnu++17 -I"/home/biocbuild/bbs-3.22-bioc/R/include" -DNDEBUG -I'/home/biocbuild/bbs-3.22-bioc/R/site-library/Rcpp/include' -I/usr/local/include -fpic -g -O2 -Wall -Werror=format-security -c RcppExports.cpp -o RcppExports.o g++ -std=gnu++17 -I"/home/biocbuild/bbs-3.22-bioc/R/include" -DNDEBUG -I'/home/biocbuild/bbs-3.22-bioc/R/site-library/Rcpp/include' -I/usr/local/include -fpic -g -O2 -Wall -Werror=format-security -c as_dist.cpp -o as_dist.o g++ -std=gnu++17 -shared -L/home/biocbuild/bbs-3.22-bioc/R/lib -L/usr/local/lib -o ChromSCape.so RcppExports.o as_dist.o -L/home/biocbuild/bbs-3.22-bioc/R/lib -lR installing to /home/biocbuild/bbs-3.22-bioc/R/site-library/00LOCK-ChromSCape/00new/ChromSCape/libs ** R ** data ** inst ** byte-compile and prepare package for lazy loading ** help *** installing help indices ** building package indices ** installing vignettes ** testing if installed package can be loaded from temporary location ** checking absolute paths in shared objects and dynamic libraries ** testing if installed package can be loaded from final location ** testing if installed package keeps a record of temporary installation path * DONE (ChromSCape)
ChromSCape.Rcheck/tests/testthat.Rout
R version 4.5.1 Patched (2025-08-23 r88802) -- "Great Square Root" Copyright (C) 2025 The R Foundation for Statistical Computing Platform: x86_64-pc-linux-gnu R is free software and comes with ABSOLUTELY NO WARRANTY. You are welcome to redistribute it under certain conditions. Type 'license()' or 'licence()' for distribution details. R is a collaborative project with many contributors. Type 'contributors()' for more information and 'citation()' on how to cite R or R packages in publications. Type 'demo()' for some demos, 'help()' for on-line help, or 'help.start()' for an HTML browser interface to help. Type 'q()' to quit R. > library(testthat) > library(ChromSCape) > > test_check("ChromSCape") [ FAIL 0 | WARN 2 | SKIP 0 | PASS 11 ] [ FAIL 0 | WARN 2 | SKIP 0 | PASS 11 ] > > proc.time() user system elapsed 879.364 3.324 59.114
ChromSCape.Rcheck/ChromSCape-Ex.timings
name | user | system | elapsed | |
CheA3_TF_nTargets | 0.006 | 0.001 | 0.006 | |
CompareWilcox | 59.712 | 0.707 | 8.630 | |
CompareedgeRGLM | 59.558 | 0.292 | 5.654 | |
annotToCol2 | 0.815 | 0.055 | 0.868 | |
calculate_CNA | 22.232 | 1.337 | 23.570 | |
calculate_cyto_mat | 20.854 | 0.514 | 21.367 | |
calculate_gain_or_loss | 21.035 | 0.470 | 21.504 | |
calculate_logRatio_CNA | 21.884 | 0.409 | 22.293 | |
choose_cluster_scExp | 55.049 | 0.087 | 4.189 | |
colors_scExp | 0.266 | 0.001 | 0.267 | |
consensus_clustering_scExp | 56.069 | 0.388 | 4.641 | |
correlation_and_hierarchical_clust_scExp | 53.264 | 0.037 | 1.438 | |
create_project_folder | 0.001 | 0.000 | 0.001 | |
create_scDataset_raw | 6.219 | 0.422 | 6.642 | |
create_scExp | 0.445 | 0.027 | 0.473 | |
define_feature | 0.134 | 0.001 | 0.136 | |
detect_samples | 145.862 | 0.180 | 4.030 | |
differential_activation | 5.378 | 0.336 | 5.714 | |
differential_analysis_scExp | 2.881 | 0.080 | 2.962 | |
enrich_TF_ChEA3_genes | 0.428 | 0.035 | 1.668 | |
enrich_TF_ChEA3_scExp | 0.996 | 0.043 | 4.962 | |
exclude_features_scExp | 0.418 | 0.030 | 0.449 | |
feature_annotation_scExp | 1.366 | 0.086 | 1.453 | |
filter_correlated_cell_scExp | 284.986 | 0.594 | 17.101 | |
filter_scExp | 0.518 | 0.012 | 0.530 | |
find_clusters_louvain_scExp | 0.306 | 0.005 | 0.311 | |
find_top_features | 0.322 | 0.004 | 0.326 | |
gene_set_enrichment_analysis_scExp | 0.224 | 0.002 | 0.226 | |
generate_analysis | 0 | 0 | 0 | |
generate_coverage_tracks | 0.000 | 0.000 | 0.001 | |
generate_report | 0 | 0 | 0 | |
getExperimentNames | 0.241 | 0.001 | 0.242 | |
getMainExperiment | 0.267 | 0.007 | 0.275 | |
get_cyto_features | 19.437 | 0.304 | 19.742 | |
get_genomic_coordinates | 0.376 | 0.014 | 0.391 | |
get_most_variable_cyto | 21.892 | 0.470 | 22.364 | |
get_pathway_mat_scExp | 72.165 | 2.345 | 74.529 | |
has_genomic_coordinates | 0.614 | 0.031 | 0.645 | |
import_scExp | 8.370 | 0.207 | 8.577 | |
inter_correlation_scExp | 0.337 | 0.002 | 0.340 | |
intra_correlation_scExp | 0.341 | 0.000 | 0.340 | |
launchApp | 0 | 0 | 0 | |
normalize_scExp | 0.392 | 0.004 | 0.397 | |
num_cell_after_QC_filt_scExp | 0.416 | 0.003 | 0.420 | |
num_cell_after_cor_filt_scExp | 332.162 | 1.226 | 23.400 | |
num_cell_before_cor_filt_scExp | 0.210 | 0.008 | 0.219 | |
num_cell_in_cluster_scExp | 58.486 | 0.032 | 1.735 | |
num_cell_scExp | 0.359 | 0.028 | 0.386 | |
plot_cluster_consensus_scExp | 1.076 | 0.084 | 1.161 | |
plot_correlation_PCA_scExp | 1.29 | 0.05 | 1.34 | |
plot_coverage_BigWig | 0.228 | 0.000 | 0.228 | |
plot_differential_summary_scExp | 0.241 | 0.002 | 0.243 | |
plot_differential_volcano_scExp | 0.327 | 0.002 | 0.328 | |
plot_distribution_scExp | 0.427 | 0.010 | 0.437 | |
plot_gain_or_loss_barplots | 58.025 | 1.085 | 59.124 | |
plot_heatmap_scExp | 0.364 | 0.003 | 0.367 | |
plot_inter_correlation_scExp | 0.760 | 0.006 | 0.765 | |
plot_intra_correlation_scExp | 0.820 | 0.004 | 0.826 | |
plot_most_contributing_features | 0.519 | 0.002 | 0.520 | |
plot_percent_active_feature_scExp | 0.843 | 0.002 | 0.845 | |
plot_pie_most_contributing_chr | 0.337 | 0.001 | 0.338 | |
plot_reduced_dim_scExp | 1.931 | 0.005 | 1.937 | |
plot_reduced_dim_scExp_CNA | 26.554 | 0.251 | 26.805 | |
plot_top_TF_scExp | 0.727 | 0.001 | 0.728 | |
plot_violin_feature_scExp | 0.746 | 0.010 | 0.756 | |
preprocess_CPM | 0.427 | 0.013 | 0.440 | |
preprocess_RPKM | 0.477 | 0.027 | 0.505 | |
preprocess_TFIDF | 0.464 | 0.015 | 0.479 | |
preprocess_TPM | 0.523 | 0.015 | 0.538 | |
preprocess_feature_size_only | 0.429 | 0.004 | 0.432 | |
preprocessing_filtering_and_reduction | 164.492 | 0.314 | 15.365 | |
read_sparse_matrix | 0 | 0 | 0 | |
rebin_matrix | 8.445 | 0.332 | 26.039 | |
reduce_dims_scExp | 1.624 | 0.082 | 1.707 | |
scExp | 1.123 | 0.053 | 1.177 | |
subsample_scExp | 0.553 | 0.066 | 0.619 | |
subset_bam_call_peaks | 0 | 0 | 0 | |
summary_DA | 0.222 | 0.003 | 0.225 | |
swapAltExp_sameColData | 0.305 | 0.010 | 0.315 | |
table_enriched_genes_scExp | 0.217 | 0.001 | 0.218 | |
wrapper_Signac_FeatureMatrix | 0 | 0 | 0 | |