CHECK report for LineagePulse on merida1
This page was generated on 2019-04-16 12:04:00 -0400 (Tue, 16 Apr 2019).
| LineagePulse 1.2.1 David S Fischer
 
 
| Snapshot Date: 2019-04-15 17:01:12 -0400 (Mon, 15 Apr 2019) |  | URL: https://git.bioconductor.org/packages/LineagePulse |  | Branch: RELEASE_3_8 |  | Last Commit: 1ec2a20 |  | Last Changed Date: 2019-01-04 13:15:17 -0400 (Fri, 04 Jan 2019) |  | malbec1 | Linux (Ubuntu 16.04.6 LTS) / x86_64 | OK | OK | WARNINGS |  |  | 
| merida1 | OS X 10.11.6 El Capitan / x86_64 | OK | OK | [ WARNINGS ] | OK |  | 
Summary
Command output
##############################################################################
##############################################################################
###
### Running command:
###
###   /Library/Frameworks/R.framework/Versions/Current/Resources/bin/R CMD check --install=check:LineagePulse.install-out.txt --library=/Library/Frameworks/R.framework/Versions/Current/Resources/library --no-vignettes --timings LineagePulse_1.2.1.tar.gz
###
##############################################################################
##############################################################################
* using log directory ‘/Users/biocbuild/bbs-3.8-bioc/meat/LineagePulse.Rcheck’
* using R version 3.5.3 (2019-03-11)
* using platform: x86_64-apple-darwin15.6.0 (64-bit)
* using session charset: UTF-8
* using option ‘--no-vignettes’
* checking for file ‘LineagePulse/DESCRIPTION’ ... OK
* checking extension type ... Package
* this is package ‘LineagePulse’ version ‘1.2.1’
* package encoding: UTF-8
* checking package namespace information ... OK
* checking package dependencies ... OK
* checking if this is a source package ... OK
* checking if there is a namespace ... OK
* checking for hidden files and directories ... OK
* checking for portable file names ... OK
* checking for sufficient/correct file permissions ... OK
* checking whether package ‘LineagePulse’ can be installed ... WARNING
Found the following significant warnings:
  Note: possible error in 'evalLogLikGeneMM(vecCounts = vecCounts, ': unused arguments (matDispParam = matDispParam, matDropParam = matDropParam, matWeights = matWeights) 
  Note: possible error in 'evalLogLikGeneMM(vecCounts = vecCounts, ': unused arguments (matDispParam = do.call(cbind, lapply(seq_len(ncol(matWeights)), function(m) vecDispParam)), matDropParam = do.call(cbind, lapply(seq_len(ncol(matWeights)), function(m) vecPiParam)), matWeights = matWeights) 
See ‘/Users/biocbuild/bbs-3.8-bioc/meat/LineagePulse.Rcheck/00install.out’ for details.
Information on the location(s) of code generating the ‘Note’s can be
obtained by re-running with environment variable R_KEEP_PKG_SOURCE set
to ‘yes’.
* checking installed package size ... OK
* checking package directory ... OK
* checking ‘build’ directory ... OK
* checking DESCRIPTION meta-information ... OK
* checking top-level files ... OK
* checking for left-over files ... OK
* checking index information ... OK
* checking package subdirectories ... OK
* checking R files for non-ASCII characters ... OK
* checking R files for syntax errors ... OK
* checking whether the package can be loaded ... OK
* checking whether the package can be loaded with stated dependencies ... OK
* checking whether the package can be unloaded cleanly ... OK
* checking whether the namespace can be loaded with stated dependencies ... OK
* checking whether the namespace can be unloaded cleanly ... OK
* checking dependencies in R code ... OK
* checking S3 generic/method consistency ... OK
* checking replacement functions ... OK
* checking foreign function calls ... OK
* checking R code for possible problems ... NOTE
decompressDispByGeneMM: no visible binding for global variable
  ‘lsDispModel’
evalLogLikMatrix : <anonymous>: possible error in
  evalLogLikGeneMM(vecCounts = vecCounts, matMuParam = matMuParam,
  vecNormConst = lsMuModel$lsMuModelGlobal$vecNormConst, matDispParam =
  matDispParam, matDropParam = matDropParam, matWeights = matWeights,
  vecidxNotZero = which(!is.na(vecCounts) & vecCounts > 0), vecidxZero
  = which(!is.na(vecCounts) & vecCounts == 0), scaNCells =
  length(vecCounts)): unused arguments (matDispParam = matDispParam,
  matDropParam = matDropParam, matWeights = matWeights)
evalLogLikMatrix : <anonymous>: possible error in
  evalLogLikGeneMM(vecCounts = vecCounts, matMuParam = do.call(cbind,
  lapply(seq_len(ncol(matWeights)), function(m) vecMuParam)),
  vecNormConst = lsMuModel$lsMuModelGlobal$vecNormConst, matDispParam =
  do.call(cbind, lapply(seq_len(ncol(matWeights)), function(m)
  vecDispParam)), matDropParam = do.call(cbind,
  lapply(seq_len(ncol(matWeights)), function(m) vecPiParam)),
  matWeights = matWeights, vecidxNotZero = which(!is.na(vecCounts) &
  vecCounts > 0), vecidxZero = which(!is.na(vecCounts) & vecCounts ==
  0), : unused arguments (matDispParam = do.call(cbind,
  lapply(seq_len(ncol(matWeights)), function(m) vecDispParam)),
  matDropParam = do.call(cbind, lapply(seq_len(ncol(matWeights)),
  function(m) vecPiParam)), matWeights = matWeights)
evalLogLikMatrix : <anonymous>: possible error in scaNCells =
  length(vecCounts)): unused arguments (matDispParam = do.call(cbind,
  lapply(seq_len(ncol(matWeights)), function(m) vecDispParam)),
  matDropParam = do.call(cbind, lapply(seq_len(ncol(matWeights)),
  function(m) vecPiParam)), matWeights = matWeights)
plotCellDensity: no visible binding for global variable ‘continuous’
plotGene: no visible binding for global variable ‘x’
plotGene: no visible binding for global variable ‘dropout_posterior’
plotGene: no visible binding for global variable ‘groups’
plotGene: no visible binding for global variable ‘dfAnnot’
plotGene: no visible binding for global variable ‘mean_count’
plotGene: no visible binding for global variable ‘quantile_25’
plotGene: no visible binding for global variable ‘quantile_75’
plotGene: no visible binding for global variable ‘model’
plotGene: no visible binding for global variable ‘continuous’
plotGene: no visible binding for global variable ‘trajectory_contour’
plotGene: no visible binding for global variable ‘ncells’
Undefined global functions or variables:
  continuous dfAnnot dropout_posterior groups lsDispModel mean_count
  model ncells quantile_25 quantile_75 trajectory_contour x
* checking Rd files ... OK
* checking Rd metadata ... OK
* checking Rd cross-references ... OK
* checking for missing documentation entries ... OK
* checking for code/documentation mismatches ... OK
* checking Rd \usage sections ... OK
* checking Rd contents ... OK
* checking for unstated dependencies in examples ... OK
* checking files in ‘vignettes’ ... OK
* checking examples ... OK
Examples with CPU or elapsed time > 5s
                                                      user system elapsed
plotCellDensity                                     49.557  1.116  51.134
getFitsDispersion                                   18.204  0.204  18.764
writeReport                                         17.986  0.137  18.239
cash-LineagePulseObject-method                      17.476  0.171  17.794
getPostDrop                                         17.439  0.147  17.764
sub-sub-LineagePulseObject-character-missing-method 17.069  0.094  17.265
getFitsDropout                                      17.015  0.129  17.346
accessors                                           16.747  0.249  17.115
names-LineagePulseObject-method                     16.779  0.111  17.049
getNormData                                         16.578  0.147  16.856
getFitsMean                                         16.358  0.128  16.611
testDropout                                         12.112  0.129  12.331
sortGeneTrajectories                                11.827  0.087  11.988
plotGene                                            11.762  0.093  11.942
runLineagePulse                                     11.468  0.084  11.609
* checking for unstated dependencies in vignettes ... OK
* checking package vignettes in ‘inst/doc’ ... OK
* checking running R code from vignettes ... SKIPPED
* checking re-building of vignette outputs ... SKIPPED
* checking PDF version of manual ... OK
* DONE
Status: 1 WARNING, 1 NOTE
See
  ‘/Users/biocbuild/bbs-3.8-bioc/meat/LineagePulse.Rcheck/00check.log’
for details.
 
Installation output
LineagePulse.Rcheck/00install.out
Tests output
Example timings
LineagePulse.Rcheck/LineagePulse-Ex.timings