| Back to Multiple platform build/check report for BioC 3.7 |
|
This page was generated on 2018-10-17 08:48:16 -0400 (Wed, 17 Oct 2018).
| Package 1101/1561 | Hostname | OS / Arch | INSTALL | BUILD | CHECK | BUILD BIN | ||||||
| plateCore 1.38.0 Errol Strain
| malbec2 | Linux (Ubuntu 16.04.1 LTS) / x86_64 | OK | OK | WARNINGS | |||||||
| tokay2 | Windows Server 2012 R2 Standard / x64 | OK | OK | WARNINGS | OK | |||||||
| merida2 | OS X 10.11.6 El Capitan / x86_64 | OK | OK | [ WARNINGS ] | OK |
| Package: plateCore |
| Version: 1.38.0 |
| Command: /Library/Frameworks/R.framework/Versions/Current/Resources/bin/R CMD check --install=check:plateCore.install-out.txt --library=/Library/Frameworks/R.framework/Versions/Current/Resources/library --no-vignettes --timings plateCore_1.38.0.tar.gz |
| StartedAt: 2018-10-16 23:15:44 -0400 (Tue, 16 Oct 2018) |
| EndedAt: 2018-10-16 23:18:36 -0400 (Tue, 16 Oct 2018) |
| EllapsedTime: 172.1 seconds |
| RetCode: 0 |
| Status: WARNINGS |
| CheckDir: plateCore.Rcheck |
| Warnings: 1 |
##############################################################################
##############################################################################
###
### Running command:
###
### /Library/Frameworks/R.framework/Versions/Current/Resources/bin/R CMD check --install=check:plateCore.install-out.txt --library=/Library/Frameworks/R.framework/Versions/Current/Resources/library --no-vignettes --timings plateCore_1.38.0.tar.gz
###
##############################################################################
##############################################################################
* using log directory ‘/Users/biocbuild/bbs-3.7-bioc/meat/plateCore.Rcheck’
* using R version 3.5.1 Patched (2018-07-12 r74967)
* using platform: x86_64-apple-darwin15.6.0 (64-bit)
* using session charset: UTF-8
* using option ‘--no-vignettes’
* checking for file ‘plateCore/DESCRIPTION’ ... OK
* this is package ‘plateCore’ version ‘1.38.0’
* checking package namespace information ... OK
* checking package dependencies ... OK
* checking if this is a source package ... OK
* checking if there is a namespace ... OK
* checking for hidden files and directories ... OK
* checking for portable file names ... OK
* checking for sufficient/correct file permissions ... OK
* checking whether package ‘plateCore’ can be installed ... OK
* checking installed package size ... OK
* checking package directory ... OK
* checking ‘build’ directory ... OK
* checking DESCRIPTION meta-information ... NOTE
Packages listed in more than one of Depends, Imports, Suggests, Enhances:
‘flowCore’ ‘lattice’
A package should be listed in only one of these fields.
* checking top-level files ... OK
* checking for left-over files ... OK
* checking index information ... OK
* checking package subdirectories ... OK
* checking R files for non-ASCII characters ... OK
* checking R files for syntax errors ... OK
* checking whether the package can be loaded ... OK
* checking whether the package can be loaded with stated dependencies ... OK
* checking whether the package can be unloaded cleanly ... OK
* checking whether the namespace can be loaded with stated dependencies ... OK
* checking whether the namespace can be unloaded cleanly ... OK
* checking dependencies in R code ... NOTE
Packages in Depends field not imported from:
‘flowViz’ ‘latticeExtra’
These packages need to be imported from (in the NAMESPACE file)
for when this namespace is loaded but not attached.
* checking S3 generic/method consistency ... OK
* checking replacement functions ... OK
* checking foreign function calls ... OK
* checking R code for possible problems ... NOTE
panel.xyplot.flowPlate: warning in filterBoundary(filter =
filter[[nm]], parameters = c(channel.x.name, channel.y.name), frame =
frames[[nm]]): partial argument match of 'filter' to 'filter.object'
fixAutoFl,flowPlate: no visible binding for global variable
‘Sample.Type’
fpbind,flowPlate-flowPlate : <anonymous>: no visible binding for global
variable ‘name’
gutterPlot,flowPlate: no visible global function definition for ‘plot’
mfiPlot,flowPlate: no visible global function definition for ‘plot’
plotPlate,flowPlate: no visible global function definition for ‘plot’
setControlGates,flowPlate: no visible binding for global variable
‘Sample.Type’
setControlGates,flowPlate: no visible binding for global variable
‘Channel’
setControlGates,flowPlate : <anonymous>: no visible binding for global
variable ‘Well.Id’
setControlGates,flowPlate : <anonymous>: no visible binding for global
variable ‘plateName’
setControlGates,flowPlate : <anonymous>: no visible binding for global
variable ‘name’
Undefined global functions or variables:
Channel Sample.Type Well.Id name plateName plot
Consider adding
importFrom("graphics", "plot")
to your NAMESPACE file.
* checking Rd files ... OK
* checking Rd metadata ... OK
* checking Rd cross-references ... OK
* checking for missing documentation entries ... WARNING
Undocumented S4 methods:
generic '[' and siglist 'flowPlate,ANY,ANY,ANY'
All user-level objects in a package (including S4 classes and methods)
should have documentation entries.
See chapter ‘Writing R documentation files’ in the ‘Writing R
Extensions’ manual.
* checking for code/documentation mismatches ... OK
* checking Rd \usage sections ... OK
* checking Rd contents ... OK
* checking for unstated dependencies in examples ... OK
* checking contents of ‘data’ directory ... OK
* checking data for non-ASCII characters ... OK
* checking data for ASCII and uncompressed saves ... OK
* checking sizes of PDF files under ‘inst/doc’ ... OK
* checking files in ‘vignettes’ ... OK
* checking examples ... OK
Examples with CPU or elapsed time > 5s
user system elapsed
summaryStats-methods 7.067 0.046 7.155
applyControlGates-methods 6.715 0.055 6.804
mfiPlot-methods 6.520 0.042 6.611
* checking for unstated dependencies in vignettes ... OK
* checking package vignettes in ‘inst/doc’ ... OK
* checking running R code from vignettes ... SKIPPED
* checking re-building of vignette outputs ... SKIPPED
* checking PDF version of manual ... OK
* DONE
Status: 1 WARNING, 3 NOTEs
See
‘/Users/biocbuild/bbs-3.7-bioc/meat/plateCore.Rcheck/00check.log’
for details.
plateCore.Rcheck/00install.out
############################################################################## ############################################################################## ### ### Running command: ### ### /Library/Frameworks/R.framework/Versions/Current/Resources/bin/R CMD INSTALL plateCore ### ############################################################################## ############################################################################## * installing to library ‘/Library/Frameworks/R.framework/Versions/3.5/Resources/library’ * installing *source* package ‘plateCore’ ... ** R ** data ** byte-compile and prepare package for lazy loading No methods found in package ‘flowStats’ for request: ‘%on%’ when loading ‘plateCore’ ** help *** installing help indices ** building package indices ** installing vignettes ** testing if installed package can be loaded No methods found in package ‘flowStats’ for request: ‘%on%’ when loading ‘plateCore’ * DONE (plateCore)
plateCore.Rcheck/plateCore-Ex.timings
| name | user | system | elapsed | |
| Subset-methods | 1.895 | 0.051 | 1.952 | |
| applyControlGates-methods | 6.715 | 0.055 | 6.804 | |
| compensate-methods | 2.421 | 0.029 | 2.458 | |
| compensationSet | 0.173 | 0.016 | 0.190 | |
| densityplot-methods | 0.994 | 0.023 | 1.021 | |
| fixAutoFl-methods | 2.692 | 0.048 | 2.756 | |
| flowPlate-class | 1.893 | 0.022 | 1.931 | |
| flowPlate-method | 1.573 | 0.023 | 1.612 | |
| fpbind-methods | 3.441 | 0.040 | 3.692 | |
| getGroups-methods | 1.071 | 0.018 | 1.105 | |
| gutterPlot-methods | 0.839 | 0.021 | 0.872 | |
| mfiPlot-methods | 6.520 | 0.042 | 6.611 | |
| on-methods | 4.512 | 0.048 | 4.574 | |
| panel.densityplot.flowPlate | 1.086 | 0.021 | 1.121 | |
| panel.xyplot.flowPlate | 1.188 | 0.026 | 1.219 | |
| plateCore-package | 1.405 | 0.022 | 1.431 | |
| plateSet-methods | 1.422 | 0.019 | 1.445 | |
| plotPlate-methods | 2.238 | 0.049 | 2.299 | |
| prepanel.densityplot.flowPlate | 1.067 | 0.029 | 1.115 | |
| prepanel.xyplot.flowPlate | 0.943 | 0.021 | 0.974 | |
| setControlGates-methods | 1.949 | 0.027 | 2.036 | |
| summaryStats-methods | 7.067 | 0.046 | 7.155 | |
| wellAnnotation-methods | 0.786 | 0.016 | 0.806 | |
| xyplot-methods | 0.923 | 0.017 | 0.946 | |