Back to Multiple platform build/check report for BioC 3.21: simplified long |
|
This page was generated on 2025-02-15 11:42 -0500 (Sat, 15 Feb 2025).
Hostname | OS | Arch (*) | R version | Installed pkgs |
---|---|---|---|---|
nebbiolo1 | Linux (Ubuntu 24.04.1 LTS) | x86_64 | R Under development (unstable) (2025-01-20 r87609) -- "Unsuffered Consequences" | 4720 |
palomino7 | Windows Server 2022 Datacenter | x64 | R Under development (unstable) (2025-01-21 r87610 ucrt) -- "Unsuffered Consequences" | 4482 |
lconway | macOS 12.7.1 Monterey | x86_64 | R Under development (unstable) (2025-01-22 r87618) -- "Unsuffered Consequences" | 4493 |
kjohnson3 | macOS 13.7.1 Ventura | arm64 | R Under development (unstable) (2025-01-20 r87609) -- "Unsuffered Consequences" | 4446 |
Click on any hostname to see more info about the system (e.g. compilers) (*) as reported by 'uname -p', except on Windows and Mac OS X |
Package 1266/2295 | Hostname | OS / Arch | INSTALL | BUILD | CHECK | BUILD BIN | ||||||||
mina 1.15.0 (landing page) Rui Guan
| nebbiolo1 | Linux (Ubuntu 24.04.1 LTS) / x86_64 | OK | OK | WARNINGS | ![]() | ||||||||
palomino7 | Windows Server 2022 Datacenter / x64 | OK | OK | WARNINGS | OK | ![]() | ||||||||
lconway | macOS 12.7.1 Monterey / x86_64 | OK | OK | WARNINGS | OK | ![]() | ||||||||
kjohnson3 | macOS 13.7.1 Ventura / arm64 | OK | OK | WARNINGS | OK | ![]() | ||||||||
To the developers/maintainers of the mina package: - Allow up to 24 hours (and sometimes 48 hours) for your latest push to git@git.bioconductor.org:packages/mina.git to reflect on this report. See Troubleshooting Build Report for more information. - Use the following Renviron settings to reproduce errors and warnings. - If 'R CMD check' started to fail recently on the Linux builder(s) over a missing dependency, add the missing dependency to 'Suggests:' in your DESCRIPTION file. See Renviron.bioc for more information. |
Package: mina |
Version: 1.15.0 |
Command: /Library/Frameworks/R.framework/Resources/bin/R CMD check --install=check:mina.install-out.txt --library=/Library/Frameworks/R.framework/Resources/library --no-vignettes --timings mina_1.15.0.tar.gz |
StartedAt: 2025-02-14 21:32:03 -0500 (Fri, 14 Feb 2025) |
EndedAt: 2025-02-14 21:36:06 -0500 (Fri, 14 Feb 2025) |
EllapsedTime: 242.1 seconds |
RetCode: 0 |
Status: WARNINGS |
CheckDir: mina.Rcheck |
Warnings: 1 |
############################################################################## ############################################################################## ### ### Running command: ### ### /Library/Frameworks/R.framework/Resources/bin/R CMD check --install=check:mina.install-out.txt --library=/Library/Frameworks/R.framework/Resources/library --no-vignettes --timings mina_1.15.0.tar.gz ### ############################################################################## ############################################################################## * using log directory ‘/Users/biocbuild/bbs-3.21-bioc/meat/mina.Rcheck’ * using R Under development (unstable) (2025-01-22 r87618) * using platform: x86_64-apple-darwin20 * R was compiled by Apple clang version 14.0.0 (clang-1400.0.29.202) GNU Fortran (GCC) 14.2.0 * running under: macOS Monterey 12.7.6 * using session charset: UTF-8 * using option ‘--no-vignettes’ * checking for file ‘mina/DESCRIPTION’ ... OK * this is package ‘mina’ version ‘1.15.0’ * package encoding: UTF-8 * checking package namespace information ... OK * checking package dependencies ... OK * checking if this is a source package ... OK * checking if there is a namespace ... OK * checking for hidden files and directories ... OK * checking for portable file names ... OK * checking for sufficient/correct file permissions ... OK * checking whether package ‘mina’ can be installed ... OK * used C++ compiler: ‘Apple clang version 14.0.0 (clang-1400.0.29.202)’ * used SDK: ‘MacOSX11.3.sdk’ * checking installed package size ... INFO installed size is 8.2Mb sub-directories of 1Mb or more: data 7.6Mb * checking package directory ... OK * checking ‘build’ directory ... OK * checking DESCRIPTION meta-information ... OK * checking top-level files ... OK * checking for left-over files ... OK * checking index information ... OK * checking package subdirectories ... OK * checking code files for non-ASCII characters ... OK * checking R files for syntax errors ... OK * checking whether the package can be loaded ... OK * checking whether the package can be loaded with stated dependencies ... OK * checking whether the package can be unloaded cleanly ... OK * checking whether the namespace can be loaded with stated dependencies ... OK * checking whether the namespace can be unloaded cleanly ... OK * checking dependencies in R code ... OK * checking S3 generic/method consistency ... OK * checking replacement functions ... OK * checking foreign function calls ... OK * checking R code for possible problems ... NOTE sparcc: no visible binding for global variable ‘i’ net_dis_pcoa,character: no visible binding for global variable ‘y’ net_dis_pcoa,character: no visible binding for global variable ‘Group’ net_dis_plot,mina: no visible binding for global variable ‘Group1’ net_dis_plot,mina: no visible binding for global variable ‘Group2’ net_dis_plot,mina: no visible binding for global variable ‘Distance’ net_dis_plot,mina: no visible binding for global variable ‘Sig’ Undefined global functions or variables: Distance Group Group1 Group2 Sig i y * checking Rd files ... NOTE checkRd: (-1) re_format_AP.Rd:10: Lost braces; missing escapes or markup? 10 | \item{x}{an {APResult} object from \pkg{apcluster}.} | ^ * checking Rd metadata ... OK * checking Rd cross-references ... OK * checking for missing documentation entries ... OK * checking for code/documentation mismatches ... OK * checking Rd \usage sections ... OK * checking Rd contents ... OK * checking for unstated dependencies in examples ... OK * checking contents of ‘data’ directory ... OK * checking data for non-ASCII characters ... OK * checking LazyData ... WARNING LazyData DB of 7.6 MB without LazyDataCompression set See §1.1.6 of 'Writing R Extensions' * checking data for ASCII and uncompressed saves ... OK * checking line endings in C/C++/Fortran sources/headers ... OK * checking compiled code ... NOTE Note: information on .o files is not available * checking files in ‘vignettes’ ... OK * checking examples ... OK Examples with CPU (user + system) or elapsed time > 5s user system elapsed net_dis_plot 33.096 39.413 33.847 net_dis-mina 17.761 23.228 18.659 dis_stat_accessor 13.724 15.988 13.939 bs_pm-mina 8.381 14.647 6.872 net_cls-mina 18.924 0.775 19.274 com_plot-mina 12.111 3.283 1.898 net_cls-matrix 6.396 0.531 6.397 net_cls 6.375 0.488 6.420 net_dis 1.884 3.406 2.006 get_net_cls_tab 4.700 0.372 4.635 bs_pm 2.029 2.975 2.003 * checking for unstated dependencies in vignettes ... OK * checking package vignettes ... OK * checking running R code from vignettes ... SKIPPED * checking re-building of vignette outputs ... SKIPPED * checking PDF version of manual ... OK * DONE Status: 1 WARNING, 3 NOTEs See ‘/Users/biocbuild/bbs-3.21-bioc/meat/mina.Rcheck/00check.log’ for details.
mina.Rcheck/00install.out
############################################################################## ############################################################################## ### ### Running command: ### ### /Library/Frameworks/R.framework/Resources/bin/R CMD INSTALL mina ### ############################################################################## ############################################################################## * installing to library ‘/Library/Frameworks/R.framework/Versions/4.5-x86_64/Resources/library’ * installing *source* package ‘mina’ ... ** this is package ‘mina’ version ‘1.15.0’ ** using staged installation ** libs using C++ compiler: ‘Apple clang version 14.0.0 (clang-1400.0.29.202)’ using SDK: ‘MacOSX11.3.sdk’ clang++ -arch x86_64 -std=gnu++17 -I"/Library/Frameworks/R.framework/Resources/include" -DNDEBUG -I'/Library/Frameworks/R.framework/Versions/4.5-x86_64/Resources/library/Rcpp/include' -I'/Library/Frameworks/R.framework/Versions/4.5-x86_64/Resources/library/RcppParallel/include' -I'/Library/Frameworks/R.framework/Versions/4.5-x86_64/Resources/library/RcppArmadillo/include' -I/opt/R/x86_64/include -fPIC -falign-functions=64 -Wall -g -O2 -DR_NO_REMAP -c RcppExports.cpp -o RcppExports.o clang++ -arch x86_64 -std=gnu++17 -I"/Library/Frameworks/R.framework/Resources/include" -DNDEBUG -I'/Library/Frameworks/R.framework/Versions/4.5-x86_64/Resources/library/Rcpp/include' -I'/Library/Frameworks/R.framework/Versions/4.5-x86_64/Resources/library/RcppParallel/include' -I'/Library/Frameworks/R.framework/Versions/4.5-x86_64/Resources/library/RcppArmadillo/include' -I/opt/R/x86_64/include -fPIC -falign-functions=64 -Wall -g -O2 -DR_NO_REMAP -c cp_cor.cpp -o cp_cor.o clang++ -arch x86_64 -std=gnu++17 -dynamiclib -Wl,-headerpad_max_install_names -undefined dynamic_lookup -L/Library/Frameworks/R.framework/Resources/lib -L/opt/R/x86_64/lib -o mina.so RcppExports.o cp_cor.o -F/Library/Frameworks/R.framework/.. -framework R -Wl,-framework -Wl,CoreFoundation installing to /Library/Frameworks/R.framework/Versions/4.5-x86_64/Resources/library/00LOCK-mina/00new/mina/libs ** R ** data *** moving datasets to lazyload DB ** byte-compile and prepare package for lazy loading Creating a new generic function for ‘norm’ in package ‘mina’ ** help *** installing help indices ** building package indices ** installing vignettes ** testing if installed package can be loaded from temporary location ** checking absolute paths in shared objects and dynamic libraries ** testing if installed package can be loaded from final location ** testing if installed package keeps a record of temporary installation path * DONE (mina)
mina.Rcheck/mina-Ex.timings
name | user | system | elapsed | |
adj-matrix | 0.593 | 0.139 | 0.335 | |
adj-mina | 0.722 | 0.275 | 0.471 | |
adj | 0.897 | 0.053 | 0.648 | |
adj_method_list | 0.080 | 0.157 | 0.139 | |
bs_pm-mina | 8.381 | 14.647 | 6.872 | |
bs_pm | 2.029 | 2.975 | 2.003 | |
check_mina | 0.061 | 0.025 | 0.087 | |
check_mina_de | 0.057 | 0.021 | 0.078 | |
check_mina_qu | 0.052 | 0.019 | 0.072 | |
cls_tab | 0.055 | 0.042 | 0.099 | |
com_dis-matrix | 0.500 | 0.071 | 0.280 | |
com_dis-mina | 0.303 | 0.159 | 0.075 | |
com_dis | 0.498 | 0.171 | 0.277 | |
com_dis_list | 0.112 | 0.133 | 0.172 | |
com_plot-mina | 12.111 | 3.283 | 1.898 | |
com_plot | 0.172 | 0.216 | 0.162 | |
com_r2-mina | 0.749 | 0.222 | 0.539 | |
com_r2 | 0.945 | 0.321 | 0.702 | |
data-hmp | 0.001 | 0.001 | 0.003 | |
data-maize | 0.001 | 0.001 | 0.002 | |
des_accessor | 0.003 | 0.001 | 0.003 | |
dis_accessor | 0.513 | 0.098 | 0.326 | |
dis_stat_accessor | 13.724 | 15.988 | 13.939 | |
dmr-matrix | 0.602 | 0.173 | 0.373 | |
dmr-mina | 0.601 | 0.261 | 0.462 | |
dmr | 0.598 | 0.144 | 0.368 | |
dmr_accessor | 0.592 | 0.179 | 0.368 | |
fit_tabs-mina | 0.696 | 0.153 | 0.858 | |
fit_tabs | 0.949 | 0.176 | 1.135 | |
get_net_cls_tab-matrix-data.frame-method | 4.393 | 0.273 | 4.217 | |
get_net_cls_tab | 4.700 | 0.372 | 4.635 | |
get_r2-mat | 0.766 | 0.267 | 0.605 | |
get_r2 | 0.716 | 0.229 | 0.489 | |
get_rep-matrix | 0.262 | 0.066 | 0.333 | |
get_rep-mima | 0.715 | 0.078 | 0.801 | |
hmp_des | 0.001 | 0.001 | 0.002 | |
hmp_otu | 0.001 | 0.001 | 0.002 | |
maize_asv | 0.000 | 0.002 | 0.002 | |
maize_asv2 | 0.001 | 0.001 | 0.002 | |
maize_des | 0.001 | 0.001 | 0.002 | |
maize_des2 | 0.000 | 0.002 | 0.002 | |
mina-class | 0.001 | 0.000 | 0.001 | |
net_cls-matrix | 6.396 | 0.531 | 6.397 | |
net_cls-mina | 18.924 | 0.775 | 19.274 | |
net_cls | 6.375 | 0.488 | 6.420 | |
net_cls_tab-mina-method | 1.656 | 0.336 | 1.450 | |
net_cls_tab | 4.366 | 0.360 | 4.240 | |
net_dis-mina | 17.761 | 23.228 | 18.659 | |
net_dis | 1.884 | 3.406 | 2.006 | |
net_dis_indi | 0.000 | 0.001 | 0.001 | |
net_dis_pcoa | 0.000 | 0.001 | 0.001 | |
net_dis_plot | 33.096 | 39.413 | 33.847 | |
net_grp_cmp | 0 | 0 | 0 | |
net_node_cmp | 0 | 0 | 0 | |
norm_accessor | 0.037 | 0.086 | 0.124 | |
norm_tab-matrix | 0.758 | 0.009 | 0.773 | |
norm_tab-mina | 0.768 | 0.038 | 0.809 | |
norm_tab | 0.033 | 0.001 | 0.033 | |
norm_tab_method_list | 0.066 | 0.038 | 0.131 | |
pcoa_plot | 1.258 | 0.415 | 0.800 | |
sim_par | 0.000 | 0.001 | 0.001 | |
sparcc | 0 | 0 | 0 | |
tab_accessor | 0.000 | 0.000 | 0.001 | |
tina-matrix-method | 0 | 0 | 0 | |
tina | 0.001 | 0.000 | 0.000 | |