Back to Multiple platform build/check report for BioC 3.21: simplified long |
|
This page was generated on 2025-02-15 11:40 -0500 (Sat, 15 Feb 2025).
Hostname | OS | Arch (*) | R version | Installed pkgs |
---|---|---|---|---|
nebbiolo1 | Linux (Ubuntu 24.04.1 LTS) | x86_64 | R Under development (unstable) (2025-01-20 r87609) -- "Unsuffered Consequences" | 4720 |
palomino7 | Windows Server 2022 Datacenter | x64 | R Under development (unstable) (2025-01-21 r87610 ucrt) -- "Unsuffered Consequences" | 4482 |
lconway | macOS 12.7.1 Monterey | x86_64 | R Under development (unstable) (2025-01-22 r87618) -- "Unsuffered Consequences" | 4493 |
kjohnson3 | macOS 13.7.1 Ventura | arm64 | R Under development (unstable) (2025-01-20 r87609) -- "Unsuffered Consequences" | 4446 |
Click on any hostname to see more info about the system (e.g. compilers) (*) as reported by 'uname -p', except on Windows and Mac OS X |
Package 1266/2295 | Hostname | OS / Arch | INSTALL | BUILD | CHECK | BUILD BIN | ||||||||
mina 1.15.0 (landing page) Rui Guan
| nebbiolo1 | Linux (Ubuntu 24.04.1 LTS) / x86_64 | OK | OK | WARNINGS | ![]() | ||||||||
palomino7 | Windows Server 2022 Datacenter / x64 | OK | OK | WARNINGS | OK | ![]() | ||||||||
lconway | macOS 12.7.1 Monterey / x86_64 | OK | OK | WARNINGS | OK | ![]() | ||||||||
kjohnson3 | macOS 13.7.1 Ventura / arm64 | OK | OK | WARNINGS | OK | ![]() | ||||||||
To the developers/maintainers of the mina package: - Allow up to 24 hours (and sometimes 48 hours) for your latest push to git@git.bioconductor.org:packages/mina.git to reflect on this report. See Troubleshooting Build Report for more information. - Use the following Renviron settings to reproduce errors and warnings. - If 'R CMD check' started to fail recently on the Linux builder(s) over a missing dependency, add the missing dependency to 'Suggests:' in your DESCRIPTION file. See Renviron.bioc for more information. |
Package: mina |
Version: 1.15.0 |
Command: /home/biocbuild/bbs-3.21-bioc/R/bin/R CMD check --install=check:mina.install-out.txt --library=/home/biocbuild/bbs-3.21-bioc/R/site-library --timings mina_1.15.0.tar.gz |
StartedAt: 2025-02-14 23:53:50 -0500 (Fri, 14 Feb 2025) |
EndedAt: 2025-02-14 23:58:33 -0500 (Fri, 14 Feb 2025) |
EllapsedTime: 283.4 seconds |
RetCode: 0 |
Status: WARNINGS |
CheckDir: mina.Rcheck |
Warnings: 1 |
############################################################################## ############################################################################## ### ### Running command: ### ### /home/biocbuild/bbs-3.21-bioc/R/bin/R CMD check --install=check:mina.install-out.txt --library=/home/biocbuild/bbs-3.21-bioc/R/site-library --timings mina_1.15.0.tar.gz ### ############################################################################## ############################################################################## * using log directory ‘/home/biocbuild/bbs-3.21-bioc/meat/mina.Rcheck’ * using R Under development (unstable) (2025-01-20 r87609) * using platform: x86_64-pc-linux-gnu * R was compiled by gcc (Ubuntu 13.3.0-6ubuntu2~24.04) 13.3.0 GNU Fortran (Ubuntu 13.3.0-6ubuntu2~24.04) 13.3.0 * running under: Ubuntu 24.04.2 LTS * using session charset: UTF-8 * checking for file ‘mina/DESCRIPTION’ ... OK * this is package ‘mina’ version ‘1.15.0’ * package encoding: UTF-8 * checking package namespace information ... OK * checking package dependencies ... OK * checking if this is a source package ... OK * checking if there is a namespace ... OK * checking for hidden files and directories ... OK * checking for portable file names ... OK * checking for sufficient/correct file permissions ... OK * checking whether package ‘mina’ can be installed ... OK * used C++ compiler: ‘g++ (Ubuntu 13.3.0-6ubuntu2~24.04) 13.3.0’ * checking installed package size ... INFO installed size is 8.6Mb sub-directories of 1Mb or more: data 7.6Mb * checking package directory ... OK * checking ‘build’ directory ... OK * checking DESCRIPTION meta-information ... OK * checking top-level files ... OK * checking for left-over files ... OK * checking index information ... OK * checking package subdirectories ... OK * checking code files for non-ASCII characters ... OK * checking R files for syntax errors ... OK * checking whether the package can be loaded ... OK * checking whether the package can be loaded with stated dependencies ... OK * checking whether the package can be unloaded cleanly ... OK * checking whether the namespace can be loaded with stated dependencies ... OK * checking whether the namespace can be unloaded cleanly ... OK * checking loading without being on the library search path ... OK * checking dependencies in R code ... OK * checking S3 generic/method consistency ... OK * checking replacement functions ... OK * checking foreign function calls ... OK * checking R code for possible problems ... NOTE sparcc: no visible binding for global variable ‘i’ net_dis_pcoa,character: no visible binding for global variable ‘y’ net_dis_pcoa,character: no visible binding for global variable ‘Group’ net_dis_plot,mina: no visible binding for global variable ‘Group1’ net_dis_plot,mina: no visible binding for global variable ‘Group2’ net_dis_plot,mina: no visible binding for global variable ‘Distance’ net_dis_plot,mina: no visible binding for global variable ‘Sig’ Undefined global functions or variables: Distance Group Group1 Group2 Sig i y * checking Rd files ... NOTE checkRd: (-1) re_format_AP.Rd:10: Lost braces; missing escapes or markup? 10 | \item{x}{an {APResult} object from \pkg{apcluster}.} | ^ * checking Rd metadata ... OK * checking Rd cross-references ... OK * checking for missing documentation entries ... OK * checking for code/documentation mismatches ... OK * checking Rd \usage sections ... OK * checking Rd contents ... OK * checking for unstated dependencies in examples ... OK * checking contents of ‘data’ directory ... OK * checking data for non-ASCII characters ... OK * checking LazyData ... WARNING LazyData DB of 7.6 MB without LazyDataCompression set See §1.1.6 of 'Writing R Extensions' * checking data for ASCII and uncompressed saves ... OK * checking line endings in C/C++/Fortran sources/headers ... OK * checking compiled code ... NOTE Note: information on .o files is not available * checking files in ‘vignettes’ ... OK * checking examples ... OK Examples with CPU (user + system) or elapsed time > 5s user system elapsed net_dis_plot 41.093 3.409 29.023 net_dis-mina 20.857 1.742 14.576 dis_stat_accessor 16.481 1.687 11.564 com_plot-mina 17.054 0.094 1.414 net_cls-mina 14.306 0.204 13.547 bs_pm-mina 10.971 1.166 6.083 net_cls-matrix 6.563 0.026 6.082 net_cls 6.544 0.029 6.105 * checking for unstated dependencies in vignettes ... OK * checking package vignettes ... OK * checking re-building of vignette outputs ... OK * checking PDF version of manual ... OK * DONE Status: 1 WARNING, 3 NOTEs See ‘/home/biocbuild/bbs-3.21-bioc/meat/mina.Rcheck/00check.log’ for details.
mina.Rcheck/00install.out
############################################################################## ############################################################################## ### ### Running command: ### ### /home/biocbuild/bbs-3.21-bioc/R/bin/R CMD INSTALL mina ### ############################################################################## ############################################################################## * installing to library ‘/home/biocbuild/bbs-3.21-bioc/R/site-library’ * installing *source* package ‘mina’ ... ** this is package ‘mina’ version ‘1.15.0’ ** using staged installation ** libs using C++ compiler: ‘g++ (Ubuntu 13.3.0-6ubuntu2~24.04) 13.3.0’ g++ -std=gnu++17 -I"/home/biocbuild/bbs-3.21-bioc/R/include" -DNDEBUG -I'/home/biocbuild/bbs-3.21-bioc/R/site-library/Rcpp/include' -I'/home/biocbuild/bbs-3.21-bioc/R/site-library/RcppParallel/include' -I'/home/biocbuild/bbs-3.21-bioc/R/site-library/RcppArmadillo/include' -I/usr/local/include -fpic -g -O2 -DR_NO_REMAP -c RcppExports.cpp -o RcppExports.o g++ -std=gnu++17 -I"/home/biocbuild/bbs-3.21-bioc/R/include" -DNDEBUG -I'/home/biocbuild/bbs-3.21-bioc/R/site-library/Rcpp/include' -I'/home/biocbuild/bbs-3.21-bioc/R/site-library/RcppParallel/include' -I'/home/biocbuild/bbs-3.21-bioc/R/site-library/RcppArmadillo/include' -I/usr/local/include -fpic -g -O2 -DR_NO_REMAP -c cp_cor.cpp -o cp_cor.o g++ -std=gnu++17 -shared -L/home/biocbuild/bbs-3.21-bioc/R/lib -L/usr/local/lib -o mina.so RcppExports.o cp_cor.o -L/home/biocbuild/bbs-3.21-bioc/R/lib -lR installing to /home/biocbuild/bbs-3.21-bioc/R/site-library/00LOCK-mina/00new/mina/libs ** R ** data *** moving datasets to lazyload DB ** byte-compile and prepare package for lazy loading Creating a new generic function for ‘norm’ in package ‘mina’ ** help *** installing help indices ** building package indices ** installing vignettes ** testing if installed package can be loaded from temporary location ** checking absolute paths in shared objects and dynamic libraries ** testing if installed package can be loaded from final location ** testing if installed package keeps a record of temporary installation path * DONE (mina)
mina.Rcheck/mina-Ex.timings
name | user | system | elapsed | |
adj-matrix | 0.611 | 0.063 | 0.300 | |
adj-mina | 0.786 | 0.018 | 0.429 | |
adj | 0.980 | 0.013 | 0.588 | |
adj_method_list | 0.057 | 0.011 | 0.070 | |
bs_pm-mina | 10.971 | 1.166 | 6.083 | |
bs_pm | 3.237 | 0.238 | 1.841 | |
check_mina | 0.059 | 0.025 | 0.084 | |
check_mina_de | 0.053 | 0.019 | 0.072 | |
check_mina_qu | 0.056 | 0.010 | 0.065 | |
cls_tab | 0.061 | 0.015 | 0.076 | |
com_dis-matrix | 0.613 | 0.023 | 0.264 | |
com_dis-mina | 0.413 | 0.011 | 0.058 | |
com_dis | 0.615 | 0.018 | 0.258 | |
com_dis_list | 0.081 | 0.015 | 0.097 | |
com_plot-mina | 17.054 | 0.094 | 1.414 | |
com_plot | 0.145 | 0.011 | 0.132 | |
com_r2-mina | 0.739 | 0.009 | 0.455 | |
com_r2 | 1.000 | 0.019 | 0.565 | |
data-hmp | 0.001 | 0.001 | 0.002 | |
data-maize | 0.001 | 0.000 | 0.001 | |
des_accessor | 0.002 | 0.000 | 0.002 | |
dis_accessor | 0.332 | 0.001 | 0.039 | |
dis_stat_accessor | 16.481 | 1.687 | 11.564 | |
dmr-matrix | 0.611 | 0.009 | 0.323 | |
dmr-mina | 0.625 | 0.005 | 0.321 | |
dmr | 0.665 | 0.025 | 0.355 | |
dmr_accessor | 0.616 | 0.000 | 0.314 | |
fit_tabs-mina | 0.552 | 0.150 | 0.702 | |
fit_tabs | 1.053 | 0.100 | 1.153 | |
get_net_cls_tab-matrix-data.frame-method | 2.347 | 0.003 | 1.857 | |
get_net_cls_tab | 2.359 | 0.205 | 1.880 | |
get_r2-mat | 0.735 | 0.001 | 0.390 | |
get_r2 | 0.779 | 0.004 | 0.425 | |
get_rep-matrix | 0.249 | 0.000 | 0.250 | |
get_rep-mima | 0.613 | 0.016 | 0.629 | |
hmp_des | 0.001 | 0.000 | 0.001 | |
hmp_otu | 0.001 | 0.000 | 0.000 | |
maize_asv | 0.001 | 0.000 | 0.001 | |
maize_asv2 | 0.001 | 0.000 | 0.001 | |
maize_des | 0.000 | 0.001 | 0.001 | |
maize_des2 | 0.000 | 0.001 | 0.001 | |
mina-class | 0.001 | 0.000 | 0.001 | |
net_cls-matrix | 6.563 | 0.026 | 6.082 | |
net_cls-mina | 14.306 | 0.204 | 13.547 | |
net_cls | 6.544 | 0.029 | 6.105 | |
net_cls_tab-mina-method | 1.932 | 0.039 | 1.412 | |
net_cls_tab | 2.356 | 0.027 | 1.860 | |
net_dis-mina | 20.857 | 1.742 | 14.576 | |
net_dis | 3.270 | 0.250 | 1.969 | |
net_dis_indi | 0 | 0 | 0 | |
net_dis_pcoa | 0 | 0 | 0 | |
net_dis_plot | 41.093 | 3.409 | 29.023 | |
net_grp_cmp | 0 | 0 | 0 | |
net_node_cmp | 0.000 | 0.001 | 0.000 | |
norm_accessor | 0.025 | 0.001 | 0.025 | |
norm_tab-matrix | 0.692 | 0.007 | 0.699 | |
norm_tab-mina | 0.682 | 0.009 | 0.691 | |
norm_tab | 0.026 | 0.000 | 0.026 | |
norm_tab_method_list | 0.053 | 0.007 | 0.060 | |
pcoa_plot | 1.337 | 0.003 | 0.716 | |
sim_par | 0 | 0 | 0 | |
sparcc | 0.000 | 0.000 | 0.001 | |
tab_accessor | 0.000 | 0.000 | 0.001 | |
tina-matrix-method | 0 | 0 | 0 | |
tina | 0 | 0 | 0 | |