| Back to Multiple platform build/check report for BioC 3.20: simplified long |
|
This page was generated on 2024-11-20 12:02 -0500 (Wed, 20 Nov 2024).
| Hostname | OS | Arch (*) | R version | Installed pkgs |
|---|---|---|---|---|
| teran2 | Linux (Ubuntu 24.04.1 LTS) | x86_64 | 4.4.2 (2024-10-31) -- "Pile of Leaves" | 4481 |
| nebbiolo2 | Linux (Ubuntu 24.04.1 LTS) | x86_64 | 4.4.2 (2024-10-31) -- "Pile of Leaves" | 4479 |
| palomino8 | Windows Server 2022 Datacenter | x64 | 4.4.2 (2024-10-31 ucrt) -- "Pile of Leaves" | 4359 |
| lconway | macOS 12.7.1 Monterey | x86_64 | 4.4.1 (2024-06-14) -- "Race for Your Life" | 4539 |
| kunpeng2 | Linux (openEuler 22.03 LTS-SP1) | aarch64 | 4.4.1 (2024-06-14) -- "Race for Your Life" | 4493 |
| Click on any hostname to see more info about the system (e.g. compilers) (*) as reported by 'uname -p', except on Windows and Mac OS X | ||||
| Package 1938/2289 | Hostname | OS / Arch | INSTALL | BUILD | CHECK | BUILD BIN | ||||||||
| sesame 1.24.0 (landing page) Wanding Zhou
| teran2 | Linux (Ubuntu 24.04.1 LTS) / x86_64 | OK | ERROR | skipped | |||||||||
| nebbiolo2 | Linux (Ubuntu 24.04.1 LTS) / x86_64 | OK | OK | OK | ||||||||||
| palomino8 | Windows Server 2022 Datacenter / x64 | OK | OK | OK | OK | |||||||||
| lconway | macOS 12.7.1 Monterey / x86_64 | OK | OK | OK | OK | |||||||||
| kunpeng2 | Linux (openEuler 22.03 LTS-SP1) / aarch64 | OK | OK | OK | ||||||||||
|
To the developers/maintainers of the sesame package: - Allow up to 24 hours (and sometimes 48 hours) for your latest push to git@git.bioconductor.org:packages/sesame.git to reflect on this report. See Troubleshooting Build Report for more information. - Use the following Renviron settings to reproduce errors and warnings. - If 'R CMD check' started to fail recently on the Linux builder(s) over a missing dependency, add the missing dependency to 'Suggests:' in your DESCRIPTION file. See Renviron.bioc for more information. |
| Package: sesame |
| Version: 1.24.0 |
| Command: /home/biocbuild/bbs-3.20-bioc/R/bin/R CMD build --keep-empty-dirs --no-resave-data sesame |
| StartedAt: 2024-11-19 21:46:20 -0500 (Tue, 19 Nov 2024) |
| EndedAt: 2024-11-19 21:51:26 -0500 (Tue, 19 Nov 2024) |
| EllapsedTime: 306.3 seconds |
| RetCode: 1 |
| Status: ERROR |
| PackageFile: None |
| PackageFileSize: NA |
############################################################################## ############################################################################## ### ### Running command: ### ### /home/biocbuild/bbs-3.20-bioc/R/bin/R CMD build --keep-empty-dirs --no-resave-data sesame ### ############################################################################## ############################################################################## * checking for file ‘sesame/DESCRIPTION’ ... OK * preparing ‘sesame’: * checking DESCRIPTION meta-information ... OK * installing the package to build vignettes * creating vignettes ... ERROR --- re-building ‘KYCG.Rmd’ using rmarkdown Quitting from lines 43-45 [ky1, load-depenencies] (KYCG.Rmd) Error: processing vignette 'KYCG.Rmd' failed with diagnostics: 1 resources failed to download --- failed re-building ‘KYCG.Rmd’ --- re-building ‘QC.Rmd’ using rmarkdown --- finished re-building ‘QC.Rmd’ --- re-building ‘inferences.Rmd’ using rmarkdown --- finished re-building ‘inferences.Rmd’ --- re-building ‘modeling.Rmd’ using rmarkdown --- finished re-building ‘modeling.Rmd’ --- re-building ‘nonhuman.Rmd’ using rmarkdown --- finished re-building ‘nonhuman.Rmd’ --- re-building ‘sesame.Rmd’ using rmarkdown --- finished re-building ‘sesame.Rmd’ SUMMARY: processing the following file failed: ‘KYCG.Rmd’ Error: Vignette re-building failed. Execution halted