| Back to Multiple platform build/check report for BioC 3.20: simplified long |
|
This page was generated on 2025-04-02 19:35 -0400 (Wed, 02 Apr 2025).
| Hostname | OS | Arch (*) | R version | Installed pkgs |
|---|---|---|---|---|
| nebbiolo2 | Linux (Ubuntu 24.04.1 LTS) | x86_64 | 4.4.3 (2025-02-28) -- "Trophy Case" | 4764 |
| palomino8 | Windows Server 2022 Datacenter | x64 | 4.4.3 (2025-02-28 ucrt) -- "Trophy Case" | 4495 |
| merida1 | macOS 12.7.5 Monterey | x86_64 | 4.4.3 (2025-02-28) -- "Trophy Case" | 4522 |
| kjohnson1 | macOS 13.6.6 Ventura | arm64 | 4.4.3 (2025-02-28) -- "Trophy Case" | 4449 |
| taishan | Linux (openEuler 24.03 LTS) | aarch64 | 4.4.3 (2025-02-28) -- "Trophy Case" | 4426 |
| Click on any hostname to see more info about the system (e.g. compilers) (*) as reported by 'uname -p', except on Windows and Mac OS X | ||||
| Package 545/2289 | Hostname | OS / Arch | INSTALL | BUILD | CHECK | BUILD BIN | ||||||||
| DEP 1.28.0 (landing page) Arne Smits
| nebbiolo2 | Linux (Ubuntu 24.04.1 LTS) / x86_64 | OK | OK | WARNINGS | |||||||||
| palomino8 | Windows Server 2022 Datacenter / x64 | OK | OK | WARNINGS | OK | |||||||||
| merida1 | macOS 12.7.5 Monterey / x86_64 | OK | OK | WARNINGS | OK | |||||||||
| kjohnson1 | macOS 13.6.6 Ventura / arm64 | OK | OK | WARNINGS | OK | |||||||||
| taishan | Linux (openEuler 24.03 LTS) / aarch64 | OK | OK | WARNINGS | ||||||||||
|
To the developers/maintainers of the DEP package: - Allow up to 24 hours (and sometimes 48 hours) for your latest push to git@git.bioconductor.org:packages/DEP.git to reflect on this report. See Troubleshooting Build Report for more information. - Use the following Renviron settings to reproduce errors and warnings. - If 'R CMD check' started to fail recently on the Linux builder(s) over a missing dependency, add the missing dependency to 'Suggests:' in your DESCRIPTION file. See Renviron.bioc for more information. - See Martin Grigorov's blog post for how to debug Linux ARM64 related issues on a x86_64 host. |
| Package: DEP |
| Version: 1.28.0 |
| Command: /home/biocbuild/R/R/bin/R CMD check --install=check:DEP.install-out.txt --library=/home/biocbuild/R/R/site-library --no-vignettes --timings DEP_1.28.0.tar.gz |
| StartedAt: 2025-04-01 05:48:59 -0000 (Tue, 01 Apr 2025) |
| EndedAt: 2025-04-01 05:56:56 -0000 (Tue, 01 Apr 2025) |
| EllapsedTime: 477.6 seconds |
| RetCode: 0 |
| Status: WARNINGS |
| CheckDir: DEP.Rcheck |
| Warnings: 1 |
##############################################################################
##############################################################################
###
### Running command:
###
### /home/biocbuild/R/R/bin/R CMD check --install=check:DEP.install-out.txt --library=/home/biocbuild/R/R/site-library --no-vignettes --timings DEP_1.28.0.tar.gz
###
##############################################################################
##############################################################################
* using log directory ‘/home/biocbuild/bbs-3.20-bioc/meat/DEP.Rcheck’
* using R version 4.4.3 (2025-02-28)
* using platform: aarch64-unknown-linux-gnu
* R was compiled by
aarch64-unknown-linux-gnu-gcc (GCC) 14.2.0
GNU Fortran (GCC) 14.2.0
* running under: openEuler 24.03 (LTS)
* using session charset: UTF-8
* using option ‘--no-vignettes’
* checking for file ‘DEP/DESCRIPTION’ ... OK
* this is package ‘DEP’ version ‘1.28.0’
* package encoding: UTF-8
* checking package namespace information ... OK
* checking package dependencies ... OK
* checking if this is a source package ... OK
* checking if there is a namespace ... OK
* checking for hidden files and directories ... OK
* checking for portable file names ... OK
* checking for sufficient/correct file permissions ... OK
* checking whether package ‘DEP’ can be installed ... OK
* checking installed package size ... OK
* checking package directory ... OK
* checking ‘build’ directory ... OK
* checking DESCRIPTION meta-information ... OK
* checking top-level files ... OK
* checking for left-over files ... OK
* checking index information ... OK
* checking package subdirectories ... OK
* checking code files for non-ASCII characters ... OK
* checking R files for syntax errors ... OK
* checking whether the package can be loaded ... OK
* checking whether the package can be loaded with stated dependencies ... OK
* checking whether the package can be unloaded cleanly ... OK
* checking whether the namespace can be loaded with stated dependencies ... OK
* checking whether the namespace can be unloaded cleanly ... OK
* checking loading without being on the library search path ... OK
* checking whether startup messages can be suppressed ... OK
* checking dependencies in R code ... OK
* checking S3 generic/method consistency ... OK
* checking replacement functions ... OK
* checking foreign function calls ... OK
* checking R code for possible problems ... OK
* checking Rd files ... OK
* checking Rd metadata ... OK
* checking Rd cross-references ... WARNING
Missing link or links in Rd file 'LFQ.Rd':
‘[MSnbase:impute-methods]{impute}’
Missing link or links in Rd file 'TMT.Rd':
‘[MSnbase:impute-methods]{impute}’
Missing link or links in Rd file 'impute.Rd':
‘[MSnbase:impute-methods]{impute}’
Missing link or links in Rd file 'process.Rd':
‘[MSnbase:impute-methods]{impute}’
See section 'Cross-references' in the 'Writing R Extensions' manual.
* checking for missing documentation entries ... OK
* checking for code/documentation mismatches ... OK
* checking Rd \usage sections ... OK
* checking Rd contents ... OK
* checking for unstated dependencies in examples ... OK
* checking contents of ‘data’ directory ... OK
* checking data for non-ASCII characters ... OK
* checking LazyData ... OK
* checking data for ASCII and uncompressed saves ... OK
* checking R/sysdata.rda ... OK
* checking files in ‘vignettes’ ... OK
* checking examples ... OK
Examples with CPU (user + system) or elapsed time > 5s
user system elapsed
impute 18.692 0.156 18.889
plot_dist 5.087 0.008 5.106
plot_volcano 4.988 0.024 5.026
* checking for unstated dependencies in ‘tests’ ... OK
* checking tests ...
Running ‘testthat.R’
OK
* checking for unstated dependencies in vignettes ... OK
* checking package vignettes ... OK
* checking running R code from vignettes ... SKIPPED
* checking re-building of vignette outputs ... SKIPPED
* checking PDF version of manual ... OK
* DONE
Status: 1 WARNING
See
‘/home/biocbuild/bbs-3.20-bioc/meat/DEP.Rcheck/00check.log’
for details.
DEP.Rcheck/00install.out
############################################################################## ############################################################################## ### ### Running command: ### ### /home/biocbuild/R/R/bin/R CMD INSTALL DEP ### ############################################################################## ############################################################################## * installing to library ‘/home/biocbuild/R/R-4.4.3/site-library’ * installing *source* package ‘DEP’ ... ** using staged installation ** R ** data *** moving datasets to lazyload DB ** inst ** byte-compile and prepare package for lazy loading ** help *** installing help indices ** building package indices ** installing vignettes ** testing if installed package can be loaded from temporary location ** testing if installed package can be loaded from final location ** testing if installed package keeps a record of temporary installation path * DONE (DEP)
DEP.Rcheck/tests/testthat.Rout
R version 4.4.3 (2025-02-28) -- "Trophy Case"
Copyright (C) 2025 The R Foundation for Statistical Computing
Platform: aarch64-unknown-linux-gnu
R is free software and comes with ABSOLUTELY NO WARRANTY.
You are welcome to redistribute it under certain conditions.
Type 'license()' or 'licence()' for distribution details.
R is a collaborative project with many contributors.
Type 'contributors()' for more information and
'citation()' on how to cite R or R packages in publications.
Type 'demo()' for some demos, 'help()' for on-line help, or
'help.start()' for an HTML browser interface to help.
Type 'q()' to quit R.
> library(testthat)
> library(DEP)
>
> test_check("DEP")
[ FAIL 0 | WARN 15 | SKIP 0 | PASS 333 ]
[ FAIL 0 | WARN 15 | SKIP 0 | PASS 333 ]
>
> proc.time()
user system elapsed
67.617 2.807 71.809
DEP.Rcheck/DEP-Ex.timings
| name | user | system | elapsed | |
| LFQ | 2.481 | 0.028 | 2.518 | |
| TMT | 0.000 | 0.000 | 0.001 | |
| add_rejections | 0.955 | 0.012 | 0.969 | |
| analyze_dep | 2.684 | 0.044 | 2.734 | |
| filter_missval | 0.589 | 0.004 | 0.594 | |
| filter_proteins | 0.371 | 0.000 | 0.372 | |
| get_df_long | 1.006 | 0.004 | 1.012 | |
| get_df_wide | 0.979 | 0.000 | 0.981 | |
| get_prefix | 0.003 | 0.000 | 0.002 | |
| get_results | 1.973 | 0.056 | 2.033 | |
| get_suffix | 0.000 | 0.001 | 0.001 | |
| import_IsobarQuant | 0 | 0 | 0 | |
| import_MaxQuant | 0.068 | 0.001 | 0.069 | |
| impute | 18.692 | 0.156 | 18.889 | |
| make_se | 0.054 | 0.000 | 0.053 | |
| make_se_parse | 0.080 | 0.020 | 0.101 | |
| make_unique | 0.024 | 0.000 | 0.025 | |
| manual_impute | 0.836 | 0.020 | 0.857 | |
| meanSdPlot | 0.726 | 0.068 | 0.827 | |
| normalize_vsn | 0.456 | 0.016 | 0.473 | |
| plot_all | 2.257 | 0.024 | 2.287 | |
| plot_cond | 1.413 | 0.008 | 1.433 | |
| plot_cond_freq | 1.169 | 0.000 | 1.172 | |
| plot_cond_overlap | 1.208 | 0.012 | 1.223 | |
| plot_cor | 1.629 | 0.028 | 1.661 | |
| plot_coverage | 0.577 | 0.004 | 0.582 | |
| plot_detect | 0.960 | 0.000 | 0.962 | |
| plot_dist | 5.087 | 0.008 | 5.106 | |
| plot_frequency | 0.538 | 0.008 | 0.548 | |
| plot_gsea | 0.885 | 0.000 | 0.886 | |
| plot_heatmap | 3.540 | 0.012 | 3.561 | |
| plot_imputation | 1.348 | 0.008 | 1.359 | |
| plot_missval | 2.131 | 0.000 | 2.138 | |
| plot_normalization | 1.871 | 0.028 | 1.904 | |
| plot_numbers | 0.596 | 0.004 | 0.602 | |
| plot_p_hist | 1.680 | 0.004 | 1.689 | |
| plot_pca | 1.608 | 0.004 | 1.617 | |
| plot_single | 2.116 | 0.008 | 2.130 | |
| plot_volcano | 4.988 | 0.024 | 5.026 | |
| process | 1.885 | 0.012 | 1.901 | |
| report | 0 | 0 | 0 | |
| run_app | 0 | 0 | 0 | |
| se2msn | 0.162 | 0.000 | 0.186 | |
| test_diff | 1.145 | 0.007 | 1.156 | |
| test_gsea | 0.916 | 0.000 | 0.919 | |
| theme_DEP1 | 0.535 | 0.000 | 0.536 | |
| theme_DEP2 | 0.603 | 0.000 | 0.605 | |