| Back to Multiple platform build/check report for BioC 3.20: simplified long |
|
This page was generated on 2025-04-02 19:33 -0400 (Wed, 02 Apr 2025).
| Hostname | OS | Arch (*) | R version | Installed pkgs |
|---|---|---|---|---|
| nebbiolo2 | Linux (Ubuntu 24.04.1 LTS) | x86_64 | 4.4.3 (2025-02-28) -- "Trophy Case" | 4764 |
| palomino8 | Windows Server 2022 Datacenter | x64 | 4.4.3 (2025-02-28 ucrt) -- "Trophy Case" | 4495 |
| merida1 | macOS 12.7.5 Monterey | x86_64 | 4.4.3 (2025-02-28) -- "Trophy Case" | 4522 |
| kjohnson1 | macOS 13.6.6 Ventura | arm64 | 4.4.3 (2025-02-28) -- "Trophy Case" | 4449 |
| taishan | Linux (openEuler 24.03 LTS) | aarch64 | 4.4.3 (2025-02-28) -- "Trophy Case" | 4426 |
| Click on any hostname to see more info about the system (e.g. compilers) (*) as reported by 'uname -p', except on Windows and Mac OS X | ||||
| Package 545/2289 | Hostname | OS / Arch | INSTALL | BUILD | CHECK | BUILD BIN | ||||||||
| DEP 1.28.0 (landing page) Arne Smits
| nebbiolo2 | Linux (Ubuntu 24.04.1 LTS) / x86_64 | OK | OK | WARNINGS | |||||||||
| palomino8 | Windows Server 2022 Datacenter / x64 | OK | OK | WARNINGS | OK | |||||||||
| merida1 | macOS 12.7.5 Monterey / x86_64 | OK | OK | WARNINGS | OK | |||||||||
| kjohnson1 | macOS 13.6.6 Ventura / arm64 | OK | OK | WARNINGS | OK | |||||||||
| taishan | Linux (openEuler 24.03 LTS) / aarch64 | OK | OK | WARNINGS | ||||||||||
|
To the developers/maintainers of the DEP package: - Allow up to 24 hours (and sometimes 48 hours) for your latest push to git@git.bioconductor.org:packages/DEP.git to reflect on this report. See Troubleshooting Build Report for more information. - Use the following Renviron settings to reproduce errors and warnings. - If 'R CMD check' started to fail recently on the Linux builder(s) over a missing dependency, add the missing dependency to 'Suggests:' in your DESCRIPTION file. See Renviron.bioc for more information. |
| Package: DEP |
| Version: 1.28.0 |
| Command: /Library/Frameworks/R.framework/Resources/bin/R CMD check --install=check:DEP.install-out.txt --library=/Library/Frameworks/R.framework/Resources/library --no-vignettes --timings DEP_1.28.0.tar.gz |
| StartedAt: 2025-04-01 17:03:08 -0400 (Tue, 01 Apr 2025) |
| EndedAt: 2025-04-01 17:10:06 -0400 (Tue, 01 Apr 2025) |
| EllapsedTime: 417.4 seconds |
| RetCode: 0 |
| Status: WARNINGS |
| CheckDir: DEP.Rcheck |
| Warnings: 1 |
##############################################################################
##############################################################################
###
### Running command:
###
### /Library/Frameworks/R.framework/Resources/bin/R CMD check --install=check:DEP.install-out.txt --library=/Library/Frameworks/R.framework/Resources/library --no-vignettes --timings DEP_1.28.0.tar.gz
###
##############################################################################
##############################################################################
* using log directory ‘/Users/biocbuild/bbs-3.20-bioc/meat/DEP.Rcheck’
* using R version 4.4.3 (2025-02-28)
* using platform: aarch64-apple-darwin20
* R was compiled by
Apple clang version 14.0.0 (clang-1400.0.29.202)
GNU Fortran (GCC) 12.2.0
* running under: macOS Ventura 13.7.1
* using session charset: UTF-8
* using option ‘--no-vignettes’
* checking for file ‘DEP/DESCRIPTION’ ... OK
* this is package ‘DEP’ version ‘1.28.0’
* package encoding: UTF-8
* checking package namespace information ... OK
* checking package dependencies ... OK
* checking if this is a source package ... OK
* checking if there is a namespace ... OK
* checking for hidden files and directories ... OK
* checking for portable file names ... OK
* checking for sufficient/correct file permissions ... OK
* checking whether package ‘DEP’ can be installed ... OK
* checking installed package size ... OK
* checking package directory ... OK
* checking ‘build’ directory ... OK
* checking DESCRIPTION meta-information ... OK
* checking top-level files ... OK
* checking for left-over files ... OK
* checking index information ... OK
* checking package subdirectories ... OK
* checking code files for non-ASCII characters ... OK
* checking R files for syntax errors ... OK
* checking whether the package can be loaded ... OK
* checking whether the package can be loaded with stated dependencies ... OK
* checking whether the package can be unloaded cleanly ... OK
* checking whether the namespace can be loaded with stated dependencies ... OK
* checking whether the namespace can be unloaded cleanly ... OK
* checking whether startup messages can be suppressed ... OK
* checking dependencies in R code ... OK
* checking S3 generic/method consistency ... OK
* checking replacement functions ... OK
* checking foreign function calls ... OK
* checking R code for possible problems ... OK
* checking Rd files ... OK
* checking Rd metadata ... OK
* checking Rd cross-references ... WARNING
Missing link or links in Rd file 'LFQ.Rd':
‘[MSnbase:impute-methods]{impute}’
Missing link or links in Rd file 'TMT.Rd':
‘[MSnbase:impute-methods]{impute}’
Missing link or links in Rd file 'impute.Rd':
‘[MSnbase:impute-methods]{impute}’
Missing link or links in Rd file 'process.Rd':
‘[MSnbase:impute-methods]{impute}’
See section 'Cross-references' in the 'Writing R Extensions' manual.
* checking for missing documentation entries ... OK
* checking for code/documentation mismatches ... OK
* checking Rd \usage sections ... OK
* checking Rd contents ... OK
* checking for unstated dependencies in examples ... OK
* checking contents of ‘data’ directory ... OK
* checking data for non-ASCII characters ... OK
* checking LazyData ... OK
* checking data for ASCII and uncompressed saves ... OK
* checking R/sysdata.rda ... OK
* checking files in ‘vignettes’ ... OK
* checking examples ... OK
Examples with CPU (user + system) or elapsed time > 5s
user system elapsed
impute 18.437 0.134 18.583
* checking for unstated dependencies in ‘tests’ ... OK
* checking tests ...
Running ‘testthat.R’
OK
* checking for unstated dependencies in vignettes ... OK
* checking package vignettes ... OK
* checking running R code from vignettes ... SKIPPED
* checking re-building of vignette outputs ... SKIPPED
* checking PDF version of manual ... OK
* DONE
Status: 1 WARNING
See
‘/Users/biocbuild/bbs-3.20-bioc/meat/DEP.Rcheck/00check.log’
for details.
DEP.Rcheck/00install.out
############################################################################## ############################################################################## ### ### Running command: ### ### /Library/Frameworks/R.framework/Resources/bin/R CMD INSTALL DEP ### ############################################################################## ############################################################################## * installing to library ‘/Library/Frameworks/R.framework/Versions/4.4-arm64/Resources/library’ * installing *source* package ‘DEP’ ... ** using staged installation ** R ** data *** moving datasets to lazyload DB ** inst ** byte-compile and prepare package for lazy loading ** help *** installing help indices ** building package indices ** installing vignettes ** testing if installed package can be loaded from temporary location ** testing if installed package can be loaded from final location ** testing if installed package keeps a record of temporary installation path * DONE (DEP)
DEP.Rcheck/tests/testthat.Rout
R version 4.4.3 (2025-02-28) -- "Trophy Case"
Copyright (C) 2025 The R Foundation for Statistical Computing
Platform: aarch64-apple-darwin20
R is free software and comes with ABSOLUTELY NO WARRANTY.
You are welcome to redistribute it under certain conditions.
Type 'license()' or 'licence()' for distribution details.
R is a collaborative project with many contributors.
Type 'contributors()' for more information and
'citation()' on how to cite R or R packages in publications.
Type 'demo()' for some demos, 'help()' for on-line help, or
'help.start()' for an HTML browser interface to help.
Type 'q()' to quit R.
> library(testthat)
> library(DEP)
>
> test_check("DEP")
[ FAIL 0 | WARN 14 | SKIP 0 | PASS 333 ]
[ FAIL 0 | WARN 14 | SKIP 0 | PASS 333 ]
>
> proc.time()
user system elapsed
58.444 2.993 62.191
DEP.Rcheck/DEP-Ex.timings
| name | user | system | elapsed | |
| LFQ | 2.418 | 0.032 | 2.474 | |
| TMT | 0 | 0 | 0 | |
| add_rejections | 0.688 | 0.010 | 0.698 | |
| analyze_dep | 1.885 | 0.037 | 1.922 | |
| filter_missval | 0.437 | 0.007 | 0.448 | |
| filter_proteins | 0.276 | 0.007 | 0.283 | |
| get_df_long | 0.755 | 0.017 | 0.772 | |
| get_df_wide | 0.702 | 0.016 | 0.718 | |
| get_prefix | 0.002 | 0.000 | 0.002 | |
| get_results | 1.854 | 0.025 | 1.878 | |
| get_suffix | 0.001 | 0.001 | 0.001 | |
| import_IsobarQuant | 0 | 0 | 0 | |
| import_MaxQuant | 0.051 | 0.003 | 0.054 | |
| impute | 18.437 | 0.134 | 18.583 | |
| make_se | 0.042 | 0.001 | 0.044 | |
| make_se_parse | 0.073 | 0.007 | 0.081 | |
| make_unique | 0.021 | 0.000 | 0.021 | |
| manual_impute | 0.585 | 0.014 | 0.598 | |
| meanSdPlot | 0.734 | 0.067 | 0.802 | |
| normalize_vsn | 0.321 | 0.005 | 0.332 | |
| plot_all | 1.535 | 0.041 | 1.583 | |
| plot_cond | 1.009 | 0.024 | 1.033 | |
| plot_cond_freq | 0.831 | 0.015 | 0.847 | |
| plot_cond_overlap | 0.846 | 0.016 | 0.864 | |
| plot_cor | 1.230 | 0.034 | 1.265 | |
| plot_coverage | 0.442 | 0.007 | 0.450 | |
| plot_detect | 0.719 | 0.009 | 0.733 | |
| plot_dist | 3.248 | 0.029 | 3.297 | |
| plot_frequency | 0.406 | 0.006 | 0.413 | |
| plot_gsea | 0.654 | 0.017 | 0.671 | |
| plot_heatmap | 1.907 | 0.045 | 2.011 | |
| plot_imputation | 0.695 | 0.029 | 0.729 | |
| plot_missval | 1.468 | 0.058 | 1.526 | |
| plot_normalization | 1.447 | 0.058 | 1.511 | |
| plot_numbers | 0.491 | 0.015 | 0.508 | |
| plot_p_hist | 1.250 | 0.025 | 1.283 | |
| plot_pca | 1.275 | 0.015 | 1.300 | |
| plot_single | 1.532 | 0.018 | 1.556 | |
| plot_volcano | 4.120 | 0.041 | 4.174 | |
| process | 1.396 | 0.018 | 1.421 | |
| report | 0 | 0 | 0 | |
| run_app | 0.001 | 0.001 | 0.000 | |
| se2msn | 0.121 | 0.002 | 0.123 | |
| test_diff | 0.947 | 0.017 | 0.968 | |
| test_gsea | 0.647 | 0.011 | 0.658 | |
| theme_DEP1 | 0.423 | 0.008 | 0.431 | |
| theme_DEP2 | 0.433 | 0.010 | 0.444 | |