| Back to Multiple platform build/check report for BioC 3.20: simplified long |
|
This page was generated on 2025-04-02 19:28 -0400 (Wed, 02 Apr 2025).
| Hostname | OS | Arch (*) | R version | Installed pkgs |
|---|---|---|---|---|
| nebbiolo2 | Linux (Ubuntu 24.04.1 LTS) | x86_64 | 4.4.3 (2025-02-28) -- "Trophy Case" | 4764 |
| palomino8 | Windows Server 2022 Datacenter | x64 | 4.4.3 (2025-02-28 ucrt) -- "Trophy Case" | 4495 |
| merida1 | macOS 12.7.5 Monterey | x86_64 | 4.4.3 (2025-02-28) -- "Trophy Case" | 4522 |
| kjohnson1 | macOS 13.6.6 Ventura | arm64 | 4.4.3 (2025-02-28) -- "Trophy Case" | 4449 |
| taishan | Linux (openEuler 24.03 LTS) | aarch64 | 4.4.3 (2025-02-28) -- "Trophy Case" | 4426 |
| Click on any hostname to see more info about the system (e.g. compilers) (*) as reported by 'uname -p', except on Windows and Mac OS X | ||||
| Package 545/2289 | Hostname | OS / Arch | INSTALL | BUILD | CHECK | BUILD BIN | ||||||||
| DEP 1.28.0 (landing page) Arne Smits
| nebbiolo2 | Linux (Ubuntu 24.04.1 LTS) / x86_64 | OK | OK | WARNINGS | |||||||||
| palomino8 | Windows Server 2022 Datacenter / x64 | OK | OK | WARNINGS | OK | |||||||||
| merida1 | macOS 12.7.5 Monterey / x86_64 | OK | OK | WARNINGS | OK | |||||||||
| kjohnson1 | macOS 13.6.6 Ventura / arm64 | OK | OK | WARNINGS | OK | |||||||||
| taishan | Linux (openEuler 24.03 LTS) / aarch64 | OK | OK | WARNINGS | ||||||||||
|
To the developers/maintainers of the DEP package: - Allow up to 24 hours (and sometimes 48 hours) for your latest push to git@git.bioconductor.org:packages/DEP.git to reflect on this report. See Troubleshooting Build Report for more information. - Use the following Renviron settings to reproduce errors and warnings. - If 'R CMD check' started to fail recently on the Linux builder(s) over a missing dependency, add the missing dependency to 'Suggests:' in your DESCRIPTION file. See Renviron.bioc for more information. |
| Package: DEP |
| Version: 1.28.0 |
| Command: /home/biocbuild/bbs-3.20-bioc/R/bin/R CMD check --install=check:DEP.install-out.txt --library=/home/biocbuild/bbs-3.20-bioc/R/site-library --timings DEP_1.28.0.tar.gz |
| StartedAt: 2025-03-31 21:32:09 -0400 (Mon, 31 Mar 2025) |
| EndedAt: 2025-03-31 21:39:55 -0400 (Mon, 31 Mar 2025) |
| EllapsedTime: 466.5 seconds |
| RetCode: 0 |
| Status: WARNINGS |
| CheckDir: DEP.Rcheck |
| Warnings: 1 |
##############################################################################
##############################################################################
###
### Running command:
###
### /home/biocbuild/bbs-3.20-bioc/R/bin/R CMD check --install=check:DEP.install-out.txt --library=/home/biocbuild/bbs-3.20-bioc/R/site-library --timings DEP_1.28.0.tar.gz
###
##############################################################################
##############################################################################
* using log directory ‘/home/biocbuild/bbs-3.20-bioc/meat/DEP.Rcheck’
* using R version 4.4.3 (2025-02-28)
* using platform: x86_64-pc-linux-gnu
* R was compiled by
gcc (Ubuntu 13.3.0-6ubuntu2~24.04) 13.3.0
GNU Fortran (Ubuntu 13.3.0-6ubuntu2~24.04) 13.3.0
* running under: Ubuntu 24.04.2 LTS
* using session charset: UTF-8
* checking for file ‘DEP/DESCRIPTION’ ... OK
* this is package ‘DEP’ version ‘1.28.0’
* package encoding: UTF-8
* checking package namespace information ... OK
* checking package dependencies ... OK
* checking if this is a source package ... OK
* checking if there is a namespace ... OK
* checking for hidden files and directories ... OK
* checking for portable file names ... OK
* checking for sufficient/correct file permissions ... OK
* checking whether package ‘DEP’ can be installed ... OK
* checking installed package size ... OK
* checking package directory ... OK
* checking ‘build’ directory ... OK
* checking DESCRIPTION meta-information ... OK
* checking top-level files ... OK
* checking for left-over files ... OK
* checking index information ... OK
* checking package subdirectories ... OK
* checking code files for non-ASCII characters ... OK
* checking R files for syntax errors ... OK
* checking whether the package can be loaded ... OK
* checking whether the package can be loaded with stated dependencies ... OK
* checking whether the package can be unloaded cleanly ... OK
* checking whether the namespace can be loaded with stated dependencies ... OK
* checking whether the namespace can be unloaded cleanly ... OK
* checking loading without being on the library search path ... OK
* checking whether startup messages can be suppressed ... OK
* checking dependencies in R code ... OK
* checking S3 generic/method consistency ... OK
* checking replacement functions ... OK
* checking foreign function calls ... OK
* checking R code for possible problems ... OK
* checking Rd files ... OK
* checking Rd metadata ... OK
* checking Rd cross-references ... WARNING
Missing link or links in Rd file 'LFQ.Rd':
‘[MSnbase:impute-methods]{impute}’
Missing link or links in Rd file 'TMT.Rd':
‘[MSnbase:impute-methods]{impute}’
Missing link or links in Rd file 'impute.Rd':
‘[MSnbase:impute-methods]{impute}’
Missing link or links in Rd file 'process.Rd':
‘[MSnbase:impute-methods]{impute}’
See section 'Cross-references' in the 'Writing R Extensions' manual.
* checking for missing documentation entries ... OK
* checking for code/documentation mismatches ... OK
* checking Rd \usage sections ... OK
* checking Rd contents ... OK
* checking for unstated dependencies in examples ... OK
* checking contents of ‘data’ directory ... OK
* checking data for non-ASCII characters ... OK
* checking LazyData ... OK
* checking data for ASCII and uncompressed saves ... OK
* checking R/sysdata.rda ... OK
* checking files in ‘vignettes’ ... OK
* checking examples ... OK
Examples with CPU (user + system) or elapsed time > 5s
user system elapsed
impute 53.502 0.461 53.965
* checking for unstated dependencies in ‘tests’ ... OK
* checking tests ...
Running ‘testthat.R’
OK
* checking for unstated dependencies in vignettes ... OK
* checking package vignettes ... OK
* checking re-building of vignette outputs ... OK
* checking PDF version of manual ... OK
* DONE
Status: 1 WARNING
See
‘/home/biocbuild/bbs-3.20-bioc/meat/DEP.Rcheck/00check.log’
for details.
DEP.Rcheck/00install.out
############################################################################## ############################################################################## ### ### Running command: ### ### /home/biocbuild/bbs-3.20-bioc/R/bin/R CMD INSTALL DEP ### ############################################################################## ############################################################################## * installing to library ‘/home/biocbuild/bbs-3.20-bioc/R/site-library’ * installing *source* package ‘DEP’ ... ** using staged installation ** R ** data *** moving datasets to lazyload DB ** inst ** byte-compile and prepare package for lazy loading ** help *** installing help indices ** building package indices ** installing vignettes ** testing if installed package can be loaded from temporary location ** testing if installed package can be loaded from final location ** testing if installed package keeps a record of temporary installation path * DONE (DEP)
DEP.Rcheck/tests/testthat.Rout
R version 4.4.3 (2025-02-28) -- "Trophy Case"
Copyright (C) 2025 The R Foundation for Statistical Computing
Platform: x86_64-pc-linux-gnu
R is free software and comes with ABSOLUTELY NO WARRANTY.
You are welcome to redistribute it under certain conditions.
Type 'license()' or 'licence()' for distribution details.
R is a collaborative project with many contributors.
Type 'contributors()' for more information and
'citation()' on how to cite R or R packages in publications.
Type 'demo()' for some demos, 'help()' for on-line help, or
'help.start()' for an HTML browser interface to help.
Type 'q()' to quit R.
> library(testthat)
> library(DEP)
>
> test_check("DEP")
[ FAIL 0 | WARN 15 | SKIP 0 | PASS 333 ]
[ FAIL 0 | WARN 15 | SKIP 0 | PASS 333 ]
>
> proc.time()
user system elapsed
48.182 2.032 50.220
DEP.Rcheck/DEP-Ex.timings
| name | user | system | elapsed | |
| LFQ | 2.055 | 0.041 | 2.096 | |
| TMT | 0 | 0 | 0 | |
| add_rejections | 0.659 | 0.013 | 0.672 | |
| analyze_dep | 1.821 | 0.034 | 1.854 | |
| filter_missval | 0.400 | 0.003 | 0.403 | |
| filter_proteins | 0.272 | 0.000 | 0.272 | |
| get_df_long | 0.722 | 0.006 | 0.728 | |
| get_df_wide | 0.682 | 0.000 | 0.682 | |
| get_prefix | 0.002 | 0.000 | 0.002 | |
| get_results | 1.710 | 0.044 | 1.754 | |
| get_suffix | 0.001 | 0.000 | 0.001 | |
| import_IsobarQuant | 0 | 0 | 0 | |
| import_MaxQuant | 0.044 | 0.008 | 0.052 | |
| impute | 53.502 | 0.461 | 53.965 | |
| make_se | 0.036 | 0.000 | 0.036 | |
| make_se_parse | 0.062 | 0.012 | 0.074 | |
| make_unique | 0.015 | 0.000 | 0.016 | |
| manual_impute | 0.554 | 0.012 | 0.567 | |
| meanSdPlot | 0.514 | 0.067 | 0.581 | |
| normalize_vsn | 0.327 | 0.033 | 0.361 | |
| plot_all | 1.527 | 0.013 | 1.541 | |
| plot_cond | 0.954 | 0.003 | 0.956 | |
| plot_cond_freq | 0.785 | 0.000 | 0.785 | |
| plot_cond_overlap | 0.793 | 0.008 | 0.801 | |
| plot_cor | 1.126 | 0.004 | 1.129 | |
| plot_coverage | 0.395 | 0.000 | 0.395 | |
| plot_detect | 0.666 | 0.000 | 0.666 | |
| plot_dist | 3.323 | 0.004 | 3.327 | |
| plot_frequency | 0.379 | 0.000 | 0.379 | |
| plot_gsea | 0.602 | 0.005 | 0.607 | |
| plot_heatmap | 2.303 | 0.024 | 2.327 | |
| plot_imputation | 0.904 | 0.009 | 0.913 | |
| plot_missval | 1.375 | 0.003 | 1.378 | |
| plot_normalization | 1.290 | 0.003 | 1.293 | |
| plot_numbers | 0.429 | 0.001 | 0.430 | |
| plot_p_hist | 1.108 | 0.000 | 1.108 | |
| plot_pca | 1.130 | 0.015 | 1.145 | |
| plot_single | 1.451 | 0.006 | 1.457 | |
| plot_volcano | 3.856 | 0.004 | 3.860 | |
| process | 1.249 | 0.000 | 1.249 | |
| report | 0.000 | 0.001 | 0.000 | |
| run_app | 0 | 0 | 0 | |
| se2msn | 0.106 | 0.000 | 0.106 | |
| test_diff | 0.801 | 0.000 | 0.802 | |
| test_gsea | 0.637 | 0.019 | 0.656 | |
| theme_DEP1 | 0.382 | 0.008 | 0.390 | |
| theme_DEP2 | 0.415 | 0.020 | 0.435 | |