Back to Multiple platform build/check report for BioC 3.16
ABCD[E]FGHIJKLMNOPQRSTUVWXYZ

This page was generated on 2022-07-07 11:11:04 -0400 (Thu, 07 Jul 2022).

HostnameOSArch (*)R versionInstalled pkgs
nebbiolo2Linux (Ubuntu 20.04.4 LTS)x86_644.2.0 Patched (2022-06-02 r82447) -- "Vigorous Calisthenics" 4343
palomino4Windows Server 2022 Datacenterx644.2.0 Patched (2022-06-02 r82447 ucrt) -- "Vigorous Calisthenics" 4148
lconwaymacOS 12.2.1 Montereyx86_644.2.0 Patched (2022-05-29 r82424) -- "Vigorous Calisthenics" 4160
kjohnsonmacOS 12.4 Montereyarm644.2.0 Patched (2022-06-09 r82473) -- "Vigorous Calisthenics" 3115
Click on any hostname to see more info about the system (e.g. compilers)      (*) as reported by 'uname -p', except on Windows and Mac OS X

BUILD results for EnrichedHeatmap on kjohnson


To the developers/maintainers of the EnrichedHeatmap package:
- Please allow up to 24 hours (and sometimes 48 hours) for your latest push to git@git.bioconductor.org:packages/EnrichedHeatmap.git to
reflect on this report. See How and When does the builder pull? When will my changes propagate? for more information.
- Make sure to use the following settings in order to reproduce any error or warning you see on this page.

raw results

Package 593/2124HostnameOS / ArchINSTALLBUILDCHECKBUILD BIN
EnrichedHeatmap 1.27.0  (landing page)
Zuguang Gu
Snapshot Date: 2022-07-06 14:00:06 -0400 (Wed, 06 Jul 2022)
git_url: https://git.bioconductor.org/packages/EnrichedHeatmap
git_branch: master
git_last_commit: 5dd4df7
git_last_commit_date: 2022-04-26 11:27:23 -0400 (Tue, 26 Apr 2022)
nebbiolo2Linux (Ubuntu 20.04.4 LTS) / x86_64  OK    OK    OK  UNNEEDED, same version is already published
palomino4Windows Server 2022 Datacenter / x64  OK    OK    OK    OK  UNNEEDED, same version is already published
lconwaymacOS 12.2.1 Monterey / x86_64  OK    OK    OK    OK  UNNEEDED, same version is already published
kjohnsonmacOS 12.4 Monterey / arm64  OK    ERROR  skippedskipped

Summary

Package: EnrichedHeatmap
Version: 1.27.0
Command: /Library/Frameworks/R.framework/Resources/bin/R CMD build --keep-empty-dirs --no-resave-data EnrichedHeatmap
StartedAt: 2022-07-06 20:35:49 -0400 (Wed, 06 Jul 2022)
EndedAt: 2022-07-06 20:40:24 -0400 (Wed, 06 Jul 2022)
EllapsedTime: 274.7 seconds
RetCode: 1
Status:   ERROR  
PackageFile: None
PackageFileSize: NA

Command output

##############################################################################
##############################################################################
###
### Running command:
###
###   /Library/Frameworks/R.framework/Resources/bin/R CMD build --keep-empty-dirs --no-resave-data EnrichedHeatmap
###
##############################################################################
##############################################################################


* checking for file ‘EnrichedHeatmap/DESCRIPTION’ ... OK
* preparing ‘EnrichedHeatmap’:
* checking DESCRIPTION meta-information ... OK
* cleaning src
* installing the package to build vignettes
* creating vignettes ... ERROR
--- re-building ‘EnrichedHeatmap.Rmd’ using knitr
The automatically generated colors map from the 1^st and 99^th of the values in the
matrix. There are outliers in the matrix whose patterns might be hidden by this color
mapping. You can manually set the color to `col` argument.

Use `suppressMessages()` to turn off this message.
All signal values are within [0, 1], so we assume it is methylation signal. Automatically
set limit [0, 1] to the smoothed values. If this is not the case, set argument `limit =
NA` in the function to remove the limits. Set `verbose = FALSE` to turn off this message.
All signal values are within [0, 1], so we assume it is methylation signal. Automatically
set limit [0, 1] to the smoothed values. If this is not the case, set argument `limit =
NA` in the function to remove the limits. Set `verbose = FALSE` to turn off this message.
All signal values are within [0, 1], so we assume it is methylation signal. Automatically
set limit [0, 1] to the smoothed values. If this is not the case, set argument `limit =
NA` in the function to remove the limits. Set `verbose = FALSE` to turn off this message.
All signal values are within [0, 1], so we assume it is methylation signal. Automatically
set limit [0, 1] to the smoothed values. If this is not the case, set argument `limit =
NA` in the function to remove the limits. Set `verbose = FALSE` to turn off this message.
All signal values are within [0, 1], so we assume it is methylation signal. Automatically
set limit [0, 1] to the smoothed values. If this is not the case, set argument `limit =
NA` in the function to remove the limits. Set `verbose = FALSE` to turn off this message.
`use_raster` is automatically set to TRUE for a matrix with more than 2000 rows. You can
control `use_raster` argument by explicitly setting TRUE/FALSE to it.

Set `ht_opt$message = FALSE` to turn off this message.
`use_raster` is automatically set to TRUE for a matrix with more than 2000 rows. You can
control `use_raster` argument by explicitly setting TRUE/FALSE to it.

Set `ht_opt$message = FALSE` to turn off this message.
--- finished re-building ‘EnrichedHeatmap.Rmd’

--- re-building ‘roadmap.Rmd’ using knitr
trying URL 'https://jokergoo.github.io/supplementary/EnrichedHeatmap-supplementary/roadmap_normalized_matrices.RData'
Content type 'application/octet-stream' length 26598186 bytes (25.4 MB)
==================================================
downloaded 25.4 MB

Quitting from lines 455-458 (roadmap.Rmd) 
Error: processing vignette 'roadmap.Rmd' failed with diagnostics:
there is no package called 'genefilter'
--- failed re-building ‘roadmap.Rmd’

--- re-building ‘row_odering.Rmd’ using knitr
`use_raster` is automatically set to TRUE for a matrix with more than 2000 rows. You can
control `use_raster` argument by explicitly setting TRUE/FALSE to it.

Set `ht_opt$message = FALSE` to turn off this message.
`use_raster` is automatically set to TRUE for a matrix with more than 2000 rows. You can
control `use_raster` argument by explicitly setting TRUE/FALSE to it.

Set `ht_opt$message = FALSE` to turn off this message.
`use_raster` is automatically set to TRUE for a matrix with more than 2000 rows. You can
control `use_raster` argument by explicitly setting TRUE/FALSE to it.

Set `ht_opt$message = FALSE` to turn off this message.
--- finished re-building ‘row_odering.Rmd’

--- re-building ‘visualize_categorical_signals_wrapper.Rmd’ using knitr
--- finished re-building ‘visualize_categorical_signals_wrapper.Rmd’

SUMMARY: processing the following file failed:
  ‘roadmap.Rmd’

Error: Vignette re-building failed.
Execution halted