| Back to Multiple platform build/check report for BioC 3.16 |
|
This page was generated on 2022-07-11 11:06:40 -0400 (Mon, 11 Jul 2022).
| Hostname | OS | Arch (*) | R version | Installed pkgs |
|---|---|---|---|---|
| nebbiolo2 | Linux (Ubuntu 20.04.4 LTS) | x86_64 | 4.2.1 (2022-06-23) -- "Funny-Looking Kid" | 4148 |
| lconway | macOS 12.2.1 Monterey | x86_64 | 4.2.0 Patched (2022-05-29 r82424) -- "Vigorous Calisthenics" | 4168 |
| kjohnson | macOS 12.4 Monterey | arm64 | 4.2.1 (2022-06-23) -- "Funny-Looking Kid" | 3545 |
| Click on any hostname to see more info about the system (e.g. compilers) (*) as reported by 'uname -p', except on Windows and Mac OS X | ||||
|
To the developers/maintainers of the BiocDockerManager package: - Please allow up to 24 hours (and sometimes 48 hours) for your latest push to git@git.bioconductor.org:packages/BiocDockerManager.git to reflect on this report. See How and When does the builder pull? When will my changes propagate? for more information. - Make sure to use the following settings in order to reproduce any error or warning you see on this page. |
| Package 158/2130 | Hostname | OS / Arch | INSTALL | BUILD | CHECK | BUILD BIN | ||||||||
| BiocDockerManager 1.9.0 (landing page) Bioconductor Package Maintainer
| nebbiolo2 | Linux (Ubuntu 20.04.4 LTS) / x86_64 | OK | ERROR | skipped | |||||||||
| lconway | macOS 12.2.1 Monterey / x86_64 | OK | ERROR | skipped | skipped | |||||||||
| kjohnson | macOS 12.4 Monterey / arm64 | OK | ERROR | skipped | skipped | |||||||||
| Package: BiocDockerManager |
| Version: 1.9.0 |
| Command: /Library/Frameworks/R.framework/Resources/bin/R CMD build --keep-empty-dirs --no-resave-data BiocDockerManager |
| StartedAt: 2022-07-10 21:43:52 -0400 (Sun, 10 Jul 2022) |
| EndedAt: 2022-07-10 21:44:05 -0400 (Sun, 10 Jul 2022) |
| EllapsedTime: 13.1 seconds |
| RetCode: 1 |
| Status: ERROR |
| PackageFile: None |
| PackageFileSize: NA |
##############################################################################
##############################################################################
###
### Running command:
###
### /Library/Frameworks/R.framework/Resources/bin/R CMD build --keep-empty-dirs --no-resave-data BiocDockerManager
###
##############################################################################
##############################################################################
* checking for file ‘BiocDockerManager/DESCRIPTION’ ... OK
* preparing ‘BiocDockerManager’:
* checking DESCRIPTION meta-information ... OK
* installing the package to build vignettes
* creating vignettes ... ERROR
--- re-building ‘BiocDockerManager.Rmd’ using rmarkdown
Attaching package: 'BiocDockerManager'
The following objects are masked from 'package:utils':
help, maintainer
Attaching package: 'dplyr'
The following objects are masked from 'package:stats':
filter, lag
The following objects are masked from 'package:base':
intersect, setdiff, setequal, union
Quitting from lines 95-97 (BiocDockerManager.Rmd)
Error: processing vignette 'BiocDockerManager.Rmd' failed with diagnostics:
values must be length 1,
but FUN(X[[1]]) result is length 0
--- failed re-building ‘BiocDockerManager.Rmd’
SUMMARY: processing the following file failed:
‘BiocDockerManager.Rmd’
Error: Vignette re-building failed.
Execution halted