| Back to Build/check report for BioC 3.15 experimental data |
|
This page was generated on 2022-02-17 08:36:54 -0500 (Thu, 17 Feb 2022).
| Hostname | OS | Arch (*) | R version | Installed pkgs |
|---|---|---|---|---|
| nebbiolo2 | Linux (Ubuntu 20.04.4 LTS) | x86_64 | R Under development (unstable) (2022-01-05 r81451) -- "Unsuffered Consequences" | 1362 |
| Click on any hostname to see more info about the system (e.g. compilers) (*) as reported by 'uname -p', except on Windows and Mac OS X | ||||
|
To the developers/maintainers of the TCGAWorkflowData package: Make sure to use the following settings in order to reproduce any error or warning you see on this page. |
| Package 380/406 | Hostname | OS / Arch | INSTALL | BUILD | CHECK | ||||||||
| TCGAWorkflowData 1.19.1 (landing page) Tiago Chedraoui Silva
| nebbiolo2 | Linux (Ubuntu 20.04.4 LTS) / x86_64 | OK | OK | WARNINGS | ||||||||
| Package: TCGAWorkflowData |
| Version: 1.19.1 |
| Command: /home/biocbuild/bbs-3.15-data-experiment/R/bin/R CMD check --install=check:TCGAWorkflowData.install-out.txt --library=/home/biocbuild/bbs-3.15-data-experiment/R/library --no-vignettes --timings TCGAWorkflowData_1.19.1.tar.gz |
| StartedAt: 2022-02-17 08:04:24 -0500 (Thu, 17 Feb 2022) |
| EndedAt: 2022-02-17 08:13:16 -0500 (Thu, 17 Feb 2022) |
| EllapsedTime: 532.6 seconds |
| RetCode: 0 |
| Status: WARNINGS |
| CheckDir: TCGAWorkflowData.Rcheck |
| Warnings: 1 |
##############################################################################
##############################################################################
###
### Running command:
###
### /home/biocbuild/bbs-3.15-data-experiment/R/bin/R CMD check --install=check:TCGAWorkflowData.install-out.txt --library=/home/biocbuild/bbs-3.15-data-experiment/R/library --no-vignettes --timings TCGAWorkflowData_1.19.1.tar.gz
###
##############################################################################
##############################################################################
* using log directory ‘/home/biocbuild/bbs-3.15-data-experiment/meat/TCGAWorkflowData.Rcheck’
* using R Under development (unstable) (2022-01-05 r81451)
* using platform: x86_64-pc-linux-gnu (64-bit)
* using session charset: UTF-8
* using option ‘--no-vignettes’
* checking for file ‘TCGAWorkflowData/DESCRIPTION’ ... OK
* this is package ‘TCGAWorkflowData’ version ‘1.19.1’
* checking package namespace information ... OK
* checking package dependencies ... OK
* checking if this is a source package ... OK
* checking if there is a namespace ... OK
* checking for hidden files and directories ... OK
* checking for portable file names ... OK
* checking for sufficient/correct file permissions ... OK
* checking whether package ‘TCGAWorkflowData’ can be installed ... OK
* checking installed package size ... NOTE
installed size is 77.5Mb
sub-directories of 1Mb or more:
data 77.4Mb
* checking package directory ... OK
* checking ‘build’ directory ... OK
* checking DESCRIPTION meta-information ... OK
* checking top-level files ... OK
* checking for left-over files ... OK
* checking index information ... OK
* checking package subdirectories ... OK
* checking R files for non-ASCII characters ... OK
* checking R files for syntax errors ... OK
* checking whether the package can be loaded ... OK
* checking whether the package can be loaded with stated dependencies ... OK
* checking whether the package can be unloaded cleanly ... OK
* checking whether the namespace can be loaded with stated dependencies ... OK
* checking whether the namespace can be unloaded cleanly ... OK
* checking dependencies in R code ... OK
* checking S3 generic/method consistency ... OK
* checking replacement functions ... OK
* checking foreign function calls ... OK
* checking R code for possible problems ... OK
* checking Rd files ... OK
* checking Rd metadata ... OK
* checking Rd cross-references ... OK
* checking for missing documentation entries ... WARNING
Undocumented data sets:
‘commonCNV’
All user-level objects in a package should have documentation entries.
See chapter ‘Writing R documentation files’ in the ‘Writing R
Extensions’ manual.
* checking for code/documentation mismatches ... OK
* checking Rd \usage sections ... OK
* checking Rd contents ... OK
* checking for unstated dependencies in examples ... OK
* checking contents of ‘data’ directory ... OK
* checking data for non-ASCII characters ... OK
* checking data for ASCII and uncompressed saves ... OK
* checking files in ‘vignettes’ ... OK
* checking examples ... OK
Examples with CPU (user + system) or elapsed time > 5s
user system elapsed
TCGAWorkflowData 42.914 0.633 45.049
mut 17.600 0.136 18.931
GBMmut 15.522 0.875 16.399
tmp.biogrid 13.130 0.012 13.142
LGGmut 12.008 0.083 12.092
markersMatrix 4.871 0.076 5.806
* checking for unstated dependencies in ‘tests’ ... OK
* checking tests ...
Running ‘testthat.R’
OK
* checking for unstated dependencies in vignettes ... OK
* checking package vignettes in ‘inst/doc’ ... OK
* checking running R code from vignettes ... SKIPPED
* checking re-building of vignette outputs ... SKIPPED
* checking PDF version of manual ... OK
* DONE
Status: 1 WARNING, 1 NOTE
See
‘/home/biocbuild/bbs-3.15-data-experiment/meat/TCGAWorkflowData.Rcheck/00check.log’
for details.
TCGAWorkflowData.Rcheck/00install.out
############################################################################## ############################################################################## ### ### Running command: ### ### /home/biocbuild/bbs-3.15-data-experiment/R/bin/R CMD INSTALL TCGAWorkflowData ### ############################################################################## ############################################################################## * installing to library ‘/home/biocbuild/bbs-3.15-data-experiment/R/library’ * installing *source* package ‘TCGAWorkflowData’ ... ** using staged installation ** R ** data ** byte-compile and prepare package for lazy loading ** help *** installing help indices ** building package indices ** installing vignettes ** testing if installed package can be loaded from temporary location ** testing if installed package can be loaded from final location ** testing if installed package keeps a record of temporary installation path * DONE (TCGAWorkflowData)
TCGAWorkflowData.Rcheck/tests/testthat.Rout
R Under development (unstable) (2022-01-05 r81451) -- "Unsuffered Consequences"
Copyright (C) 2022 The R Foundation for Statistical Computing
Platform: x86_64-pc-linux-gnu (64-bit)
R is free software and comes with ABSOLUTELY NO WARRANTY.
You are welcome to redistribute it under certain conditions.
Type 'license()' or 'licence()' for distribution details.
R is a collaborative project with many contributors.
Type 'contributors()' for more information and
'citation()' on how to cite R or R packages in publications.
Type 'demo()' for some demos, 'help()' for on-line help, or
'help.start()' for an HTML browser interface to help.
Type 'q()' to quit R.
> library(testthat)
> library(TCGAWorkflowData)
>
> test_check("TCGAWorkflowData")
[ FAIL 0 | WARN 0 | SKIP 1 | PASS 0 ]
══ Skipped tests ═══════════════════════════════════════════════════════════════
• empty test (1)
[ FAIL 0 | WARN 0 | SKIP 1 | PASS 0 ]
>
> proc.time()
user system elapsed
55.651 1.824 61.428
TCGAWorkflowData.Rcheck/TCGAWorkflowData-Ex.timings
| name | user | system | elapsed | |
| GBMmut | 15.522 | 0.875 | 16.399 | |
| LGGmut | 12.008 | 0.083 | 12.092 | |
| TCGAWorkflowData | 42.914 | 0.633 | 45.049 | |
| cnvMatrix | 0.008 | 0.000 | 0.007 | |
| exp | 0.592 | 0.027 | 0.637 | |
| exp.elmer | 0.631 | 0.028 | 0.662 | |
| gbm.exp | 0.681 | 0.008 | 0.722 | |
| gbm.samples | 0.856 | 0.026 | 1.232 | |
| genes | 0.331 | 0.004 | 0.368 | |
| genes_GR | 0.333 | 0.008 | 0.344 | |
| gistic.allbygene | 0.014 | 0.000 | 0.013 | |
| gistic.thresholedbygene | 0.013 | 0.000 | 0.013 | |
| histone.marks | 2.098 | 0.180 | 2.280 | |
| lgg.exp | 0.472 | 0.008 | 0.480 | |
| lgg.samples | 0.614 | 0.020 | 0.634 | |
| markersMatrix | 4.871 | 0.076 | 5.806 | |
| met | 0.841 | 0.012 | 0.853 | |
| met.elmer | 0.631 | 0.012 | 0.643 | |
| mut | 17.600 | 0.136 | 18.931 | |
| tmp.biogrid | 13.130 | 0.012 | 13.142 | |