| Back to Multiple platform build/check report for BioC 3.15 |
|
This page was generated on 2022-03-14 11:08:22 -0400 (Mon, 14 Mar 2022).
| Hostname | OS | Arch (*) | R version | Installed pkgs |
|---|---|---|---|---|
| nebbiolo1 | Linux (Ubuntu 20.04.4 LTS) | x86_64 | R Under development (unstable) (2022-02-17 r81757) -- "Unsuffered Consequences" | 4335 |
| riesling1 | Windows Server 2019 Standard | x64 | R Under development (unstable) (2021-11-21 r81221) -- "Unsuffered Consequences" | 4061 |
| palomino3 | Windows Server 2022 Datacenter | x64 | R Under development (unstable) (2022-02-17 r81757 ucrt) -- "Unsuffered Consequences" | 4073 |
| merida1 | macOS 10.14.6 Mojave | x86_64 | R Under development (unstable) (2022-03-02 r81842) -- "Unsuffered Consequences" | 4134 |
| Click on any hostname to see more info about the system (e.g. compilers) (*) as reported by 'uname -p', except on Windows and Mac OS X | ||||
|
To the developers/maintainers of the VplotR package: - Please allow up to 24 hours (and sometimes 48 hours) for your latest push to git@git.bioconductor.org:packages/VplotR.git to reflect on this report. See How and When does the builder pull? When will my changes propagate? here for more information. - Make sure to use the following settings in order to reproduce any error or warning you see on this page. |
| Package 2061/2090 | Hostname | OS / Arch | INSTALL | BUILD | CHECK | BUILD BIN | ||||||||
| VplotR 1.5.1 (landing page) Jacques Serizay
| nebbiolo1 | Linux (Ubuntu 20.04.4 LTS) / x86_64 | OK | OK | WARNINGS | |||||||||
| riesling1 | Windows Server 2019 Standard / x64 | OK | OK | WARNINGS | OK | |||||||||
| palomino3 | Windows Server 2022 Datacenter / x64 | OK | OK | WARNINGS | OK | |||||||||
| merida1 | macOS 10.14.6 Mojave / x86_64 | OK | OK | WARNINGS | OK | |||||||||
| Package: VplotR |
| Version: 1.5.1 |
| Command: D:\biocbuild\bbs-3.15-bioc\R\bin\R.exe CMD check --no-multiarch --install=check:VplotR.install-out.txt --library=D:\biocbuild\bbs-3.15-bioc\R\library --no-vignettes --timings VplotR_1.5.1.tar.gz |
| StartedAt: 2022-03-13 20:23:06 -0400 (Sun, 13 Mar 2022) |
| EndedAt: 2022-03-13 20:27:23 -0400 (Sun, 13 Mar 2022) |
| EllapsedTime: 257.8 seconds |
| RetCode: 0 |
| Status: WARNINGS |
| CheckDir: VplotR.Rcheck |
| Warnings: 1 |
##############################################################################
##############################################################################
###
### Running command:
###
### D:\biocbuild\bbs-3.15-bioc\R\bin\R.exe CMD check --no-multiarch --install=check:VplotR.install-out.txt --library=D:\biocbuild\bbs-3.15-bioc\R\library --no-vignettes --timings VplotR_1.5.1.tar.gz
###
##############################################################################
##############################################################################
* using log directory 'D:/biocbuild/bbs-3.15-bioc/meat/VplotR.Rcheck'
* using R Under development (unstable) (2021-11-21 r81221)
* using platform: x86_64-w64-mingw32 (64-bit)
* using session charset: ISO8859-1
* using option '--no-vignettes'
* checking for file 'VplotR/DESCRIPTION' ... OK
* checking extension type ... Package
* this is package 'VplotR' version '1.5.1'
* package encoding: UTF-8
* checking package namespace information ... OK
* checking package dependencies ... OK
* checking if this is a source package ... OK
* checking if there is a namespace ... OK
* checking for hidden files and directories ... OK
* checking for portable file names ... OK
* checking whether package 'VplotR' can be installed ... WARNING
Found the following significant warnings:
Warning: replacing previous import 'GenomicRanges::subtract' by 'magrittr::subtract' when loading 'VplotR'
See 'D:/biocbuild/bbs-3.15-bioc/meat/VplotR.Rcheck/00install.out' for details.
* checking installed package size ... OK
* checking package directory ... OK
* checking 'build' directory ... OK
* checking DESCRIPTION meta-information ... OK
* checking top-level files ... OK
* checking for left-over files ... OK
* checking index information ... OK
* checking package subdirectories ... OK
* checking R files for non-ASCII characters ... OK
* checking R files for syntax errors ... OK
* checking whether the package can be loaded ... OK
* checking whether the package can be loaded with stated dependencies ... OK
* checking whether the package can be unloaded cleanly ... OK
* checking whether the namespace can be loaded with stated dependencies ... OK
* checking whether the namespace can be unloaded cleanly ... OK
* checking dependencies in R code ... OK
* checking S3 generic/method consistency ... OK
* checking replacement functions ... OK
* checking foreign function calls ... OK
* checking R code for possible problems ... OK
* checking Rd files ... OK
* checking Rd metadata ... OK
* checking Rd cross-references ... OK
* checking for missing documentation entries ... OK
* checking for code/documentation mismatches ... OK
* checking Rd \usage sections ... OK
* checking Rd contents ... OK
* checking for unstated dependencies in examples ... OK
* checking contents of 'data' directory ... OK
* checking data for non-ASCII characters ... OK
* checking data for ASCII and uncompressed saves ... OK
* checking files in 'vignettes' ... OK
* checking examples ... OK
Examples with CPU (user + system) or elapsed time > 5s
user system elapsed
nucleosomeEnrichment.GRanges 7.53 1.56 9.09
nucleosomeEnrichment.Vmat 4.98 1.50 6.49
nucleosomeEnrichment 4.57 1.73 6.30
* checking for unstated dependencies in 'tests' ... OK
* checking tests ...
Running 'testthat.R'
OK
* checking for unstated dependencies in vignettes ... OK
* checking package vignettes in 'inst/doc' ... OK
* checking running R code from vignettes ... SKIPPED
* checking re-building of vignette outputs ... SKIPPED
* checking PDF version of manual ... OK
* DONE
Status: 1 WARNING
See
'D:/biocbuild/bbs-3.15-bioc/meat/VplotR.Rcheck/00check.log'
for details.
VplotR.Rcheck/00install.out
##############################################################################
##############################################################################
###
### Running command:
###
### D:\biocbuild\bbs-3.15-bioc\R\bin\R.exe CMD INSTALL VplotR
###
##############################################################################
##############################################################################
* installing to library 'D:/biocbuild/bbs-3.15-bioc/R/library'
* installing *source* package 'VplotR' ...
** using staged installation
** R
** data
** inst
** byte-compile and prepare package for lazy loading
Warning: replacing previous import 'GenomicRanges::subtract' by 'magrittr::subtract' when loading 'VplotR'
** help
*** installing help indices
converting help for package 'VplotR'
finding HTML links ... done
ABF1_sacCer3 html
ATAC_ce11_Serizay2020 html
CTCF_hg38 html
MNase_sacCer3_Henikoff2011 html
MNase_sacCer3_Henikoff2011_subset html
REB1_sacCer3 html
alignToTSS html
bam_test html
ce11_all_REs html
ce11_proms html
computeNucleosomeEnrichmentOverBackground
html
computeVmat html
deconvolveBidirectionalPromoters html
getCuts html
getFragmentsDistribution html
importPEBamFiles html
normalizeVmat html
nucleosomeEnrichment.GRanges html
nucleosomeEnrichment html
nucleosomeEnrichment.Vmat html
plotFootprint html
plotProfile html
plotVmat.GRanges html
plotVmat html
plotVmat.Vmat html
plotVmat.VmatList html
plotVmat.default html
plotVmat.list html
sampleGRanges.GRanges html
sampleGRanges html
shiftATACGranges html
shuffleVmat html
theme_ggplot2 html
** building package indices
** installing vignettes
** testing if installed package can be loaded from temporary location
Warning: replacing previous import 'GenomicRanges::subtract' by 'magrittr::subtract' when loading 'VplotR'
** testing if installed package can be loaded from final location
Warning: replacing previous import 'GenomicRanges::subtract' by 'magrittr::subtract' when loading 'VplotR'
** testing if installed package keeps a record of temporary installation path
* DONE (VplotR)
Making 'packages.html' ...Warning in packageDescription(i, lib.loc = lib, fields = "Title", encoding = "UTF-8") :
DESCRIPTION file of package 'netresponse' is missing or broken
done
VplotR.Rcheck/tests/testthat.Rout
R Under development (unstable) (2021-11-21 r81221) -- "Unsuffered Consequences"
Copyright (C) 2021 The R Foundation for Statistical Computing
Platform: x86_64-w64-mingw32/x64 (64-bit)
R is free software and comes with ABSOLUTELY NO WARRANTY.
You are welcome to redistribute it under certain conditions.
Type 'license()' or 'licence()' for distribution details.
R is a collaborative project with many contributors.
Type 'contributors()' for more information and
'citation()' on how to cite R or R packages in publications.
Type 'demo()' for some demos, 'help()' for on-line help, or
'help.start()' for an HTML browser interface to help.
Type 'q()' to quit R.
> library(testthat)
> library(VplotR)
Loading required package: GenomicRanges
Loading required package: stats4
Loading required package: BiocGenerics
Attaching package: 'BiocGenerics'
The following objects are masked from 'package:stats':
IQR, mad, sd, var, xtabs
The following objects are masked from 'package:base':
Filter, Find, Map, Position, Reduce, anyDuplicated, append,
as.data.frame, basename, cbind, colnames, dirname, do.call,
duplicated, eval, evalq, get, grep, grepl, intersect, is.unsorted,
lapply, mapply, match, mget, order, paste, pmax, pmax.int, pmin,
pmin.int, rank, rbind, rownames, sapply, setdiff, sort, table,
tapply, union, unique, unsplit, which.max, which.min
Loading required package: S4Vectors
Attaching package: 'S4Vectors'
The following objects are masked from 'package:base':
I, expand.grid, unname
Loading required package: IRanges
Attaching package: 'IRanges'
The following object is masked from 'package:grDevices':
windows
Loading required package: GenomeInfoDb
Loading required package: ggplot2
Warning message:
replacing previous import 'GenomicRanges::subtract' by 'magrittr::subtract' when loading 'VplotR'
>
> test_check("VplotR")
[ FAIL 0 | WARN 15 | SKIP 0 | PASS 4 ]
[ FAIL 0 | WARN 15 | SKIP 0 | PASS 4 ]
>
> proc.time()
user system elapsed
46.93 7.18 54.06
VplotR.Rcheck/VplotR-Ex.timings
| name | user | system | elapsed | |
| ABF1_sacCer3 | 0.05 | 0.02 | 0.06 | |
| ATAC_ce11_Serizay2020 | 0.69 | 0.02 | 0.71 | |
| CTCF_hg38 | 0.03 | 0.00 | 0.03 | |
| MNase_sacCer3_Henikoff2011 | 0.07 | 0.00 | 0.07 | |
| MNase_sacCer3_Henikoff2011_subset | 0.04 | 0.01 | 0.06 | |
| REB1_sacCer3 | 0.00 | 0.02 | 0.02 | |
| alignToTSS | 0.07 | 0.01 | 0.07 | |
| bam_test | 0.03 | 0.02 | 0.05 | |
| ce11_all_REs | 0.00 | 0.03 | 0.03 | |
| ce11_proms | 0.01 | 0.00 | 0.01 | |
| computeVmat | 1.91 | 0.18 | 2.10 | |
| deconvolveBidirectionalPromoters | 0.12 | 0.00 | 0.12 | |
| getFragmentsDistribution | 0.16 | 0.02 | 0.17 | |
| importPEBamFiles | 0.25 | 0.00 | 0.25 | |
| normalizeVmat | 0.89 | 0.04 | 0.92 | |
| nucleosomeEnrichment.GRanges | 7.53 | 1.56 | 9.09 | |
| nucleosomeEnrichment | 4.57 | 1.73 | 6.30 | |
| nucleosomeEnrichment.Vmat | 4.98 | 1.50 | 6.49 | |
| plotFootprint | 0.31 | 0.03 | 0.34 | |
| plotProfile | 0.49 | 0.07 | 0.55 | |
| plotVmat.GRanges | 1.01 | 0.06 | 1.07 | |
| plotVmat | 1.08 | 0.11 | 1.19 | |
| plotVmat.Vmat | 1.50 | 0.15 | 1.66 | |
| plotVmat.VmatList | 1.89 | 0.18 | 2.06 | |
| plotVmat.default | 1.31 | 0.07 | 1.39 | |
| plotVmat.list | 1.85 | 0.14 | 1.99 | |
| sampleGRanges.GRanges | 2.08 | 0.66 | 2.73 | |
| sampleGRanges | 2.04 | 0.72 | 2.77 | |
| shiftATACGranges | 0.05 | 0.02 | 0.06 | |
| shuffleVmat | 0.75 | 0.06 | 0.81 | |
| theme_ggplot2 | 0.08 | 0.00 | 0.08 | |