| Back to Multiple platform build/check report for BioC 3.15 |
|
This page was generated on 2022-10-19 13:21:02 -0400 (Wed, 19 Oct 2022).
| Hostname | OS | Arch (*) | R version | Installed pkgs |
|---|---|---|---|---|
| nebbiolo1 | Linux (Ubuntu 20.04.5 LTS) | x86_64 | 4.2.1 (2022-06-23) -- "Funny-Looking Kid" | 4386 |
| palomino3 | Windows Server 2022 Datacenter | x64 | 4.2.1 (2022-06-23 ucrt) -- "Funny-Looking Kid" | 4138 |
| merida1 | macOS 10.14.6 Mojave | x86_64 | 4.2.1 (2022-06-23) -- "Funny-Looking Kid" | 4205 |
| Click on any hostname to see more info about the system (e.g. compilers) (*) as reported by 'uname -p', except on Windows and Mac OS X | ||||
|
To the developers/maintainers of the VplotR package: - Please allow up to 24 hours (and sometimes 48 hours) for your latest push to git@git.bioconductor.org:packages/VplotR.git to reflect on this report. See How and When does the builder pull? When will my changes propagate? for more information. - Make sure to use the following settings in order to reproduce any error or warning you see on this page. |
| Package 2110/2140 | Hostname | OS / Arch | INSTALL | BUILD | CHECK | BUILD BIN | ||||||||
| VplotR 1.6.0 (landing page) Jacques Serizay
| nebbiolo1 | Linux (Ubuntu 20.04.5 LTS) / x86_64 | OK | OK | WARNINGS | |||||||||
| palomino3 | Windows Server 2022 Datacenter / x64 | OK | OK | WARNINGS | OK | |||||||||
| merida1 | macOS 10.14.6 Mojave / x86_64 | OK | OK | WARNINGS | OK | |||||||||
| Package: VplotR |
| Version: 1.6.0 |
| Command: /home/biocbuild/bbs-3.15-bioc/R/bin/R CMD check --install=check:VplotR.install-out.txt --library=/home/biocbuild/bbs-3.15-bioc/R/library --no-vignettes --timings VplotR_1.6.0.tar.gz |
| StartedAt: 2022-10-18 22:20:05 -0400 (Tue, 18 Oct 2022) |
| EndedAt: 2022-10-18 22:25:25 -0400 (Tue, 18 Oct 2022) |
| EllapsedTime: 320.1 seconds |
| RetCode: 0 |
| Status: WARNINGS |
| CheckDir: VplotR.Rcheck |
| Warnings: 1 |
##############################################################################
##############################################################################
###
### Running command:
###
### /home/biocbuild/bbs-3.15-bioc/R/bin/R CMD check --install=check:VplotR.install-out.txt --library=/home/biocbuild/bbs-3.15-bioc/R/library --no-vignettes --timings VplotR_1.6.0.tar.gz
###
##############################################################################
##############################################################################
* using log directory ‘/home/biocbuild/bbs-3.15-bioc/meat/VplotR.Rcheck’
* using R version 4.2.1 (2022-06-23)
* using platform: x86_64-pc-linux-gnu (64-bit)
* using session charset: UTF-8
* using option ‘--no-vignettes’
* checking for file ‘VplotR/DESCRIPTION’ ... OK
* checking extension type ... Package
* this is package ‘VplotR’ version ‘1.6.0’
* package encoding: UTF-8
* checking package namespace information ... OK
* checking package dependencies ... OK
* checking if this is a source package ... OK
* checking if there is a namespace ... OK
* checking for hidden files and directories ... OK
* checking for portable file names ... OK
* checking for sufficient/correct file permissions ... OK
* checking whether package ‘VplotR’ can be installed ... WARNING
Found the following significant warnings:
Warning: replacing previous import ‘GenomicRanges::subtract’ by ‘magrittr::subtract’ when loading ‘VplotR’
See ‘/home/biocbuild/bbs-3.15-bioc/meat/VplotR.Rcheck/00install.out’ for details.
* checking installed package size ... OK
* checking package directory ... OK
* checking ‘build’ directory ... OK
* checking DESCRIPTION meta-information ... OK
* checking top-level files ... OK
* checking for left-over files ... OK
* checking index information ... OK
* checking package subdirectories ... OK
* checking R files for non-ASCII characters ... OK
* checking R files for syntax errors ... OK
* checking whether the package can be loaded ... OK
* checking whether the package can be loaded with stated dependencies ... OK
* checking whether the package can be unloaded cleanly ... OK
* checking whether the namespace can be loaded with stated dependencies ... OK
* checking whether the namespace can be unloaded cleanly ... OK
* checking dependencies in R code ... OK
* checking S3 generic/method consistency ... OK
* checking replacement functions ... OK
* checking foreign function calls ... OK
* checking R code for possible problems ... OK
* checking Rd files ... OK
* checking Rd metadata ... OK
* checking Rd cross-references ... OK
* checking for missing documentation entries ... OK
* checking for code/documentation mismatches ... OK
* checking Rd \usage sections ... OK
* checking Rd contents ... OK
* checking for unstated dependencies in examples ... OK
* checking contents of ‘data’ directory ... OK
* checking data for non-ASCII characters ... OK
* checking data for ASCII and uncompressed saves ... OK
* checking files in ‘vignettes’ ... OK
* checking examples ... OK
Examples with CPU (user + system) or elapsed time > 5s
user system elapsed
nucleosomeEnrichment.GRanges 10.823 1.688 12.512
nucleosomeEnrichment.Vmat 7.392 1.084 8.476
nucleosomeEnrichment 5.856 1.156 7.012
* checking for unstated dependencies in ‘tests’ ... OK
* checking tests ...
Running ‘testthat.R’
OK
* checking for unstated dependencies in vignettes ... OK
* checking package vignettes in ‘inst/doc’ ... OK
* checking running R code from vignettes ... SKIPPED
* checking re-building of vignette outputs ... SKIPPED
* checking PDF version of manual ... OK
* DONE
Status: 1 WARNING
See
‘/home/biocbuild/bbs-3.15-bioc/meat/VplotR.Rcheck/00check.log’
for details.
VplotR.Rcheck/00install.out
############################################################################## ############################################################################## ### ### Running command: ### ### /home/biocbuild/bbs-3.15-bioc/R/bin/R CMD INSTALL VplotR ### ############################################################################## ############################################################################## * installing to library ‘/home/biocbuild/bbs-3.15-bioc/R/library’ * installing *source* package ‘VplotR’ ... ** using staged installation ** R ** data ** inst ** byte-compile and prepare package for lazy loading Warning: replacing previous import ‘GenomicRanges::subtract’ by ‘magrittr::subtract’ when loading ‘VplotR’ ** help *** installing help indices ** building package indices ** installing vignettes ** testing if installed package can be loaded from temporary location Warning: replacing previous import ‘GenomicRanges::subtract’ by ‘magrittr::subtract’ when loading ‘VplotR’ ** testing if installed package can be loaded from final location Warning: replacing previous import ‘GenomicRanges::subtract’ by ‘magrittr::subtract’ when loading ‘VplotR’ ** testing if installed package keeps a record of temporary installation path * DONE (VplotR)
VplotR.Rcheck/tests/testthat.Rout
R version 4.2.1 (2022-06-23) -- "Funny-Looking Kid"
Copyright (C) 2022 The R Foundation for Statistical Computing
Platform: x86_64-pc-linux-gnu (64-bit)
R is free software and comes with ABSOLUTELY NO WARRANTY.
You are welcome to redistribute it under certain conditions.
Type 'license()' or 'licence()' for distribution details.
R is a collaborative project with many contributors.
Type 'contributors()' for more information and
'citation()' on how to cite R or R packages in publications.
Type 'demo()' for some demos, 'help()' for on-line help, or
'help.start()' for an HTML browser interface to help.
Type 'q()' to quit R.
> library(testthat)
> library(VplotR)
Loading required package: GenomicRanges
Loading required package: stats4
Loading required package: BiocGenerics
Attaching package: 'BiocGenerics'
The following objects are masked from 'package:stats':
IQR, mad, sd, var, xtabs
The following objects are masked from 'package:base':
Filter, Find, Map, Position, Reduce, anyDuplicated, append,
as.data.frame, basename, cbind, colnames, dirname, do.call,
duplicated, eval, evalq, get, grep, grepl, intersect, is.unsorted,
lapply, mapply, match, mget, order, paste, pmax, pmax.int, pmin,
pmin.int, rank, rbind, rownames, sapply, setdiff, sort, table,
tapply, union, unique, unsplit, which.max, which.min
Loading required package: S4Vectors
Attaching package: 'S4Vectors'
The following objects are masked from 'package:base':
I, expand.grid, unname
Loading required package: IRanges
Loading required package: GenomeInfoDb
Loading required package: ggplot2
Warning message:
replacing previous import 'GenomicRanges::subtract' by 'magrittr::subtract' when loading 'VplotR'
>
> test_check("VplotR")
[ FAIL 0 | WARN 15 | SKIP 0 | PASS 4 ]
[ FAIL 0 | WARN 15 | SKIP 0 | PASS 4 ]
>
> proc.time()
user system elapsed
65.907 3.981 69.876
VplotR.Rcheck/VplotR-Ex.timings
| name | user | system | elapsed | |
| ABF1_sacCer3 | 0.047 | 0.012 | 0.059 | |
| ATAC_ce11_Serizay2020 | 0.235 | 0.000 | 0.236 | |
| CTCF_hg38 | 0.026 | 0.004 | 0.030 | |
| MNase_sacCer3_Henikoff2011 | 0.082 | 0.008 | 0.089 | |
| MNase_sacCer3_Henikoff2011_subset | 0.045 | 0.008 | 0.053 | |
| REB1_sacCer3 | 0.014 | 0.012 | 0.025 | |
| alignToTSS | 0.074 | 0.016 | 0.091 | |
| bam_test | 0.033 | 0.008 | 0.041 | |
| ce11_all_REs | 0.020 | 0.008 | 0.029 | |
| ce11_proms | 0.043 | 0.004 | 0.047 | |
| computeVmat | 2.024 | 0.128 | 2.152 | |
| deconvolveBidirectionalPromoters | 0.124 | 0.000 | 0.124 | |
| getFragmentsDistribution | 0.121 | 0.008 | 0.129 | |
| importPEBamFiles | 0.224 | 0.004 | 0.228 | |
| normalizeVmat | 1.817 | 0.100 | 1.917 | |
| nucleosomeEnrichment.GRanges | 10.823 | 1.688 | 12.512 | |
| nucleosomeEnrichment | 5.856 | 1.156 | 7.012 | |
| nucleosomeEnrichment.Vmat | 7.392 | 1.084 | 8.476 | |
| plotFootprint | 0.432 | 0.004 | 0.436 | |
| plotProfile | 0.606 | 0.012 | 0.618 | |
| plotVmat.GRanges | 1.328 | 0.016 | 1.344 | |
| plotVmat | 1.462 | 0.028 | 1.490 | |
| plotVmat.Vmat | 1.987 | 0.120 | 2.107 | |
| plotVmat.VmatList | 2.668 | 0.056 | 2.723 | |
| plotVmat.default | 1.844 | 0.044 | 1.889 | |
| plotVmat.list | 2.343 | 0.016 | 2.358 | |
| sampleGRanges.GRanges | 3.109 | 0.828 | 3.937 | |
| sampleGRanges | 2.829 | 0.868 | 3.697 | |
| shiftATACGranges | 0.083 | 0.004 | 0.087 | |
| shuffleVmat | 0.983 | 0.052 | 1.035 | |
| theme_ggplot2 | 0.106 | 0.008 | 0.114 | |