| Back to Multiple platform build/check report for BioC 3.15 |
|
This page was generated on 2022-10-19 13:22:29 -0400 (Wed, 19 Oct 2022).
| Hostname | OS | Arch (*) | R version | Installed pkgs |
|---|---|---|---|---|
| nebbiolo1 | Linux (Ubuntu 20.04.5 LTS) | x86_64 | 4.2.1 (2022-06-23) -- "Funny-Looking Kid" | 4386 |
| palomino3 | Windows Server 2022 Datacenter | x64 | 4.2.1 (2022-06-23 ucrt) -- "Funny-Looking Kid" | 4138 |
| merida1 | macOS 10.14.6 Mojave | x86_64 | 4.2.1 (2022-06-23) -- "Funny-Looking Kid" | 4205 |
| Click on any hostname to see more info about the system (e.g. compilers) (*) as reported by 'uname -p', except on Windows and Mac OS X | ||||
|
To the developers/maintainers of the VplotR package: - Please allow up to 24 hours (and sometimes 48 hours) for your latest push to git@git.bioconductor.org:packages/VplotR.git to reflect on this report. See How and When does the builder pull? When will my changes propagate? for more information. - Make sure to use the following settings in order to reproduce any error or warning you see on this page. |
| Package 2110/2140 | Hostname | OS / Arch | INSTALL | BUILD | CHECK | BUILD BIN | ||||||||
| VplotR 1.6.0 (landing page) Jacques Serizay
| nebbiolo1 | Linux (Ubuntu 20.04.5 LTS) / x86_64 | OK | OK | WARNINGS | |||||||||
| palomino3 | Windows Server 2022 Datacenter / x64 | OK | OK | WARNINGS | OK | |||||||||
| merida1 | macOS 10.14.6 Mojave / x86_64 | OK | OK | WARNINGS | OK | |||||||||
| Package: VplotR |
| Version: 1.6.0 |
| Command: F:\biocbuild\bbs-3.15-bioc\R\bin\R.exe CMD check --no-multiarch --install=check:VplotR.install-out.txt --library=F:\biocbuild\bbs-3.15-bioc\R\library --no-vignettes --timings VplotR_1.6.0.tar.gz |
| StartedAt: 2022-10-19 05:08:57 -0400 (Wed, 19 Oct 2022) |
| EndedAt: 2022-10-19 05:15:01 -0400 (Wed, 19 Oct 2022) |
| EllapsedTime: 364.8 seconds |
| RetCode: 0 |
| Status: WARNINGS |
| CheckDir: VplotR.Rcheck |
| Warnings: 1 |
##############################################################################
##############################################################################
###
### Running command:
###
### F:\biocbuild\bbs-3.15-bioc\R\bin\R.exe CMD check --no-multiarch --install=check:VplotR.install-out.txt --library=F:\biocbuild\bbs-3.15-bioc\R\library --no-vignettes --timings VplotR_1.6.0.tar.gz
###
##############################################################################
##############################################################################
* using log directory 'F:/biocbuild/bbs-3.15-bioc/meat/VplotR.Rcheck'
* using R version 4.2.1 (2022-06-23 ucrt)
* using platform: x86_64-w64-mingw32 (64-bit)
* using session charset: UTF-8
* using option '--no-vignettes'
* checking for file 'VplotR/DESCRIPTION' ... OK
* checking extension type ... Package
* this is package 'VplotR' version '1.6.0'
* package encoding: UTF-8
* checking package namespace information ... OK
* checking package dependencies ... OK
* checking if this is a source package ... OK
* checking if there is a namespace ... OK
* checking for hidden files and directories ... OK
* checking for portable file names ... OK
* checking whether package 'VplotR' can be installed ... WARNING
Found the following significant warnings:
Warning: replacing previous import 'GenomicRanges::subtract' by 'magrittr::subtract' when loading 'VplotR'
See 'F:/biocbuild/bbs-3.15-bioc/meat/VplotR.Rcheck/00install.out' for details.
* checking installed package size ... OK
* checking package directory ... OK
* checking 'build' directory ... OK
* checking DESCRIPTION meta-information ... OK
* checking top-level files ... OK
* checking for left-over files ... OK
* checking index information ... OK
* checking package subdirectories ... OK
* checking R files for non-ASCII characters ... OK
* checking R files for syntax errors ... OK
* checking whether the package can be loaded ... OK
* checking whether the package can be loaded with stated dependencies ... OK
* checking whether the package can be unloaded cleanly ... OK
* checking whether the namespace can be loaded with stated dependencies ... OK
* checking whether the namespace can be unloaded cleanly ... OK
* checking dependencies in R code ... OK
* checking S3 generic/method consistency ... OK
* checking replacement functions ... OK
* checking foreign function calls ... OK
* checking R code for possible problems ... OK
* checking Rd files ... OK
* checking Rd metadata ... OK
* checking Rd cross-references ... OK
* checking for missing documentation entries ... OK
* checking for code/documentation mismatches ... OK
* checking Rd \usage sections ... OK
* checking Rd contents ... OK
* checking for unstated dependencies in examples ... OK
* checking contents of 'data' directory ... OK
* checking data for non-ASCII characters ... OK
* checking data for ASCII and uncompressed saves ... OK
* checking files in 'vignettes' ... OK
* checking examples ... OK
Examples with CPU (user + system) or elapsed time > 5s
user system elapsed
nucleosomeEnrichment.GRanges 9.81 0.82 10.64
nucleosomeEnrichment.Vmat 8.18 0.58 8.77
nucleosomeEnrichment 6.72 0.87 7.59
* checking for unstated dependencies in 'tests' ... OK
* checking tests ...
Running 'testthat.R'
OK
* checking for unstated dependencies in vignettes ... OK
* checking package vignettes in 'inst/doc' ... OK
* checking running R code from vignettes ... SKIPPED
* checking re-building of vignette outputs ... SKIPPED
* checking PDF version of manual ... OK
* DONE
Status: 1 WARNING
See
'F:/biocbuild/bbs-3.15-bioc/meat/VplotR.Rcheck/00check.log'
for details.
VplotR.Rcheck/00install.out
############################################################################## ############################################################################## ### ### Running command: ### ### F:\biocbuild\bbs-3.15-bioc\R\bin\R.exe CMD INSTALL VplotR ### ############################################################################## ############################################################################## * installing to library 'F:/biocbuild/bbs-3.15-bioc/R/library' * installing *source* package 'VplotR' ... ** using staged installation ** R ** data ** inst ** byte-compile and prepare package for lazy loading Warning: replacing previous import 'GenomicRanges::subtract' by 'magrittr::subtract' when loading 'VplotR' ** help *** installing help indices ** building package indices ** installing vignettes ** testing if installed package can be loaded from temporary location Warning: replacing previous import 'GenomicRanges::subtract' by 'magrittr::subtract' when loading 'VplotR' ** testing if installed package can be loaded from final location Warning: replacing previous import 'GenomicRanges::subtract' by 'magrittr::subtract' when loading 'VplotR' ** testing if installed package keeps a record of temporary installation path * DONE (VplotR)
VplotR.Rcheck/tests/testthat.Rout
R version 4.2.1 (2022-06-23 ucrt) -- "Funny-Looking Kid"
Copyright (C) 2022 The R Foundation for Statistical Computing
Platform: x86_64-w64-mingw32/x64 (64-bit)
R is free software and comes with ABSOLUTELY NO WARRANTY.
You are welcome to redistribute it under certain conditions.
Type 'license()' or 'licence()' for distribution details.
R is a collaborative project with many contributors.
Type 'contributors()' for more information and
'citation()' on how to cite R or R packages in publications.
Type 'demo()' for some demos, 'help()' for on-line help, or
'help.start()' for an HTML browser interface to help.
Type 'q()' to quit R.
> library(testthat)
> library(VplotR)
Loading required package: GenomicRanges
Loading required package: stats4
Loading required package: BiocGenerics
Attaching package: 'BiocGenerics'
The following objects are masked from 'package:stats':
IQR, mad, sd, var, xtabs
The following objects are masked from 'package:base':
Filter, Find, Map, Position, Reduce, anyDuplicated, append,
as.data.frame, basename, cbind, colnames, dirname, do.call,
duplicated, eval, evalq, get, grep, grepl, intersect, is.unsorted,
lapply, mapply, match, mget, order, paste, pmax, pmax.int, pmin,
pmin.int, rank, rbind, rownames, sapply, setdiff, sort, table,
tapply, union, unique, unsplit, which.max, which.min
Loading required package: S4Vectors
Attaching package: 'S4Vectors'
The following objects are masked from 'package:base':
I, expand.grid, unname
Loading required package: IRanges
Attaching package: 'IRanges'
The following object is masked from 'package:grDevices':
windows
Loading required package: GenomeInfoDb
Loading required package: ggplot2
Warning message:
replacing previous import 'GenomicRanges::subtract' by 'magrittr::subtract' when loading 'VplotR'
>
> test_check("VplotR")
[ FAIL 0 | WARN 15 | SKIP 0 | PASS 4 ]
[ FAIL 0 | WARN 15 | SKIP 0 | PASS 4 ]
>
> proc.time()
user system elapsed
78.50 5.82 84.46
VplotR.Rcheck/VplotR-Ex.timings
| name | user | system | elapsed | |
| ABF1_sacCer3 | 0.04 | 0.01 | 0.06 | |
| ATAC_ce11_Serizay2020 | 0.19 | 0.02 | 0.21 | |
| CTCF_hg38 | 0.00 | 0.03 | 0.03 | |
| MNase_sacCer3_Henikoff2011 | 0.13 | 0.02 | 0.14 | |
| MNase_sacCer3_Henikoff2011_subset | 0.08 | 0.00 | 0.08 | |
| REB1_sacCer3 | 0.02 | 0.00 | 0.02 | |
| alignToTSS | 0.09 | 0.01 | 0.12 | |
| bam_test | 0.03 | 0.02 | 0.05 | |
| ce11_all_REs | 0.03 | 0.00 | 0.03 | |
| ce11_proms | 0.02 | 0.01 | 0.03 | |
| computeVmat | 2.25 | 0.05 | 2.30 | |
| deconvolveBidirectionalPromoters | 0.15 | 0.02 | 0.17 | |
| getFragmentsDistribution | 0.19 | 0.01 | 0.20 | |
| importPEBamFiles | 0.33 | 0.00 | 0.34 | |
| normalizeVmat | 2.27 | 0.04 | 2.32 | |
| nucleosomeEnrichment.GRanges | 9.81 | 0.82 | 10.64 | |
| nucleosomeEnrichment | 6.72 | 0.87 | 7.59 | |
| nucleosomeEnrichment.Vmat | 8.18 | 0.58 | 8.77 | |
| plotFootprint | 0.43 | 0.05 | 0.46 | |
| plotProfile | 0.58 | 0.07 | 0.66 | |
| plotVmat.GRanges | 1.45 | 0.05 | 1.50 | |
| plotVmat | 1.58 | 0.09 | 1.67 | |
| plotVmat.Vmat | 1.92 | 0.15 | 2.08 | |
| plotVmat.VmatList | 2.77 | 0.10 | 2.86 | |
| plotVmat.default | 2.19 | 0.22 | 2.41 | |
| plotVmat.list | 3.64 | 0.10 | 3.75 | |
| sampleGRanges.GRanges | 3.19 | 0.13 | 3.33 | |
| sampleGRanges | 2.97 | 0.19 | 3.15 | |
| shiftATACGranges | 0.12 | 0.01 | 0.14 | |
| shuffleVmat | 1.35 | 0.07 | 1.41 | |
| theme_ggplot2 | 0.18 | 0.00 | 0.17 | |