| Back to Multiple platform build/check report for BioC 3.15 |
|
This page was generated on 2022-10-19 13:20:29 -0400 (Wed, 19 Oct 2022).
| Hostname | OS | Arch (*) | R version | Installed pkgs |
|---|---|---|---|---|
| nebbiolo1 | Linux (Ubuntu 20.04.5 LTS) | x86_64 | 4.2.1 (2022-06-23) -- "Funny-Looking Kid" | 4386 |
| palomino3 | Windows Server 2022 Datacenter | x64 | 4.2.1 (2022-06-23 ucrt) -- "Funny-Looking Kid" | 4138 |
| merida1 | macOS 10.14.6 Mojave | x86_64 | 4.2.1 (2022-06-23) -- "Funny-Looking Kid" | 4205 |
| Click on any hostname to see more info about the system (e.g. compilers) (*) as reported by 'uname -p', except on Windows and Mac OS X | ||||
|
To the developers/maintainers of the MesKit package: - Please allow up to 24 hours (and sometimes 48 hours) for your latest push to git@git.bioconductor.org:packages/MesKit.git to reflect on this report. See How and When does the builder pull? When will my changes propagate? for more information. - Make sure to use the following settings in order to reproduce any error or warning you see on this page. |
| Package 1116/2140 | Hostname | OS / Arch | INSTALL | BUILD | CHECK | BUILD BIN | ||||||||
| MesKit 1.6.0 (landing page) Mengni Liu
| nebbiolo1 | Linux (Ubuntu 20.04.5 LTS) / x86_64 | OK | OK | WARNINGS | |||||||||
| palomino3 | Windows Server 2022 Datacenter / x64 | OK | OK | WARNINGS | OK | |||||||||
| merida1 | macOS 10.14.6 Mojave / x86_64 | OK | OK | WARNINGS | OK | |||||||||
| Package: MesKit |
| Version: 1.6.0 |
| Command: /home/biocbuild/bbs-3.15-bioc/R/bin/R CMD check --install=check:MesKit.install-out.txt --library=/home/biocbuild/bbs-3.15-bioc/R/library --no-vignettes --timings MesKit_1.6.0.tar.gz |
| StartedAt: 2022-10-18 20:28:27 -0400 (Tue, 18 Oct 2022) |
| EndedAt: 2022-10-18 20:37:45 -0400 (Tue, 18 Oct 2022) |
| EllapsedTime: 557.6 seconds |
| RetCode: 0 |
| Status: WARNINGS |
| CheckDir: MesKit.Rcheck |
| Warnings: 1 |
##############################################################################
##############################################################################
###
### Running command:
###
### /home/biocbuild/bbs-3.15-bioc/R/bin/R CMD check --install=check:MesKit.install-out.txt --library=/home/biocbuild/bbs-3.15-bioc/R/library --no-vignettes --timings MesKit_1.6.0.tar.gz
###
##############################################################################
##############################################################################
* using log directory ‘/home/biocbuild/bbs-3.15-bioc/meat/MesKit.Rcheck’
* using R version 4.2.1 (2022-06-23)
* using platform: x86_64-pc-linux-gnu (64-bit)
* using session charset: UTF-8
* using option ‘--no-vignettes’
* checking for file ‘MesKit/DESCRIPTION’ ... OK
* checking extension type ... Package
* this is package ‘MesKit’ version ‘1.6.0’
* package encoding: UTF-8
* checking package namespace information ... OK
* checking package dependencies ... OK
* checking if this is a source package ... OK
* checking if there is a namespace ... OK
* checking for hidden files and directories ... OK
* checking for portable file names ... OK
* checking for sufficient/correct file permissions ... OK
* checking whether package ‘MesKit’ can be installed ... WARNING
Found the following significant warnings:
Warning: replacing previous import ‘ape::degree’ by ‘circlize::degree’ when loading ‘MesKit’
See ‘/home/biocbuild/bbs-3.15-bioc/meat/MesKit.Rcheck/00install.out’ for details.
* checking installed package size ... OK
* checking package directory ... OK
* checking ‘build’ directory ... OK
* checking DESCRIPTION meta-information ... OK
* checking top-level files ... NOTE
File
LICENSE
is not mentioned in the DESCRIPTION file.
* checking for left-over files ... OK
* checking index information ... OK
* checking package subdirectories ... OK
* checking R files for non-ASCII characters ... OK
* checking R files for syntax errors ... OK
* checking whether the package can be loaded ... OK
* checking whether the package can be loaded with stated dependencies ... OK
* checking whether the package can be unloaded cleanly ... OK
* checking whether the namespace can be loaded with stated dependencies ... OK
* checking whether the namespace can be unloaded cleanly ... OK
* checking dependencies in R code ... OK
* checking S3 generic/method consistency ... OK
* checking replacement functions ... OK
* checking foreign function calls ... OK
* checking R code for possible problems ... NOTE
calJSI : processJSI: no visible binding for global variable ‘CCF’
cna2gene: no visible global function definition for ‘genes’
cna2gene: no visible binding for global variable ‘org.Hs.eg.db’
cna2gene: no visible binding for global variable ‘seqnames’
cna2gene: no visible binding for global variable ‘Chromosome’
cna2gene: no visible binding for global variable ‘Hugo_Symbol’
cna2gene: no visible binding for global variable ‘Start_Position’
cna2gene: no visible binding for global variable ‘End_Position’
cna2gene: no visible binding for global variable ‘i.End_Position’
cna2gene: no visible binding for global variable ‘i.Start_Position’
cna2gene: no visible binding for global variable ‘Patient_ID’
cna2gene: no visible binding for global variable ‘Tumor_Sample_Barcode’
cna2gene: no visible binding for global variable ‘seg_id’
cna2gene: no visible binding for global variable ‘overlap_width’
copyNumberFilter: no visible binding for global variable ‘Patient_ID’
drawVAFCombine: no visible binding for global variable ‘V’
drawVAFCombineVline: no visible binding for global variable ‘V’
fitSignatures : processFitSig: no visible binding for global variable
‘Branch’
fitSignatures : processFitSig: no visible binding for global variable
‘Original’
fitSignatures : processFitSig: no visible binding for global variable
‘Reconstructed’
mutCluster : processVafcluster_sample: no visible binding for global
variable ‘cluster’
plotCNA: no visible binding for global variable ‘Cytoband’
plotCNA: no visible binding for global variable ‘Cytoband_pos’
plotCNA: no visible binding for global variable ‘gene_id’
plotCNA: no visible binding for global variable ‘gene_pos’
plotCNA: no visible binding for global variable ‘Hugo_Symbol’
plotTree: no visible binding for global variable ‘is.match’
plotTree: no visible binding for global variable ‘x’
plotTree: no visible binding for global variable ‘y’
plotTree: no visible binding for global variable ‘xend’
plotTree: no visible binding for global variable ‘yend’
Undefined global functions or variables:
Branch CCF Chromosome Cytoband Cytoband_pos End_Position Hugo_Symbol
Original Patient_ID Reconstructed Start_Position Tumor_Sample_Barcode
V cluster gene_id gene_pos genes i.End_Position i.Start_Position
is.match org.Hs.eg.db overlap_width seg_id seqnames x xend y yend
* checking Rd files ... OK
* checking Rd metadata ... OK
* checking Rd cross-references ... OK
* checking for missing documentation entries ... OK
* checking for code/documentation mismatches ... OK
* checking Rd \usage sections ... OK
* checking Rd contents ... OK
* checking for unstated dependencies in examples ... OK
* checking files in ‘vignettes’ ... OK
* checking examples ... OK
Examples with CPU (user + system) or elapsed time > 5s
user system elapsed
getPhyloTreePatient 23.114 0.192 23.242
getBinaryMatrix 22.285 0.188 22.414
getPhyloTree 22.136 0.076 22.151
getMutBranches 21.255 0.281 21.475
getPhyloTreeRef 21.149 0.192 21.273
cna2gene 20.562 0.760 21.153
getBootstrapValue 20.925 0.088 20.947
getBranchType 20.624 0.168 20.728
getCCFMatrix 20.542 0.112 20.595
getTree 20.280 0.136 20.350
getPhyloTreeTsbLabel 20.317 0.072 20.335
getTreeMethod 20.081 0.112 20.139
compareCCF 12.618 1.267 13.829
calFst 13.350 0.191 13.486
calJSI 11.444 0.060 11.454
plotMutSigProfile 10.026 0.200 10.200
compareTree 9.525 0.081 9.560
calNeiDist 9.547 0.056 9.553
mutHeatmap 8.341 0.024 8.319
plotPhyloTree 7.994 0.148 8.104
mutTrunkBranch 7.484 0.156 7.603
fitSignatures 7.421 0.200 7.596
triMatrix 6.758 0.168 6.890
mutCluster 6.454 0.340 6.754
ccfAUC 6.516 0.100 6.571
plotMutProfile 5.562 0.032 5.545
testNeutral 5.137 0.036 5.118
* checking for unstated dependencies in vignettes ... OK
* checking package vignettes in ‘inst/doc’ ... OK
* checking running R code from vignettes ... SKIPPED
* checking re-building of vignette outputs ... SKIPPED
* checking PDF version of manual ... OK
* DONE
Status: 1 WARNING, 2 NOTEs
See
‘/home/biocbuild/bbs-3.15-bioc/meat/MesKit.Rcheck/00check.log’
for details.
MesKit.Rcheck/00install.out
############################################################################## ############################################################################## ### ### Running command: ### ### /home/biocbuild/bbs-3.15-bioc/R/bin/R CMD INSTALL MesKit ### ############################################################################## ############################################################################## * installing to library ‘/home/biocbuild/bbs-3.15-bioc/R/library’ * installing *source* package ‘MesKit’ ... ** using staged installation ** R ** inst ** byte-compile and prepare package for lazy loading Warning: replacing previous import ‘ape::degree’ by ‘circlize::degree’ when loading ‘MesKit’ ** help *** installing help indices ** building package indices ** installing vignettes ** testing if installed package can be loaded from temporary location Warning: replacing previous import ‘ape::degree’ by ‘circlize::degree’ when loading ‘MesKit’ ** testing if installed package can be loaded from final location Warning: replacing previous import ‘ape::degree’ by ‘circlize::degree’ when loading ‘MesKit’ ** testing if installed package keeps a record of temporary installation path * DONE (MesKit)
MesKit.Rcheck/MesKit-Ex.timings
| name | user | system | elapsed | |
| calFst | 13.350 | 0.191 | 13.486 | |
| calJSI | 11.444 | 0.060 | 11.454 | |
| calNeiDist | 9.547 | 0.056 | 9.553 | |
| ccfAUC | 6.516 | 0.100 | 6.571 | |
| classifyMut | 4.770 | 0.017 | 4.739 | |
| cna2gene | 20.562 | 0.760 | 21.153 | |
| compareCCF | 12.618 | 1.267 | 13.829 | |
| compareTree | 9.525 | 0.081 | 9.560 | |
| fitSignatures | 7.421 | 0.200 | 7.596 | |
| getBinaryMatrix | 22.285 | 0.188 | 22.414 | |
| getBootstrapValue | 20.925 | 0.088 | 20.947 | |
| getBranchType | 20.624 | 0.168 | 20.728 | |
| getCCFMatrix | 20.542 | 0.112 | 20.595 | |
| getMafData | 3.685 | 0.004 | 3.658 | |
| getMafPatient | 3.691 | 0.024 | 3.684 | |
| getMafRef | 3.676 | 0.003 | 3.649 | |
| getMutBranches | 21.255 | 0.281 | 21.475 | |
| getNonSyn_vc | 3.875 | 0.000 | 3.840 | |
| getPhyloTree | 22.136 | 0.076 | 22.151 | |
| getPhyloTreePatient | 23.114 | 0.192 | 23.242 | |
| getPhyloTreeRef | 21.149 | 0.192 | 21.273 | |
| getPhyloTreeTsbLabel | 20.317 | 0.072 | 20.335 | |
| getSampleInfo | 3.774 | 0.016 | 3.757 | |
| getTree | 20.280 | 0.136 | 20.350 | |
| getTreeMethod | 20.081 | 0.112 | 20.139 | |
| mathScore | 3.894 | 0.024 | 3.872 | |
| mutCluster | 6.454 | 0.340 | 6.754 | |
| mutHeatmap | 8.341 | 0.024 | 8.319 | |
| mutTrunkBranch | 7.484 | 0.156 | 7.603 | |
| plotCNA | 2.814 | 0.020 | 2.737 | |
| plotMutProfile | 5.562 | 0.032 | 5.545 | |
| plotMutSigProfile | 10.026 | 0.200 | 10.200 | |
| plotPhyloTree | 7.994 | 0.148 | 8.104 | |
| readMaf | 3.835 | 0.000 | 3.772 | |
| readSegment | 0.492 | 0.000 | 0.425 | |
| runMesKit | 0 | 0 | 0 | |
| subMaf | 3.745 | 0.000 | 3.704 | |
| testNeutral | 5.137 | 0.036 | 5.118 | |
| triMatrix | 6.758 | 0.168 | 6.890 | |