| Back to Multiple platform build/check report for BioC 3.15 |
|
This page was generated on 2022-10-19 13:23:14 -0400 (Wed, 19 Oct 2022).
| Hostname | OS | Arch (*) | R version | Installed pkgs |
|---|---|---|---|---|
| nebbiolo1 | Linux (Ubuntu 20.04.5 LTS) | x86_64 | 4.2.1 (2022-06-23) -- "Funny-Looking Kid" | 4386 |
| palomino3 | Windows Server 2022 Datacenter | x64 | 4.2.1 (2022-06-23 ucrt) -- "Funny-Looking Kid" | 4138 |
| merida1 | macOS 10.14.6 Mojave | x86_64 | 4.2.1 (2022-06-23) -- "Funny-Looking Kid" | 4205 |
| Click on any hostname to see more info about the system (e.g. compilers) (*) as reported by 'uname -p', except on Windows and Mac OS X | ||||
|
To the developers/maintainers of the MesKit package: - Please allow up to 24 hours (and sometimes 48 hours) for your latest push to git@git.bioconductor.org:packages/MesKit.git to reflect on this report. See How and When does the builder pull? When will my changes propagate? for more information. - Make sure to use the following settings in order to reproduce any error or warning you see on this page. |
| Package 1116/2140 | Hostname | OS / Arch | INSTALL | BUILD | CHECK | BUILD BIN | ||||||||
| MesKit 1.6.0 (landing page) Mengni Liu
| nebbiolo1 | Linux (Ubuntu 20.04.5 LTS) / x86_64 | OK | OK | WARNINGS | |||||||||
| palomino3 | Windows Server 2022 Datacenter / x64 | OK | OK | WARNINGS | OK | |||||||||
| merida1 | macOS 10.14.6 Mojave / x86_64 | OK | OK | WARNINGS | OK | |||||||||
| Package: MesKit |
| Version: 1.6.0 |
| Command: /Library/Frameworks/R.framework/Resources/bin/R CMD check --install=check:MesKit.install-out.txt --library=/Library/Frameworks/R.framework/Resources/library --no-vignettes --timings MesKit_1.6.0.tar.gz |
| StartedAt: 2022-10-19 04:22:38 -0400 (Wed, 19 Oct 2022) |
| EndedAt: 2022-10-19 04:43:25 -0400 (Wed, 19 Oct 2022) |
| EllapsedTime: 1247.0 seconds |
| RetCode: 0 |
| Status: WARNINGS |
| CheckDir: MesKit.Rcheck |
| Warnings: 1 |
##############################################################################
##############################################################################
###
### Running command:
###
### /Library/Frameworks/R.framework/Resources/bin/R CMD check --install=check:MesKit.install-out.txt --library=/Library/Frameworks/R.framework/Resources/library --no-vignettes --timings MesKit_1.6.0.tar.gz
###
##############################################################################
##############################################################################
* using log directory ‘/Users/biocbuild/bbs-3.15-bioc/meat/MesKit.Rcheck’
* using R version 4.2.1 (2022-06-23)
* using platform: x86_64-apple-darwin17.0 (64-bit)
* using session charset: UTF-8
* using option ‘--no-vignettes’
* checking for file ‘MesKit/DESCRIPTION’ ... OK
* checking extension type ... Package
* this is package ‘MesKit’ version ‘1.6.0’
* package encoding: UTF-8
* checking package namespace information ... OK
* checking package dependencies ... OK
* checking if this is a source package ... OK
* checking if there is a namespace ... OK
* checking for hidden files and directories ... OK
* checking for portable file names ... OK
* checking for sufficient/correct file permissions ... OK
* checking whether package ‘MesKit’ can be installed ... WARNING
Found the following significant warnings:
Warning: replacing previous import ‘ape::degree’ by ‘circlize::degree’ when loading ‘MesKit’
See ‘/Users/biocbuild/bbs-3.15-bioc/meat/MesKit.Rcheck/00install.out’ for details.
* checking installed package size ... NOTE
installed size is 5.9Mb
sub-directories of 1Mb or more:
extdata 4.9Mb
* checking package directory ... OK
* checking ‘build’ directory ... OK
* checking DESCRIPTION meta-information ... OK
* checking top-level files ... NOTE
File
LICENSE
is not mentioned in the DESCRIPTION file.
* checking for left-over files ... OK
* checking index information ... OK
* checking package subdirectories ... OK
* checking R files for non-ASCII characters ... OK
* checking R files for syntax errors ... OK
* checking whether the package can be loaded ... OK
* checking whether the package can be loaded with stated dependencies ... OK
* checking whether the package can be unloaded cleanly ... OK
* checking whether the namespace can be loaded with stated dependencies ... OK
* checking whether the namespace can be unloaded cleanly ... OK
* checking dependencies in R code ... OK
* checking S3 generic/method consistency ... OK
* checking replacement functions ... OK
* checking foreign function calls ... OK
* checking R code for possible problems ... NOTE
calJSI : processJSI: no visible binding for global variable ‘CCF’
cna2gene: no visible global function definition for ‘genes’
cna2gene: no visible binding for global variable ‘org.Hs.eg.db’
cna2gene: no visible binding for global variable ‘seqnames’
cna2gene: no visible binding for global variable ‘Chromosome’
cna2gene: no visible binding for global variable ‘Hugo_Symbol’
cna2gene: no visible binding for global variable ‘Start_Position’
cna2gene: no visible binding for global variable ‘End_Position’
cna2gene: no visible binding for global variable ‘i.End_Position’
cna2gene: no visible binding for global variable ‘i.Start_Position’
cna2gene: no visible binding for global variable ‘Patient_ID’
cna2gene: no visible binding for global variable ‘Tumor_Sample_Barcode’
cna2gene: no visible binding for global variable ‘seg_id’
cna2gene: no visible binding for global variable ‘overlap_width’
copyNumberFilter: no visible binding for global variable ‘Patient_ID’
drawVAFCombine: no visible binding for global variable ‘V’
drawVAFCombineVline: no visible binding for global variable ‘V’
fitSignatures : processFitSig: no visible binding for global variable
‘Branch’
fitSignatures : processFitSig: no visible binding for global variable
‘Original’
fitSignatures : processFitSig: no visible binding for global variable
‘Reconstructed’
mutCluster : processVafcluster_sample: no visible binding for global
variable ‘cluster’
plotCNA: no visible binding for global variable ‘Cytoband’
plotCNA: no visible binding for global variable ‘Cytoband_pos’
plotCNA: no visible binding for global variable ‘gene_id’
plotCNA: no visible binding for global variable ‘gene_pos’
plotCNA: no visible binding for global variable ‘Hugo_Symbol’
plotTree: no visible binding for global variable ‘is.match’
plotTree: no visible binding for global variable ‘x’
plotTree: no visible binding for global variable ‘y’
plotTree: no visible binding for global variable ‘xend’
plotTree: no visible binding for global variable ‘yend’
Undefined global functions or variables:
Branch CCF Chromosome Cytoband Cytoband_pos End_Position Hugo_Symbol
Original Patient_ID Reconstructed Start_Position Tumor_Sample_Barcode
V cluster gene_id gene_pos genes i.End_Position i.Start_Position
is.match org.Hs.eg.db overlap_width seg_id seqnames x xend y yend
* checking Rd files ... OK
* checking Rd metadata ... OK
* checking Rd cross-references ... OK
* checking for missing documentation entries ... OK
* checking for code/documentation mismatches ... OK
* checking Rd \usage sections ... OK
* checking Rd contents ... OK
* checking for unstated dependencies in examples ... OK
* checking files in ‘vignettes’ ... OK
* checking examples ... OK
Examples with CPU (user + system) or elapsed time > 5s
user system elapsed
getBootstrapValue 53.174 0.363 54.909
getCCFMatrix 51.388 0.392 52.724
getBranchType 51.038 0.285 51.991
getBinaryMatrix 50.965 0.329 51.501
getPhyloTreePatient 50.902 0.290 51.258
getPhyloTreeRef 50.273 0.229 51.323
getTree 50.161 0.267 50.501
getMutBranches 49.917 0.344 50.349
getPhyloTreeTsbLabel 49.970 0.212 50.489
getTreeMethod 49.702 0.213 49.976
getPhyloTree 49.457 0.229 49.774
calFst 31.006 0.233 31.549
cna2gene 27.907 0.825 28.775
compareCCF 26.002 1.085 27.129
calJSI 25.732 0.102 25.875
plotMutSigProfile 23.586 0.171 23.789
compareTree 22.691 0.249 22.971
calNeiDist 21.232 0.078 21.337
mutHeatmap 20.315 0.081 20.427
fitSignatures 18.151 0.227 18.403
mutTrunkBranch 17.559 0.144 17.727
triMatrix 16.973 0.162 17.170
mutCluster 15.954 0.295 16.291
plotPhyloTree 15.960 0.061 16.045
ccfAUC 15.139 0.096 15.264
plotMutProfile 14.097 0.055 14.172
testNeutral 12.849 0.053 12.923
classifyMut 11.685 0.066 11.770
readMaf 10.905 0.122 11.041
getSampleInfo 10.260 0.035 10.527
getMafData 9.997 0.048 10.322
getNonSyn_vc 9.973 0.030 10.032
mathScore 9.874 0.046 9.934
subMaf 9.798 0.055 9.878
getMafRef 9.742 0.048 9.806
getMafPatient 9.628 0.028 9.668
plotCNA 5.260 0.037 5.311
* checking for unstated dependencies in vignettes ... OK
* checking package vignettes in ‘inst/doc’ ... OK
* checking running R code from vignettes ... SKIPPED
* checking re-building of vignette outputs ... SKIPPED
* checking PDF version of manual ... OK
* DONE
Status: 1 WARNING, 3 NOTEs
See
‘/Users/biocbuild/bbs-3.15-bioc/meat/MesKit.Rcheck/00check.log’
for details.
MesKit.Rcheck/00install.out
############################################################################## ############################################################################## ### ### Running command: ### ### /Library/Frameworks/R.framework/Resources/bin/R CMD INSTALL MesKit ### ############################################################################## ############################################################################## * installing to library ‘/Library/Frameworks/R.framework/Versions/4.2/Resources/library’ * installing *source* package ‘MesKit’ ... ** using staged installation ** R ** inst ** byte-compile and prepare package for lazy loading Warning: replacing previous import ‘ape::degree’ by ‘circlize::degree’ when loading ‘MesKit’ ** help *** installing help indices ** building package indices ** installing vignettes ** testing if installed package can be loaded from temporary location Warning: replacing previous import ‘ape::degree’ by ‘circlize::degree’ when loading ‘MesKit’ ** testing if installed package can be loaded from final location Warning: replacing previous import ‘ape::degree’ by ‘circlize::degree’ when loading ‘MesKit’ ** testing if installed package keeps a record of temporary installation path * DONE (MesKit)
MesKit.Rcheck/MesKit-Ex.timings
| name | user | system | elapsed | |
| calFst | 31.006 | 0.233 | 31.549 | |
| calJSI | 25.732 | 0.102 | 25.875 | |
| calNeiDist | 21.232 | 0.078 | 21.337 | |
| ccfAUC | 15.139 | 0.096 | 15.264 | |
| classifyMut | 11.685 | 0.066 | 11.770 | |
| cna2gene | 27.907 | 0.825 | 28.775 | |
| compareCCF | 26.002 | 1.085 | 27.129 | |
| compareTree | 22.691 | 0.249 | 22.971 | |
| fitSignatures | 18.151 | 0.227 | 18.403 | |
| getBinaryMatrix | 50.965 | 0.329 | 51.501 | |
| getBootstrapValue | 53.174 | 0.363 | 54.909 | |
| getBranchType | 51.038 | 0.285 | 51.991 | |
| getCCFMatrix | 51.388 | 0.392 | 52.724 | |
| getMafData | 9.997 | 0.048 | 10.322 | |
| getMafPatient | 9.628 | 0.028 | 9.668 | |
| getMafRef | 9.742 | 0.048 | 9.806 | |
| getMutBranches | 49.917 | 0.344 | 50.349 | |
| getNonSyn_vc | 9.973 | 0.030 | 10.032 | |
| getPhyloTree | 49.457 | 0.229 | 49.774 | |
| getPhyloTreePatient | 50.902 | 0.290 | 51.258 | |
| getPhyloTreeRef | 50.273 | 0.229 | 51.323 | |
| getPhyloTreeTsbLabel | 49.970 | 0.212 | 50.489 | |
| getSampleInfo | 10.260 | 0.035 | 10.527 | |
| getTree | 50.161 | 0.267 | 50.501 | |
| getTreeMethod | 49.702 | 0.213 | 49.976 | |
| mathScore | 9.874 | 0.046 | 9.934 | |
| mutCluster | 15.954 | 0.295 | 16.291 | |
| mutHeatmap | 20.315 | 0.081 | 20.427 | |
| mutTrunkBranch | 17.559 | 0.144 | 17.727 | |
| plotCNA | 5.260 | 0.037 | 5.311 | |
| plotMutProfile | 14.097 | 0.055 | 14.172 | |
| plotMutSigProfile | 23.586 | 0.171 | 23.789 | |
| plotPhyloTree | 15.960 | 0.061 | 16.045 | |
| readMaf | 10.905 | 0.122 | 11.041 | |
| readSegment | 0.969 | 0.008 | 0.979 | |
| runMesKit | 0 | 0 | 0 | |
| subMaf | 9.798 | 0.055 | 9.878 | |
| testNeutral | 12.849 | 0.053 | 12.923 | |
| triMatrix | 16.973 | 0.162 | 17.170 | |