| Back to Multiple platform build/check report for BioC 3.15 |
|
This page was generated on 2022-03-18 11:07:34 -0400 (Fri, 18 Mar 2022).
| Hostname | OS | Arch (*) | R version | Installed pkgs |
|---|---|---|---|---|
| nebbiolo1 | Linux (Ubuntu 20.04.4 LTS) | x86_64 | R Under development (unstable) (2022-02-17 r81757) -- "Unsuffered Consequences" | 4334 |
| riesling1 | Windows Server 2019 Standard | x64 | R Under development (unstable) (2021-11-21 r81221) -- "Unsuffered Consequences" | 4097 |
| palomino3 | Windows Server 2022 Datacenter | x64 | R Under development (unstable) (2022-02-17 r81757 ucrt) -- "Unsuffered Consequences" | 4083 |
| merida1 | macOS 10.14.6 Mojave | x86_64 | R Under development (unstable) (2022-03-02 r81842) -- "Unsuffered Consequences" | 4134 |
| Click on any hostname to see more info about the system (e.g. compilers) (*) as reported by 'uname -p', except on Windows and Mac OS X | ||||
|
To the developers/maintainers of the GCSConnection package: - Please allow up to 24 hours (and sometimes 48 hours) for your latest push to git@git.bioconductor.org:packages/GCSConnection.git to reflect on this report. See How and When does the builder pull? When will my changes propagate? here for more information. - Make sure to use the following settings in order to reproduce any error or warning you see on this page. |
| Package 709/2090 | Hostname | OS / Arch | INSTALL | BUILD | CHECK | BUILD BIN | ||||||||
Jiefei Wang
| nebbiolo1 | Linux (Ubuntu 20.04.4 LTS) / x86_64 | OK | OK | ERROR | |||||||||
| riesling1 | Windows Server 2019 Standard / x64 | OK | OK | ERROR | OK | |||||||||
| palomino3 | Windows Server 2022 Datacenter / x64 | OK | OK | ERROR | OK | |||||||||
| merida1 | macOS 10.14.6 Mojave / x86_64 | OK | OK | ERROR | OK | |||||||||
| Package: GCSConnection |
| Version: 1.7.1 |
| Command: D:\biocbuild\bbs-3.15-bioc\R\bin\R.exe CMD check --no-multiarch --install=check:GCSConnection.install-out.txt --library=D:\biocbuild\bbs-3.15-bioc\R\library --no-vignettes --timings GCSConnection_1.7.1.tar.gz |
| StartedAt: 2022-03-17 19:08:51 -0400 (Thu, 17 Mar 2022) |
| EndedAt: 2022-03-17 19:10:28 -0400 (Thu, 17 Mar 2022) |
| EllapsedTime: 97.0 seconds |
| RetCode: 1 |
| Status: ERROR |
| CheckDir: GCSConnection.Rcheck |
| Warnings: NA |
##############################################################################
##############################################################################
###
### Running command:
###
### D:\biocbuild\bbs-3.15-bioc\R\bin\R.exe CMD check --no-multiarch --install=check:GCSConnection.install-out.txt --library=D:\biocbuild\bbs-3.15-bioc\R\library --no-vignettes --timings GCSConnection_1.7.1.tar.gz
###
##############################################################################
##############################################################################
* using log directory 'D:/biocbuild/bbs-3.15-bioc/meat/GCSConnection.Rcheck'
* using R Under development (unstable) (2021-11-21 r81221)
* using platform: x86_64-w64-mingw32 (64-bit)
* using session charset: ISO8859-1
* using option '--no-vignettes'
* checking for file 'GCSConnection/DESCRIPTION' ... OK
* checking extension type ... Package
* this is package 'GCSConnection' version '1.7.1'
* package encoding: UTF-8
* checking package namespace information ... OK
* checking package dependencies ... OK
* checking if this is a source package ... OK
* checking if there is a namespace ... OK
* checking for hidden files and directories ... OK
* checking for portable file names ... OK
* checking whether package 'GCSConnection' can be installed ... WARNING
Found the following significant warnings:
Warning: Package 'GCSConnection' is deprecated and will be removed from
See 'D:/biocbuild/bbs-3.15-bioc/meat/GCSConnection.Rcheck/00install.out' for details.
* checking installed package size ... OK
* checking package directory ... OK
* checking 'build' directory ... OK
* checking DESCRIPTION meta-information ... OK
* checking top-level files ... OK
* checking for left-over files ... OK
* checking index information ... OK
* checking package subdirectories ... OK
* checking R files for non-ASCII characters ... OK
* checking R files for syntax errors ... OK
* checking whether the package can be loaded ... OK
* checking whether the package can be loaded with stated dependencies ... OK
* checking whether the package can be unloaded cleanly ... OK
* checking whether the namespace can be loaded with stated dependencies ... OK
* checking whether the namespace can be unloaded cleanly ... OK
* checking dependencies in R code ... OK
* checking S3 generic/method consistency ... OK
* checking replacement functions ... OK
* checking foreign function calls ... OK
* checking R code for possible problems ... OK
* checking Rd files ... OK
* checking Rd metadata ... OK
* checking Rd cross-references ... OK
* checking for missing documentation entries ... OK
* checking for code/documentation mismatches ... OK
* checking Rd \usage sections ... OK
* checking Rd contents ... OK
* checking for unstated dependencies in examples ... OK
* checking line endings in C/C++/Fortran sources/headers ... OK
* checking line endings in Makefiles ... OK
* checking compilation flags in Makevars ... OK
* checking for GNU extensions in Makefiles ... OK
* checking for portable use of $(BLAS_LIBS) and $(LAPACK_LIBS) ... OK
* checking use of PKG_*FLAGS in Makefiles ... OK
* checking compiled code ... NOTE
Note: information on .o files for x64 is not available
File 'D:/biocbuild/bbs-3.15-bioc/R/library/GCSConnection/libs/x64/GCSConnection.dll':
Found 'abort', possibly from 'abort' (C), 'runtime' (Fortran)
Found 'exit', possibly from 'exit' (C), 'stop' (Fortran)
Found 'printf', possibly from 'printf' (C)
File 'GCSConnection/libs/x64/GCSConnection.dll':
Found non-API call to R: 'R_new_custom_connection'
Compiled code should not call entry points which might terminate R nor
write to stdout/stderr instead of to the console, nor use Fortran I/O
nor system RNGs. The detected symbols are linked into the code but
might come from libraries and not actually be called.
Compiled code should not call non-API entry points in R.
See 'Writing portable packages' in the 'Writing R Extensions' manual.
* checking files in 'vignettes' ... OK
* checking examples ... OK
* checking for unstated dependencies in 'tests' ... OK
* checking tests ...
Running 'testthat.R'
ERROR
Running the tests in 'tests/testthat.R' failed.
Last 13 lines of output:
Error in `catch_error(r)`: An error has occured when sending a REST request(Error code: 401).
Either you do not have the access rights, or you have sent an invalid billing project
Backtrace:
x
1. +-testthat::expect_true(gcs_is_requester_pays("bioconductor_rp")) at test_credentials.R:21:4
2. | \-testthat::quasi_label(enquo(object), label, arg = "object")
3. | \-rlang::eval_bare(expr, quo_get_env(quo))
4. \-GCSConnection::gcs_is_requester_pays("bioconductor_rp")
5. \-GCSConnection:::.is_requester_pays(bucket)
6. \-GCSConnection:::catch_error(r)
[ FAIL 1 | WARN 0 | SKIP 0 | PASS 85 ]
Error: Test failures
Execution halted
* checking for unstated dependencies in vignettes ... OK
* checking package vignettes in 'inst/doc' ... OK
* checking running R code from vignettes ... SKIPPED
* checking re-building of vignette outputs ... SKIPPED
* checking PDF version of manual ... OK
* DONE
Status: 1 ERROR, 1 WARNING, 1 NOTE
See
'D:/biocbuild/bbs-3.15-bioc/meat/GCSConnection.Rcheck/00check.log'
for details.
GCSConnection.Rcheck/00install.out
##############################################################################
##############################################################################
###
### Running command:
###
### D:\biocbuild\bbs-3.15-bioc\R\bin\R.exe CMD INSTALL GCSConnection
###
##############################################################################
##############################################################################
* installing to library 'D:/biocbuild/bbs-3.15-bioc/R/library'
* installing *source* package 'GCSConnection' ...
** using staged installation
** libs
"C:/rtools40/mingw64/bin/"g++ -std=gnu++11 -I"D:/biocbuild/bbs-3.15-bioc/R/include" -DNDEBUG -I'D:/biocbuild/bbs-3.15-bioc/R/library/Rcpp/include' -I"C:/extsoft/include" -O2 -Wall -mfpmath=sse -msse2 -mstackrealign -fno-reorder-blocks-and-partition -c C_interface.cpp -o C_interface.o
"C:/rtools40/mingw64/bin/"g++ -std=gnu++11 -I"D:/biocbuild/bbs-3.15-bioc/R/include" -DNDEBUG -I'D:/biocbuild/bbs-3.15-bioc/R/library/Rcpp/include' -I"C:/extsoft/include" -O2 -Wall -mfpmath=sse -msse2 -mstackrealign -fno-reorder-blocks-and-partition -c RcppExports.cpp -o RcppExports.o
"C:/rtools40/mingw64/bin/"g++ -std=gnu++11 -I"D:/biocbuild/bbs-3.15-bioc/R/include" -DNDEBUG -I'D:/biocbuild/bbs-3.15-bioc/R/library/Rcpp/include' -I"C:/extsoft/include" -O2 -Wall -mfpmath=sse -msse2 -mstackrealign -fno-reorder-blocks-and-partition -c altrep.cpp -o altrep.o
"C:/rtools40/mingw64/bin/"g++ -std=gnu++11 -I"D:/biocbuild/bbs-3.15-bioc/R/include" -DNDEBUG -I'D:/biocbuild/bbs-3.15-bioc/R/library/Rcpp/include' -I"C:/extsoft/include" -O2 -Wall -mfpmath=sse -msse2 -mstackrealign -fno-reorder-blocks-and-partition -c connection.cpp -o connection.o
"C:/rtools40/mingw64/bin/"g++ -std=gnu++11 -I"D:/biocbuild/bbs-3.15-bioc/R/include" -DNDEBUG -I'D:/biocbuild/bbs-3.15-bioc/R/library/Rcpp/include' -I"C:/extsoft/include" -O2 -Wall -mfpmath=sse -msse2 -mstackrealign -fno-reorder-blocks-and-partition -c utils.cpp -o utils.o
C:/rtools40/mingw64/bin/g++ -shared -s -static-libgcc -o GCSConnection.dll tmp.def C_interface.o RcppExports.o altrep.o connection.o utils.o -LC:/extsoft/lib/x64 -LC:/extsoft/lib -LD:/biocbuild/bbs-3.15-bioc/R/bin/x64 -lR
installing to D:/biocbuild/bbs-3.15-bioc/R/library/00LOCK-GCSConnection/00new/GCSConnection/libs/x64
** R
** byte-compile and prepare package for lazy loading
** help
*** installing help indices
converting help for package 'GCSConnection'
finding HTML links ... done
FileClass-class html
FolderClass-class html
as.character-FileClass-method html
as.character-FolderClass-method html
authentication html
buffer_size html
gcs_connection html
gcs_cp html
gcs_dir html
gcs_rm html
names-FileClass-method html
names-FolderClass-method html
requester_pays html
show-FileClass-method html
show-FolderClass-method html
subset-FileClass-method html
subset-FolderClass-method html
** building package indices
** installing vignettes
** testing if installed package can be loaded from temporary location
Warning: Package 'GCSConnection' is deprecated and will be removed from
Bioconductor version 3.16
** testing if installed package can be loaded from final location
Warning: Package 'GCSConnection' is deprecated and will be removed from
Bioconductor version 3.16
** testing if installed package keeps a record of temporary installation path
* DONE (GCSConnection)
Making 'packages.html' ...Warning in packageDescription(i, lib.loc = lib, fields = "Title", encoding = "UTF-8") :
DESCRIPTION file of package 'SharedObject' is missing or broken
done
GCSConnection.Rcheck/tests/testthat.Rout.fail
R Under development (unstable) (2021-11-21 r81221) -- "Unsuffered Consequences"
Copyright (C) 2021 The R Foundation for Statistical Computing
Platform: x86_64-w64-mingw32/x64 (64-bit)
R is free software and comes with ABSOLUTELY NO WARRANTY.
You are welcome to redistribute it under certain conditions.
Type 'license()' or 'licence()' for distribution details.
R is a collaborative project with many contributors.
Type 'contributors()' for more information and
'citation()' on how to cite R or R packages in publications.
Type 'demo()' for some demos, 'help()' for on-line help, or
'help.start()' for an HTML browser interface to help.
Type 'q()' to quit R.
> library(testthat)
> library(GCSConnection)
Warning message:
Package 'GCSConnection' is deprecated and will be removed from
Bioconductor version 3.16
>
> test_check("GCSConnection")
[ FAIL 1 | WARN 0 | SKIP 0 | PASS 85 ]
== Failed tests ================================================================
-- Error (test_credentials.R:21:5): requester pays -----------------------------
Error in `catch_error(r)`: An error has occured when sending a REST request(Error code: 401).
Either you do not have the access rights, or you have sent an invalid billing project
Backtrace:
x
1. +-testthat::expect_true(gcs_is_requester_pays("bioconductor_rp")) at test_credentials.R:21:4
2. | \-testthat::quasi_label(enquo(object), label, arg = "object")
3. | \-rlang::eval_bare(expr, quo_get_env(quo))
4. \-GCSConnection::gcs_is_requester_pays("bioconductor_rp")
5. \-GCSConnection:::.is_requester_pays(bucket)
6. \-GCSConnection:::catch_error(r)
[ FAIL 1 | WARN 0 | SKIP 0 | PASS 85 ]
Error: Test failures
Execution halted
GCSConnection.Rcheck/GCSConnection-Ex.timings
| name | user | system | elapsed | |
| authentication | 0 | 0 | 0 | |
| buffer_size | 0 | 0 | 0 | |
| gcs_connection | 0.05 | 0.00 | 0.41 | |
| gcs_cp | 0.03 | 0.01 | 0.53 | |
| gcs_dir | 0.30 | 0.00 | 2.26 | |
| gcs_rm | 0 | 0 | 0 | |
| names-FileClass-method | 0.08 | 0.00 | 0.08 | |
| names-FolderClass-method | 0.01 | 0.00 | 0.02 | |
| requester_pays | 0 | 0 | 0 | |