| Back to Multiple platform build/check report for BioC 3.15 |
|
This page was generated on 2022-10-19 13:22:58 -0400 (Wed, 19 Oct 2022).
| Hostname | OS | Arch (*) | R version | Installed pkgs |
|---|---|---|---|---|
| nebbiolo1 | Linux (Ubuntu 20.04.5 LTS) | x86_64 | 4.2.1 (2022-06-23) -- "Funny-Looking Kid" | 4386 |
| palomino3 | Windows Server 2022 Datacenter | x64 | 4.2.1 (2022-06-23 ucrt) -- "Funny-Looking Kid" | 4138 |
| merida1 | macOS 10.14.6 Mojave | x86_64 | 4.2.1 (2022-06-23) -- "Funny-Looking Kid" | 4205 |
| Click on any hostname to see more info about the system (e.g. compilers) (*) as reported by 'uname -p', except on Windows and Mac OS X | ||||
|
To the developers/maintainers of the GCSConnection package: - Please allow up to 24 hours (and sometimes 48 hours) for your latest push to git@git.bioconductor.org:packages/GCSConnection.git to reflect on this report. See How and When does the builder pull? When will my changes propagate? for more information. - Make sure to use the following settings in order to reproduce any error or warning you see on this page. |
| Package 728/2140 | Hostname | OS / Arch | INSTALL | BUILD | CHECK | BUILD BIN | ||||||||
Jiefei Wang
| nebbiolo1 | Linux (Ubuntu 20.04.5 LTS) / x86_64 | OK | OK | ERROR | |||||||||
| palomino3 | Windows Server 2022 Datacenter / x64 | OK | OK | ERROR | OK | |||||||||
| merida1 | macOS 10.14.6 Mojave / x86_64 | OK | OK | ERROR | OK | |||||||||
| Package: GCSConnection |
| Version: 1.8.0 |
| Command: /Library/Frameworks/R.framework/Resources/bin/R CMD check --install=check:GCSConnection.install-out.txt --library=/Library/Frameworks/R.framework/Resources/library --no-vignettes --timings GCSConnection_1.8.0.tar.gz |
| StartedAt: 2022-10-19 02:39:05 -0400 (Wed, 19 Oct 2022) |
| EndedAt: 2022-10-19 02:40:27 -0400 (Wed, 19 Oct 2022) |
| EllapsedTime: 81.3 seconds |
| RetCode: 1 |
| Status: ERROR |
| CheckDir: GCSConnection.Rcheck |
| Warnings: NA |
##############################################################################
##############################################################################
###
### Running command:
###
### /Library/Frameworks/R.framework/Resources/bin/R CMD check --install=check:GCSConnection.install-out.txt --library=/Library/Frameworks/R.framework/Resources/library --no-vignettes --timings GCSConnection_1.8.0.tar.gz
###
##############################################################################
##############################################################################
* using log directory ‘/Users/biocbuild/bbs-3.15-bioc/meat/GCSConnection.Rcheck’
* using R version 4.2.1 (2022-06-23)
* using platform: x86_64-apple-darwin17.0 (64-bit)
* using session charset: UTF-8
* using option ‘--no-vignettes’
* checking for file ‘GCSConnection/DESCRIPTION’ ... OK
* checking extension type ... Package
* this is package ‘GCSConnection’ version ‘1.8.0’
* package encoding: UTF-8
* checking package namespace information ... OK
* checking package dependencies ... OK
* checking if this is a source package ... OK
* checking if there is a namespace ... OK
* checking for hidden files and directories ... OK
* checking for portable file names ... OK
* checking for sufficient/correct file permissions ... OK
* checking whether package ‘GCSConnection’ can be installed ... WARNING
Found the following significant warnings:
Warning: Package 'GCSConnection' is deprecated and will be removed from
See ‘/Users/biocbuild/bbs-3.15-bioc/meat/GCSConnection.Rcheck/00install.out’ for details.
* checking installed package size ... OK
* checking package directory ... OK
* checking ‘build’ directory ... OK
* checking DESCRIPTION meta-information ... OK
* checking top-level files ... OK
* checking for left-over files ... OK
* checking index information ... OK
* checking package subdirectories ... OK
* checking R files for non-ASCII characters ... OK
* checking R files for syntax errors ... OK
* checking whether the package can be loaded ... OK
* checking whether the package can be loaded with stated dependencies ... OK
* checking whether the package can be unloaded cleanly ... OK
* checking whether the namespace can be loaded with stated dependencies ... OK
* checking whether the namespace can be unloaded cleanly ... OK
* checking dependencies in R code ... OK
* checking S3 generic/method consistency ... OK
* checking replacement functions ... OK
* checking foreign function calls ... OK
* checking R code for possible problems ... OK
* checking Rd files ... OK
* checking Rd metadata ... OK
* checking Rd cross-references ... OK
* checking for missing documentation entries ... OK
* checking for code/documentation mismatches ... OK
* checking Rd \usage sections ... OK
* checking Rd contents ... OK
* checking for unstated dependencies in examples ... OK
* checking line endings in C/C++/Fortran sources/headers ... OK
* checking line endings in Makefiles ... OK
* checking compilation flags in Makevars ... OK
* checking for GNU extensions in Makefiles ... OK
* checking for portable use of $(BLAS_LIBS) and $(LAPACK_LIBS) ... OK
* checking use of PKG_*FLAGS in Makefiles ... OK
* checking compiled code ... NOTE
Note: information on .o files is not available
File ‘GCSConnection/libs/GCSConnection.so’:
Found non-API call to R: ‘R_new_custom_connection’
Compiled code should not call non-API entry points in R.
See ‘Writing portable packages’ in the ‘Writing R Extensions’ manual.
* checking files in ‘vignettes’ ... OK
* checking examples ... OK
* checking for unstated dependencies in ‘tests’ ... OK
* checking tests ...
Running ‘testthat.R’
ERROR
Running the tests in ‘tests/testthat.R’ failed.
Last 13 lines of output:
Error in `catch_error(r)`: An error has occured when sending a REST request(Error code: 401).
Either you do not have the access rights, or you have sent an invalid billing project
Backtrace:
▆
1. ├─testthat::expect_true(gcs_is_requester_pays("bioconductor_rp")) at test_credentials.R:21:4
2. │ └─testthat::quasi_label(enquo(object), label, arg = "object")
3. │ └─rlang::eval_bare(expr, quo_get_env(quo))
4. └─GCSConnection::gcs_is_requester_pays("bioconductor_rp")
5. └─GCSConnection:::.is_requester_pays(bucket)
6. └─GCSConnection:::catch_error(r)
[ FAIL 1 | WARN 0 | SKIP 0 | PASS 85 ]
Error: Test failures
Execution halted
* checking for unstated dependencies in vignettes ... OK
* checking package vignettes in ‘inst/doc’ ... OK
* checking running R code from vignettes ... SKIPPED
* checking re-building of vignette outputs ... SKIPPED
* checking PDF version of manual ... OK
* DONE
Status: 1 ERROR, 1 WARNING, 1 NOTE
See
‘/Users/biocbuild/bbs-3.15-bioc/meat/GCSConnection.Rcheck/00check.log’
for details.
GCSConnection.Rcheck/00install.out
############################################################################## ############################################################################## ### ### Running command: ### ### /Library/Frameworks/R.framework/Resources/bin/R CMD INSTALL GCSConnection ### ############################################################################## ############################################################################## * installing to library ‘/Library/Frameworks/R.framework/Versions/4.2/Resources/library’ * installing *source* package ‘GCSConnection’ ... ** using staged installation ** libs clang++ -mmacosx-version-min=10.13 -std=gnu++11 -I"/Library/Frameworks/R.framework/Resources/include" -DNDEBUG -I'/Library/Frameworks/R.framework/Versions/4.2/Resources/library/Rcpp/include' -I/usr/local/include -fPIC -Wall -g -O2 -c C_interface.cpp -o C_interface.o clang++ -mmacosx-version-min=10.13 -std=gnu++11 -I"/Library/Frameworks/R.framework/Resources/include" -DNDEBUG -I'/Library/Frameworks/R.framework/Versions/4.2/Resources/library/Rcpp/include' -I/usr/local/include -fPIC -Wall -g -O2 -c RcppExports.cpp -o RcppExports.o clang++ -mmacosx-version-min=10.13 -std=gnu++11 -I"/Library/Frameworks/R.framework/Resources/include" -DNDEBUG -I'/Library/Frameworks/R.framework/Versions/4.2/Resources/library/Rcpp/include' -I/usr/local/include -fPIC -Wall -g -O2 -c altrep.cpp -o altrep.o clang++ -mmacosx-version-min=10.13 -std=gnu++11 -I"/Library/Frameworks/R.framework/Resources/include" -DNDEBUG -I'/Library/Frameworks/R.framework/Versions/4.2/Resources/library/Rcpp/include' -I/usr/local/include -fPIC -Wall -g -O2 -c connection.cpp -o connection.o clang++ -mmacosx-version-min=10.13 -std=gnu++11 -I"/Library/Frameworks/R.framework/Resources/include" -DNDEBUG -I'/Library/Frameworks/R.framework/Versions/4.2/Resources/library/Rcpp/include' -I/usr/local/include -fPIC -Wall -g -O2 -c utils.cpp -o utils.o clang++ -mmacosx-version-min=10.13 -std=gnu++11 -dynamiclib -Wl,-headerpad_max_install_names -undefined dynamic_lookup -single_module -multiply_defined suppress -L/Library/Frameworks/R.framework/Resources/lib -L/usr/local/lib -o GCSConnection.so C_interface.o RcppExports.o altrep.o connection.o utils.o -F/Library/Frameworks/R.framework/.. -framework R -Wl,-framework -Wl,CoreFoundation installing to /Library/Frameworks/R.framework/Versions/4.2/Resources/library/00LOCK-GCSConnection/00new/GCSConnection/libs ** R ** byte-compile and prepare package for lazy loading ** help *** installing help indices ** building package indices ** installing vignettes ** testing if installed package can be loaded from temporary location Warning: Package 'GCSConnection' is deprecated and will be removed from Bioconductor version 3.16 ** checking absolute paths in shared objects and dynamic libraries ** testing if installed package can be loaded from final location Warning: Package 'GCSConnection' is deprecated and will be removed from Bioconductor version 3.16 ** testing if installed package keeps a record of temporary installation path * DONE (GCSConnection)
GCSConnection.Rcheck/tests/testthat.Rout.fail
R version 4.2.1 (2022-06-23) -- "Funny-Looking Kid"
Copyright (C) 2022 The R Foundation for Statistical Computing
Platform: x86_64-apple-darwin17.0 (64-bit)
R is free software and comes with ABSOLUTELY NO WARRANTY.
You are welcome to redistribute it under certain conditions.
Type 'license()' or 'licence()' for distribution details.
R is a collaborative project with many contributors.
Type 'contributors()' for more information and
'citation()' on how to cite R or R packages in publications.
Type 'demo()' for some demos, 'help()' for on-line help, or
'help.start()' for an HTML browser interface to help.
Type 'q()' to quit R.
> library(testthat)
> library(GCSConnection)
Warning message:
Package 'GCSConnection' is deprecated and will be removed from
Bioconductor version 3.16
>
> test_check("GCSConnection")
[ FAIL 1 | WARN 0 | SKIP 0 | PASS 85 ]
══ Failed tests ════════════════════════════════════════════════════════════════
── Error ('test_credentials.R:21'): requester pays ─────────────────────────────
Error in `catch_error(r)`: An error has occured when sending a REST request(Error code: 401).
Either you do not have the access rights, or you have sent an invalid billing project
Backtrace:
▆
1. ├─testthat::expect_true(gcs_is_requester_pays("bioconductor_rp")) at test_credentials.R:21:4
2. │ └─testthat::quasi_label(enquo(object), label, arg = "object")
3. │ └─rlang::eval_bare(expr, quo_get_env(quo))
4. └─GCSConnection::gcs_is_requester_pays("bioconductor_rp")
5. └─GCSConnection:::.is_requester_pays(bucket)
6. └─GCSConnection:::catch_error(r)
[ FAIL 1 | WARN 0 | SKIP 0 | PASS 85 ]
Error: Test failures
Execution halted
GCSConnection.Rcheck/GCSConnection-Ex.timings
| name | user | system | elapsed | |
| authentication | 0.010 | 0.012 | 0.028 | |
| buffer_size | 0.000 | 0.000 | 0.001 | |
| gcs_connection | 0.061 | 0.011 | 0.213 | |
| gcs_cp | 0.079 | 0.013 | 0.527 | |
| gcs_dir | 0.418 | 0.026 | 1.330 | |
| gcs_rm | 0 | 0 | 0 | |
| names-FileClass-method | 0.114 | 0.008 | 0.123 | |
| names-FolderClass-method | 0.023 | 0.001 | 0.024 | |
| requester_pays | 0.000 | 0.000 | 0.001 | |