| Back to Multiple platform build/check report for BioC 3.11 |
|
This page was generated on 2020-10-17 11:56:48 -0400 (Sat, 17 Oct 2020).
| TO THE DEVELOPERS/MAINTAINERS OF THE HDF5Array PACKAGE: Please make sure to use the following settings in order to reproduce any error or warning you see on this page. |
| Package 805/1905 | Hostname | OS / Arch | INSTALL | BUILD | CHECK | BUILD BIN | ||||||
| HDF5Array 1.16.1 Hervé Pagès
| malbec2 | Linux (Ubuntu 18.04.4 LTS) / x86_64 | OK | OK | OK | |||||||
| tokay2 | Windows Server 2012 R2 Standard / x64 | OK | OK | [ WARNINGS ] | OK | |||||||
| machv2 | macOS 10.14.6 Mojave / x86_64 | OK | OK | OK | OK |
| Package: HDF5Array |
| Version: 1.16.1 |
| Command: C:\Users\biocbuild\bbs-3.11-bioc\R\bin\R.exe CMD check --force-multiarch --install=check:HDF5Array.install-out.txt --library=C:\Users\biocbuild\bbs-3.11-bioc\R\library --no-vignettes --timings HDF5Array_1.16.1.tar.gz |
| StartedAt: 2020-10-17 04:52:58 -0400 (Sat, 17 Oct 2020) |
| EndedAt: 2020-10-17 05:23:28 -0400 (Sat, 17 Oct 2020) |
| EllapsedTime: 1830.2 seconds |
| RetCode: 0 |
| Status: WARNINGS |
| CheckDir: HDF5Array.Rcheck |
| Warnings: 1 |
##############################################################################
##############################################################################
###
### Running command:
###
### C:\Users\biocbuild\bbs-3.11-bioc\R\bin\R.exe CMD check --force-multiarch --install=check:HDF5Array.install-out.txt --library=C:\Users\biocbuild\bbs-3.11-bioc\R\library --no-vignettes --timings HDF5Array_1.16.1.tar.gz
###
##############################################################################
##############################################################################
* using log directory 'C:/Users/biocbuild/bbs-3.11-bioc/meat/HDF5Array.Rcheck'
* using R version 4.0.3 (2020-10-10)
* using platform: x86_64-w64-mingw32 (64-bit)
* using session charset: ISO8859-1
* using option '--no-vignettes'
* checking for file 'HDF5Array/DESCRIPTION' ... OK
* this is package 'HDF5Array' version '1.16.1'
* package encoding: UTF-8
* checking package namespace information ... OK
* checking package dependencies ... OK
* checking if this is a source package ... OK
* checking if there is a namespace ... OK
* checking for hidden files and directories ... NOTE
Found the following hidden files and directories:
.BBSoptions
These were most likely included in error. See section 'Package
structure' in the 'Writing R Extensions' manual.
* checking for portable file names ... OK
* checking whether package 'HDF5Array' can be installed ... WARNING
Found the following significant warnings:
h5mread.c:857:23: warning: too many arguments for format [-Wformat-extra-args]
Rd warning: C:/Users/biocbuild/bbs-3.11-bioc/tmpdir/RtmpkXYHDe/R.INSTALLeb848183069/HDF5Array/man/HDF5Array-class.Rd:22: file link 'DelayedArray' in package 'DelayedArray' does not exist and so has been treated as a topic
Rd warning: C:/Users/biocbuild/bbs-3.11-bioc/tmpdir/RtmpkXYHDe/R.INSTALLeb848183069/HDF5Array/man/HDF5Array-class.Rd:25: file link 'DelayedArray' in package 'DelayedArray' does not exist and so has been treated as a topic
Rd warning: C:/Users/biocbuild/bbs-3.11-bioc/tmpdir/RtmpkXYHDe/R.INSTALLeb848183069/HDF5Array/man/HDF5Array-class.Rd:43: file link 'type' in package 'DelayedArray' does not exist and so has been treated as a topic
Rd warning: C:/Users/biocbuild/bbs-3.11-bioc/tmpdir/RtmpkXYHDe/R.INSTALLeb848183069/HDF5Array/man/HDF5Array-class.Rd:70: file link 'DelayedMatrix' in package 'DelayedArray' does not exist and so has been treated as a topic
Rd warning: C:/Users/biocbuild/bbs-3.11-bioc/tmpdir/RtmpkXYHDe/R.INSTALLeb848183069/HDF5Array/man/HDF5Array-class.Rd:73: file link 'DelayedArray' in package 'DelayedArray' does not exist and so has been treated as a topic
Rd warning: C:/Users/biocbuild/bbs-3.11-bioc/tmpdir/RtmpkXYHDe/R.INSTALLeb848183069/HDF5Array/man/HDF5Array-class.Rd:76: file link 'DelayedArray' in package 'DelayedArray' does not exist and so has been treated as a topic
Rd warning: C:/Users/biocbuild/bbs-3.11-bioc/tmpdir/RtmpkXYHDe/R.INSTALLeb848183069/HDF5Array/man/HDF5Array-class.Rd:88: file link 'SummarizedExperiment' in package 'SummarizedExperiment' does not exist and so has been treated as a topic
Rd warning: C:/Users/biocbuild/bbs-3.11-bioc/tmpdir/RtmpkXYHDe/R.INSTALLeb848183069/HDF5Array/man/HDF5ArraySeed-class.Rd:39: file link 'DelayedArray' in package 'DelayedArray' does not exist and so has been treated as a topic
Rd warning: C:/Users/biocbuild/bbs-3.11-bioc/tmpdir/RtmpkXYHDe/R.INSTALLeb848183069/HDF5Array/man/HDF5ArraySeed-class.Rd:42: file link 'DelayedArray' in package 'DelayedArray' does not exist and so has been treated as a topic
Rd warning: C:/Users/biocbuild/bbs-3.11-bioc/tmpdir/RtmpkXYHDe/R.INSTALLeb848183069/HDF5Array/man/ReshapedHDF5Array-class.Rd:22: file link 'DelayedArray' in package 'DelayedArray' does not exist and so has been treated as a topic
Rd warning: C:/Users/biocbuild/bbs-3.11-bioc/tmpdir/RtmpkXYHDe/R.INSTALLeb848183069/HDF5Array/man/ReshapedHDF5Array-class.Rd:26: file link 'DelayedArray' in package 'DelayedArray' does not exist and so has been treated as a topic
Rd warning: C:/Users/biocbuild/bbs-3.11-bioc/tmpdir/RtmpkXYHDe/R.INSTALLeb848183069/HDF5Array/man/ReshapedHDF5Array-class.Rd:63: file link 'DelayedArray' in package 'DelayedArray' does not exist and so has been treated as a topic
Rd warning: C:/Users/biocbuild/bbs-3.11-bioc/tmpdir/RtmpkXYHDe/R.INSTALLeb848183069/HDF5Array/man/ReshapedHDF5Array-class.Rd:66: file link 'DelayedArray' in package 'DelayedArray' does not exist and so has been treated as a topic
Rd warning: C:/Users/biocbuild/bbs-3.11-bioc/tmpdir/RtmpkXYHDe/R.INSTALLeb848183069/HDF5Array/man/ReshapedHDF5Array-class.Rd:75: file link 'SummarizedExperiment' in package 'SummarizedExperiment' does not exist and so has been treated as a topic
Rd warning: C:/Users/biocbuild/bbs-3.11-bioc/tmpdir/RtmpkXYHDe/R.INSTALLeb848183069/HDF5Array/man/ReshapedHDF5ArraySeed-class.Rd:36: file link 'DelayedArray' in package 'DelayedArray' does not exist and so has been treated as a topic
Rd warning: C:/Users/biocbuild/bbs-3.11-bioc/tmpdir/RtmpkXYHDe/R.INSTALLeb848183069/HDF5Array/man/ReshapedHDF5ArraySeed-class.Rd:39: file link 'DelayedArray' in package 'DelayedArray' does not exist and so has been treated as a topic
Rd warning: C:/Users/biocbuild/bbs-3.11-bioc/tmpdir/RtmpkXYHDe/R.INSTALLeb848183069/HDF5Array/man/TENxMatrix-class.Rd:29: file link 'DelayedMatrix' in package 'DelayedArray' does not exist and so has been treated as a topic
Rd warning: C:/Users/biocbuild/bbs-3.11-bioc/tmpdir/RtmpkXYHDe/R.INSTALLeb848183069/HDF5Array/man/TENxMatrix-class.Rd:33: file link 'DelayedMatrix' in package 'DelayedArray' does not exist and so has been treated as a topic
Rd warning: C:/Users/biocbuild/bbs-3.11-bioc/tmpdir/RtmpkXYHDe/R.INSTALLeb848183069/HDF5Array/man/TENxMatrix-class.Rd:68: file link 'NumericList' in package 'IRanges' does not exist and so has been treated as a topic
Rd warning: C:/Users/biocbuild/bbs-3.11-bioc/tmpdir/RtmpkXYHDe/R.INSTALLeb848183069/HDF5Array/man/TENxMatrix-class.Rd:69: file link 'IntegerList' in package 'IRanges' does not exist and so has been treated as a topic
Rd warning: C:/Users/biocbuild/bbs-3.11-bioc/tmpdir/RtmpkXYHDe/R.INSTALLeb848183069/HDF5Array/man/TENxMatrix-class.Rd:87: file link 'DelayedArray' in package 'DelayedArray' does not exist and so has been treated as a topic
Rd warning: C:/Users/biocbuild/bbs-3.11-bioc/tmpdir/RtmpkXYHDe/R.INSTALLeb848183069/HDF5Array/man/TENxMatrix-class.Rd:89: file link 'DelayedMatrix' in package 'DelayedArray' does not exist and so has been treated as a topic
Rd warning: C:/Users/biocbuild/bbs-3.11-bioc/tmpdir/RtmpkXYHDe/R.INSTALLeb848183069/HDF5Array/man/TENxMatrix-class.Rd:101: file link 'setAutoBPPARAM' in package 'DelayedArray' does not exist and so has been treated as a topic
Rd warning: C:/Users/biocbuild/bbs-3.11-bioc/tmpdir/RtmpkXYHDe/R.INSTALLeb848183069/HDF5Array/man/TENxMatrix-class.Rd:102: file link 'setAutoBlockSize' in package 'DelayedArray' does not exist and so has been treated as a topic
Rd warning: C:/Users/biocbuild/bbs-3.11-bioc/tmpdir/RtmpkXYHDe/R.INSTALLeb848183069/HDF5Array/man/TENxMatrix-class.Rd:105: file link 'colGrid' in package 'DelayedArray' does not exist and so has been treated as a topic
Rd warning: C:/Users/biocbuild/bbs-3.11-bioc/tmpdir/RtmpkXYHDe/R.INSTALLeb848183069/HDF5Array/man/TENxMatrix-class.Rd:113: file link 'NumericList' in package 'IRanges' does not exist and so has been treated as a topic
Rd warning: C:/Users/biocbuild/bbs-3.11-bioc/tmpdir/RtmpkXYHDe/R.INSTALLeb848183069/HDF5Array/man/TENxMatrix-class.Rd:113: file link 'IntegerList' in package 'IRanges' does not exist and so has been treated as a topic
Rd warning: C:/Users/biocbuild/bbs-3.11-bioc/tmpdir/RtmpkXYHDe/R.INSTALLeb848183069/HDF5Array/man/TENxMatrixSeed-class.Rd:52: file link 'DelayedMatrix' in package 'DelayedArray' does not exist and so has been treated as a topic
Rd warning: C:/Users/biocbuild/bbs-3.11-bioc/tmpdir/RtmpkXYHDe/R.INSTALLeb848183069/HDF5Array/man/TENxMatrixSeed-class.Rd:55: file link 'DelayedMatrix' in package 'DelayedArray' does not exist and so has been treated as a topic
Rd warning: C:/Users/biocbuild/bbs-3.11-bioc/tmpdir/RtmpkXYHDe/R.INSTALLeb848183069/HDF5Array/man/dump-management.Rd:123: file link 'type' in package 'DelayedArray' does not exist and so has been treated as a topic
Rd warning: C:/Users/biocbuild/bbs-3.11-bioc/tmpdir/RtmpkXYHDe/R.INSTALLeb848183069/HDF5Array/man/dump-management.Rd:216: file link 'type' in package 'DelayedArray' does not exist and so has been treated as a topic
Rd warning: C:/Users/biocbuild/bbs-3.11-bioc/tmpdir/RtmpkXYHDe/R.INSTALLeb848183069/HDF5Array/man/h5mread.Rd:63: file link 'h5read' in package 'rhdf5' does not exist and so has been treated as a topic
Rd warning: C:/Users/biocbuild/bbs-3.11-bioc/tmpdir/RtmpkXYHDe/R.INSTALLeb848183069/HDF5Array/man/h5mread.Rd:65: file link 'h5read' in package 'rhdf5' does not exist and so has been treated as a topic
Rd warning: C:/Users/biocbuild/bbs-3.11-bioc/tmpdir/RtmpkXYHDe/R.INSTALLeb848183069/HDF5Array/man/h5mread.Rd:100: file link 'h5read' in package 'rhdf5' does not exist and so has been treated as a topic
Rd warning: C:/Users/biocbuild/bbs-3.11-bioc/tmpdir/RtmpkXYHDe/R.INSTALLeb848183069/HDF5Array/man/h5mread.Rd:102: file link 'type' in package 'DelayedArray' does not exist and so has been treated as a topic
Rd warning: C:/Users/biocbuild/bbs-3.11-bioc/tmpdir/RtmpkXYHDe/R.INSTALLeb848183069/HDF5Array/man/saveHDF5SummarizedExperiment.Rd:12: file link 'SummarizedExperiment' in package 'SummarizedExperiment' does not exist and so has been treated as a topic
Rd warning: C:/Users/biocbuild/bbs-3.11-bioc/tmpdir/RtmpkXYHDe/R.INSTALLeb848183069/HDF5Array/man/saveHDF5SummarizedExperiment.Rd:30: file link 'SummarizedExperiment' in package 'SummarizedExperiment' does not exist and so has been treated as a topic
Rd warning: C:/Users/biocbuild/bbs-3.11-bioc/tmpdir/RtmpkXYHDe/R.INSTALLeb848183069/HDF5Array/man/saveHDF5SummarizedExperiment.Rd:38: file link 'SummarizedExperiment' in package 'SummarizedExperiment' does not exist and so has been treated as a topic
Rd warning: C:/Users/biocbuild/bbs-3.11-bioc/tmpdir/RtmpkXYHDe/R.INSTALLeb848183069/HDF5Array/man/saveHDF5SummarizedExperiment.Rd:117: file link 'SummarizedExperiment' in package 'SummarizedExperiment' does not exist and so has been treated as a topic
Rd warning: C:/Users/biocbuild/bbs-3.11-bioc/tmpdir/RtmpkXYHDe/R.INSTALLeb848183069/HDF5Array/man/saveHDF5SummarizedExperiment.Rd:132: file link 'TxDb' in package 'GenomicFeatures' does not exist and so has been treated as a topic
Rd warning: C:/Users/biocbuild/bbs-3.11-bioc/tmpdir/RtmpkXYHDe/R.INSTALLeb848183069/HDF5Array/man/saveHDF5SummarizedExperiment.Rd:133: file link 'TxDb' in package 'GenomicFeatures' does not exist and so has been treated as a topic
Rd warning: C:/Users/biocbuild/bbs-3.11-bioc/tmpdir/RtmpkXYHDe/R.INSTALLeb848183069/HDF5Array/man/saveHDF5SummarizedExperiment.Rd:136: file link 'SummarizedExperiment' in package 'SummarizedExperiment' does not exist and so has been treated as a topic
Rd warning: C:/Users/biocbuild/bbs-3.11-bioc/tmpdir/RtmpkXYHDe/R.INSTALLeb848183069/HDF5Array/man/saveHDF5SummarizedExperiment.Rd:185: file link 'SummarizedExperiment' in package 'SummarizedExperiment' does not exist and so has been treated as a topic
Rd warning: C:/Users/biocbuild/bbs-3.11-bioc/tmpdir/RtmpkXYHDe/R.INSTALLeb848183069/HDF5Array/man/saveHDF5SummarizedExperiment.Rd:210: file link 'SummarizedExperiment' in package 'SummarizedExperiment' does not exist and so has been treated as a topic
Rd warning: C:/Users/biocbuild/bbs-3.11-bioc/tmpdir/RtmpkXYHDe/R.INSTALLeb848183069/HDF5Array/man/saveHDF5SummarizedExperiment.Rd:211: file link 'RangedSummarizedExperiment' in package 'SummarizedExperiment' does not exist and so has been treated as a topic
Rd warning: C:/Users/biocbuild/bbs-3.11-bioc/tmpdir/RtmpkXYHDe/R.INSTALLeb848183069/HDF5Array/man/saveHDF5SummarizedExperiment.Rd:218: file link 'saveRDS' in package 'base' does not exist and so has been treated as a topic
Rd warning: C:/Users/biocbuild/bbs-3.11-bioc/tmpdir/RtmpkXYHDe/R.INSTALLeb848183069/HDF5Array/man/writeHDF5Array.Rd:154: file link 'SummarizedExperiment' in package 'SummarizedExperiment' does not exist and so has been treated as a topic
See 'C:/Users/biocbuild/bbs-3.11-bioc/meat/HDF5Array.Rcheck/00install.out' for details.
* checking installed package size ... NOTE
installed size is 16.3Mb
sub-directories of 1Mb or more:
extdata 7.7Mb
libs 7.6Mb
* checking package directory ... OK
* checking DESCRIPTION meta-information ... OK
* checking top-level files ... OK
* checking for left-over files ... OK
* checking index information ... OK
* checking package subdirectories ... OK
* checking R files for non-ASCII characters ... OK
* checking R files for syntax errors ... OK
* loading checks for arch 'i386'
** checking whether the package can be loaded ... OK
** checking whether the package can be loaded with stated dependencies ... OK
** checking whether the package can be unloaded cleanly ... OK
** checking whether the namespace can be loaded with stated dependencies ... OK
** checking whether the namespace can be unloaded cleanly ... OK
* loading checks for arch 'x64'
** checking whether the package can be loaded ... OK
** checking whether the package can be loaded with stated dependencies ... OK
** checking whether the package can be unloaded cleanly ... OK
** checking whether the namespace can be loaded with stated dependencies ... OK
** checking whether the namespace can be unloaded cleanly ... OK
* checking dependencies in R code ... NOTE
Unexported objects imported by ':::' calls:
'BiocGenerics:::testPackage' 'S4Vectors:::anyMissingOrOutside'
'S4Vectors:::extract_data_frame_rows' 'S4Vectors:::sapply_isNULL'
See the note in ?`:::` about the use of this operator.
* checking S3 generic/method consistency ... OK
* checking replacement functions ... OK
* checking foreign function calls ... OK
* checking R code for possible problems ... OK
* checking Rd files ... OK
* checking Rd metadata ... OK
* checking Rd cross-references ... OK
* checking for missing documentation entries ... OK
* checking for code/documentation mismatches ... OK
* checking Rd \usage sections ... OK
* checking Rd contents ... OK
* checking for unstated dependencies in examples ... OK
* checking line endings in C/C++/Fortran sources/headers ... OK
* checking line endings in Makefiles ... OK
* checking compilation flags in Makevars ... OK
* checking for GNU extensions in Makefiles ... NOTE
GNU make is a SystemRequirements.
* checking for portable use of $(BLAS_LIBS) and $(LAPACK_LIBS) ... OK
* checking use of PKG_*FLAGS in Makefiles ... OK
* checking compiled code ... NOTE
Note: information on .o files for i386 is not available
Note: information on .o files for x64 is not available
File 'C:/Users/biocbuild/bbs-3.11-bioc/R/library/HDF5Array/libs/i386/HDF5Array.dll':
Found 'abort', possibly from 'abort' (C), 'runtime' (Fortran)
Found 'exit', possibly from 'exit' (C), 'stop' (Fortran)
Found 'printf', possibly from 'printf' (C)
File 'C:/Users/biocbuild/bbs-3.11-bioc/R/library/HDF5Array/libs/x64/HDF5Array.dll':
Found 'abort', possibly from 'abort' (C), 'runtime' (Fortran)
Found 'exit', possibly from 'exit' (C), 'stop' (Fortran)
Found 'printf', possibly from 'printf' (C)
Compiled code should not call entry points which might terminate R nor
write to stdout/stderr instead of to the console, nor use Fortran I/O
nor system RNGs. The detected symbols are linked into the code but
might come from libraries and not actually be called.
See 'Writing portable packages' in the 'Writing R Extensions' manual.
* checking examples ...
** running examples for arch 'i386' ... OK
Examples with CPU (user + system) or elapsed time > 5s
user system elapsed
TENxMatrix-class 31.28 8.97 579.37
h5mread 37.56 1.40 358.37
writeTENxMatrix 19.58 0.97 22.20
TENxMatrixSeed-class 4.86 0.84 6.05
HDF5Array-class 4.88 0.41 12.05
dump-management 0.55 0.08 7.91
** running examples for arch 'x64' ... OK
Examples with CPU (user + system) or elapsed time > 5s
user system elapsed
TENxMatrix-class 30.86 9.39 266.83
h5mread 33.43 1.06 39.94
writeTENxMatrix 15.27 1.11 17.77
TENxMatrixSeed-class 5.53 0.50 6.28
HDF5Array-class 4.39 0.26 9.84
* checking for unstated dependencies in 'tests' ... OK
* checking tests ...
** running tests for arch 'i386' ...
Running 'run_unitTests.R'
OK
** running tests for arch 'x64' ...
Running 'run_unitTests.R'
OK
* checking PDF version of manual ... OK
* DONE
Status: 1 WARNING, 5 NOTEs
See
'C:/Users/biocbuild/bbs-3.11-bioc/meat/HDF5Array.Rcheck/00check.log'
for details.
HDF5Array.Rcheck/00install.out
##############################################################################
##############################################################################
###
### Running command:
###
### C:\cygwin\bin\curl.exe -O https://malbec2.bioconductor.org/BBS/3.11/bioc/src/contrib/HDF5Array_1.16.1.tar.gz && rm -rf HDF5Array.buildbin-libdir && mkdir HDF5Array.buildbin-libdir && C:\Users\biocbuild\bbs-3.11-bioc\R\bin\R.exe CMD INSTALL --merge-multiarch --build --library=HDF5Array.buildbin-libdir HDF5Array_1.16.1.tar.gz && C:\Users\biocbuild\bbs-3.11-bioc\R\bin\R.exe CMD INSTALL HDF5Array_1.16.1.zip && rm HDF5Array_1.16.1.tar.gz HDF5Array_1.16.1.zip
###
##############################################################################
##############################################################################
% Total % Received % Xferd Average Speed Time Time Time Current
Dload Upload Total Spent Left Speed
0 0 0 0 0 0 0 0 --:--:-- --:--:-- --:--:-- 0
6 7872k 6 528k 0 0 718k 0 0:00:10 --:--:-- 0:00:10 724k
100 7872k 100 7872k 0 0 9557k 0 --:--:-- --:--:-- --:--:-- 9624k
install for i386
* installing *source* package 'HDF5Array' ...
** using staged installation
** libs
"C:/rtools40/mingw32/bin/"gcc -I"C:/Users/BIOCBU~1/BBS-3~1.11-/R/include" -DNDEBUG -I'C:/Users/biocbuild/bbs-3.11-bioc/R/library/S4Vectors/include' -I'C:/Users/biocbuild/bbs-3.11-bioc/R/library/Rhdf5lib/include' -I"C:/extsoft/include" -O2 -Wall -std=gnu99 -mfpmath=sse -msse2 -mstackrealign -c H5DSetDescriptor.c -o H5DSetDescriptor.o
H5DSetDescriptor.c: In function '_init_H5DSetDescriptor':
H5DSetDescriptor.c:238:6: warning: 'storage_mode_attr' may be used uninitialized in this function [-Wmaybe-uninitialized]
if (strcmp(storage_mode, "integer") == 0) {
^~~~~~~~~~~~~~~~~~~~~~~~~~~~~~~
H5DSetDescriptor.c:349:17: note: 'storage_mode_attr' was declared here
char *h5name, *storage_mode_attr;
^~~~~~~~~~~~~~~~~
"C:/rtools40/mingw32/bin/"gcc -I"C:/Users/BIOCBU~1/BBS-3~1.11-/R/include" -DNDEBUG -I'C:/Users/biocbuild/bbs-3.11-bioc/R/library/S4Vectors/include' -I'C:/Users/biocbuild/bbs-3.11-bioc/R/library/Rhdf5lib/include' -I"C:/extsoft/include" -O2 -Wall -std=gnu99 -mfpmath=sse -msse2 -mstackrealign -c R_init_HDF5Array.c -o R_init_HDF5Array.o
"C:/rtools40/mingw32/bin/"gcc -I"C:/Users/BIOCBU~1/BBS-3~1.11-/R/include" -DNDEBUG -I'C:/Users/biocbuild/bbs-3.11-bioc/R/library/S4Vectors/include' -I'C:/Users/biocbuild/bbs-3.11-bioc/R/library/Rhdf5lib/include' -I"C:/extsoft/include" -O2 -Wall -std=gnu99 -mfpmath=sse -msse2 -mstackrealign -c S4Vectors_stubs.c -o S4Vectors_stubs.o
"C:/rtools40/mingw32/bin/"gcc -I"C:/Users/BIOCBU~1/BBS-3~1.11-/R/include" -DNDEBUG -I'C:/Users/biocbuild/bbs-3.11-bioc/R/library/S4Vectors/include' -I'C:/Users/biocbuild/bbs-3.11-bioc/R/library/Rhdf5lib/include' -I"C:/extsoft/include" -O2 -Wall -std=gnu99 -mfpmath=sse -msse2 -mstackrealign -c array_selection.c -o array_selection.o
"C:/rtools40/mingw32/bin/"gcc -I"C:/Users/BIOCBU~1/BBS-3~1.11-/R/include" -DNDEBUG -I'C:/Users/biocbuild/bbs-3.11-bioc/R/library/S4Vectors/include' -I'C:/Users/biocbuild/bbs-3.11-bioc/R/library/Rhdf5lib/include' -I"C:/extsoft/include" -O2 -Wall -std=gnu99 -mfpmath=sse -msse2 -mstackrealign -c h5dimscales.c -o h5dimscales.o
"C:/rtools40/mingw32/bin/"gcc -I"C:/Users/BIOCBU~1/BBS-3~1.11-/R/include" -DNDEBUG -I'C:/Users/biocbuild/bbs-3.11-bioc/R/library/S4Vectors/include' -I'C:/Users/biocbuild/bbs-3.11-bioc/R/library/Rhdf5lib/include' -I"C:/extsoft/include" -O2 -Wall -std=gnu99 -mfpmath=sse -msse2 -mstackrealign -c h5mread.c -o h5mread.o
In file included from h5mread.c:14:
h5mread.c: In function 'load_chunk':
h5mread.c:857:23: warning: unknown conversion type character 'l' in format [-Wformat=]
PRINT_TO_ERRMSG_BUF("chunk storage size (%llu) bigger "
^~~~~~~~~~~~~~~~~~~~~~~~~~~~~~~~~~~
HDF5Array.h:9:55: note: in definition of macro 'PRINT_TO_ERRMSG_BUF'
snprintf(_HDF5Array_errmsg_buf(), ERRMSG_BUF_LENGTH, __VA_ARGS__)
^~~~~~~~~~~
h5mread.c:857:46: note: format string is defined here
PRINT_TO_ERRMSG_BUF("chunk storage size (%llu) bigger "
^
In file included from h5mread.c:14:
h5mread.c:857:23: warning: format '%lu' expects argument of type 'long unsigned int', but argument 4 has type 'hsize_t' {aka 'long long unsigned int'} [-Wformat=]
PRINT_TO_ERRMSG_BUF("chunk storage size (%llu) bigger "
^~~~~~~~~~~~~~~~~~~~~~~~~~~~~~~~~~~
h5mread.c:859:9:
chunk_storage_size,
~~~~~~~~~~~~~~~~~~
HDF5Array.h:9:55: note: in definition of macro 'PRINT_TO_ERRMSG_BUF'
snprintf(_HDF5Array_errmsg_buf(), ERRMSG_BUF_LENGTH, __VA_ARGS__)
^~~~~~~~~~~
h5mread.c:858:27: note: format string is defined here
"than expected (%lu + %d)",
~~^
%I64u
In file included from h5mread.c:14:
h5mread.c:857:23: warning: too many arguments for format [-Wformat-extra-args]
PRINT_TO_ERRMSG_BUF("chunk storage size (%llu) bigger "
^~~~~~~~~~~~~~~~~~~~~~~~~~~~~~~~~~~
HDF5Array.h:9:55: note: in definition of macro 'PRINT_TO_ERRMSG_BUF'
snprintf(_HDF5Array_errmsg_buf(), ERRMSG_BUF_LENGTH, __VA_ARGS__)
^~~~~~~~~~~
At top level:
h5mread.c:1309:22: warning: 'select_elements_from_chunk' defined but not used [-Wunused-function]
static long long int select_elements_from_chunk(
^~~~~~~~~~~~~~~~~~~~~~~~~~
C:/rtools40/mingw32/bin/gcc -shared -s -static-libgcc -o HDF5Array.dll tmp.def H5DSetDescriptor.o R_init_HDF5Array.o S4Vectors_stubs.o array_selection.o h5dimscales.o h5mread.o -LC:/Users/BIOCBU~1/BBS-3~1.11-/R/library/Rhdf5lib/lib/i386 -lhdf5_hl -lhdf5 -lszip -lz -lpsapi -LC:/extsoft/lib/i386 -LC:/extsoft/lib -LC:/Users/BIOCBU~1/BBS-3~1.11-/R/bin/i386 -lR
installing to C:/Users/biocbuild/bbs-3.11-bioc/meat/HDF5Array.buildbin-libdir/00LOCK-HDF5Array/00new/HDF5Array/libs/i386
** R
** inst
** byte-compile and prepare package for lazy loading
** help
*** installing help indices
converting help for package 'HDF5Array'
finding HTML links ... done
HDF5Array-class html
Rd warning: C:/Users/biocbuild/bbs-3.11-bioc/tmpdir/RtmpkXYHDe/R.INSTALLeb848183069/HDF5Array/man/HDF5Array-class.Rd:22: file link 'DelayedArray' in package 'DelayedArray' does not exist and so has been treated as a topic
Rd warning: C:/Users/biocbuild/bbs-3.11-bioc/tmpdir/RtmpkXYHDe/R.INSTALLeb848183069/HDF5Array/man/HDF5Array-class.Rd:25: file link 'DelayedArray' in package 'DelayedArray' does not exist and so has been treated as a topic
Rd warning: C:/Users/biocbuild/bbs-3.11-bioc/tmpdir/RtmpkXYHDe/R.INSTALLeb848183069/HDF5Array/man/HDF5Array-class.Rd:43: file link 'type' in package 'DelayedArray' does not exist and so has been treated as a topic
Rd warning: C:/Users/biocbuild/bbs-3.11-bioc/tmpdir/RtmpkXYHDe/R.INSTALLeb848183069/HDF5Array/man/HDF5Array-class.Rd:70: file link 'DelayedMatrix' in package 'DelayedArray' does not exist and so has been treated as a topic
Rd warning: C:/Users/biocbuild/bbs-3.11-bioc/tmpdir/RtmpkXYHDe/R.INSTALLeb848183069/HDF5Array/man/HDF5Array-class.Rd:73: file link 'DelayedArray' in package 'DelayedArray' does not exist and so has been treated as a topic
Rd warning: C:/Users/biocbuild/bbs-3.11-bioc/tmpdir/RtmpkXYHDe/R.INSTALLeb848183069/HDF5Array/man/HDF5Array-class.Rd:76: file link 'DelayedArray' in package 'DelayedArray' does not exist and so has been treated as a topic
Rd warning: C:/Users/biocbuild/bbs-3.11-bioc/tmpdir/RtmpkXYHDe/R.INSTALLeb848183069/HDF5Array/man/HDF5Array-class.Rd:88: file link 'SummarizedExperiment' in package 'SummarizedExperiment' does not exist and so has been treated as a topic
HDF5ArraySeed-class html
Rd warning: C:/Users/biocbuild/bbs-3.11-bioc/tmpdir/RtmpkXYHDe/R.INSTALLeb848183069/HDF5Array/man/HDF5ArraySeed-class.Rd:39: file link 'DelayedArray' in package 'DelayedArray' does not exist and so has been treated as a topic
Rd warning: C:/Users/biocbuild/bbs-3.11-bioc/tmpdir/RtmpkXYHDe/R.INSTALLeb848183069/HDF5Array/man/HDF5ArraySeed-class.Rd:42: file link 'DelayedArray' in package 'DelayedArray' does not exist and so has been treated as a topic
ReshapedHDF5Array-class html
Rd warning: C:/Users/biocbuild/bbs-3.11-bioc/tmpdir/RtmpkXYHDe/R.INSTALLeb848183069/HDF5Array/man/ReshapedHDF5Array-class.Rd:22: file link 'DelayedArray' in package 'DelayedArray' does not exist and so has been treated as a topic
Rd warning: C:/Users/biocbuild/bbs-3.11-bioc/tmpdir/RtmpkXYHDe/R.INSTALLeb848183069/HDF5Array/man/ReshapedHDF5Array-class.Rd:26: file link 'DelayedArray' in package 'DelayedArray' does not exist and so has been treated as a topic
Rd warning: C:/Users/biocbuild/bbs-3.11-bioc/tmpdir/RtmpkXYHDe/R.INSTALLeb848183069/HDF5Array/man/ReshapedHDF5Array-class.Rd:63: file link 'DelayedArray' in package 'DelayedArray' does not exist and so has been treated as a topic
Rd warning: C:/Users/biocbuild/bbs-3.11-bioc/tmpdir/RtmpkXYHDe/R.INSTALLeb848183069/HDF5Array/man/ReshapedHDF5Array-class.Rd:66: file link 'DelayedArray' in package 'DelayedArray' does not exist and so has been treated as a topic
Rd warning: C:/Users/biocbuild/bbs-3.11-bioc/tmpdir/RtmpkXYHDe/R.INSTALLeb848183069/HDF5Array/man/ReshapedHDF5Array-class.Rd:75: file link 'SummarizedExperiment' in package 'SummarizedExperiment' does not exist and so has been treated as a topic
ReshapedHDF5ArraySeed-class html
Rd warning: C:/Users/biocbuild/bbs-3.11-bioc/tmpdir/RtmpkXYHDe/R.INSTALLeb848183069/HDF5Array/man/ReshapedHDF5ArraySeed-class.Rd:36: file link 'DelayedArray' in package 'DelayedArray' does not exist and so has been treated as a topic
Rd warning: C:/Users/biocbuild/bbs-3.11-bioc/tmpdir/RtmpkXYHDe/R.INSTALLeb848183069/HDF5Array/man/ReshapedHDF5ArraySeed-class.Rd:39: file link 'DelayedArray' in package 'DelayedArray' does not exist and so has been treated as a topic
TENxMatrix-class html
Rd warning: C:/Users/biocbuild/bbs-3.11-bioc/tmpdir/RtmpkXYHDe/R.INSTALLeb848183069/HDF5Array/man/TENxMatrix-class.Rd:29: file link 'DelayedMatrix' in package 'DelayedArray' does not exist and so has been treated as a topic
Rd warning: C:/Users/biocbuild/bbs-3.11-bioc/tmpdir/RtmpkXYHDe/R.INSTALLeb848183069/HDF5Array/man/TENxMatrix-class.Rd:33: file link 'DelayedMatrix' in package 'DelayedArray' does not exist and so has been treated as a topic
Rd warning: C:/Users/biocbuild/bbs-3.11-bioc/tmpdir/RtmpkXYHDe/R.INSTALLeb848183069/HDF5Array/man/TENxMatrix-class.Rd:68: file link 'NumericList' in package 'IRanges' does not exist and so has been treated as a topic
Rd warning: C:/Users/biocbuild/bbs-3.11-bioc/tmpdir/RtmpkXYHDe/R.INSTALLeb848183069/HDF5Array/man/TENxMatrix-class.Rd:69: file link 'IntegerList' in package 'IRanges' does not exist and so has been treated as a topic
Rd warning: C:/Users/biocbuild/bbs-3.11-bioc/tmpdir/RtmpkXYHDe/R.INSTALLeb848183069/HDF5Array/man/TENxMatrix-class.Rd:87: file link 'DelayedArray' in package 'DelayedArray' does not exist and so has been treated as a topic
Rd warning: C:/Users/biocbuild/bbs-3.11-bioc/tmpdir/RtmpkXYHDe/R.INSTALLeb848183069/HDF5Array/man/TENxMatrix-class.Rd:89: file link 'DelayedMatrix' in package 'DelayedArray' does not exist and so has been treated as a topic
Rd warning: C:/Users/biocbuild/bbs-3.11-bioc/tmpdir/RtmpkXYHDe/R.INSTALLeb848183069/HDF5Array/man/TENxMatrix-class.Rd:101: file link 'setAutoBPPARAM' in package 'DelayedArray' does not exist and so has been treated as a topic
Rd warning: C:/Users/biocbuild/bbs-3.11-bioc/tmpdir/RtmpkXYHDe/R.INSTALLeb848183069/HDF5Array/man/TENxMatrix-class.Rd:102: file link 'setAutoBlockSize' in package 'DelayedArray' does not exist and so has been treated as a topic
Rd warning: C:/Users/biocbuild/bbs-3.11-bioc/tmpdir/RtmpkXYHDe/R.INSTALLeb848183069/HDF5Array/man/TENxMatrix-class.Rd:105: file link 'colGrid' in package 'DelayedArray' does not exist and so has been treated as a topic
Rd warning: C:/Users/biocbuild/bbs-3.11-bioc/tmpdir/RtmpkXYHDe/R.INSTALLeb848183069/HDF5Array/man/TENxMatrix-class.Rd:113: file link 'NumericList' in package 'IRanges' does not exist and so has been treated as a topic
Rd warning: C:/Users/biocbuild/bbs-3.11-bioc/tmpdir/RtmpkXYHDe/R.INSTALLeb848183069/HDF5Array/man/TENxMatrix-class.Rd:113: file link 'IntegerList' in package 'IRanges' does not exist and so has been treated as a topic
TENxMatrixSeed-class html
Rd warning: C:/Users/biocbuild/bbs-3.11-bioc/tmpdir/RtmpkXYHDe/R.INSTALLeb848183069/HDF5Array/man/TENxMatrixSeed-class.Rd:52: file link 'DelayedMatrix' in package 'DelayedArray' does not exist and so has been treated as a topic
Rd warning: C:/Users/biocbuild/bbs-3.11-bioc/tmpdir/RtmpkXYHDe/R.INSTALLeb848183069/HDF5Array/man/TENxMatrixSeed-class.Rd:55: file link 'DelayedMatrix' in package 'DelayedArray' does not exist and so has been treated as a topic
dump-management html
finding level-2 HTML links ... done
Rd warning: C:/Users/biocbuild/bbs-3.11-bioc/tmpdir/RtmpkXYHDe/R.INSTALLeb848183069/HDF5Array/man/dump-management.Rd:123: file link 'type' in package 'DelayedArray' does not exist and so has been treated as a topic
Rd warning: C:/Users/biocbuild/bbs-3.11-bioc/tmpdir/RtmpkXYHDe/R.INSTALLeb848183069/HDF5Array/man/dump-management.Rd:216: file link 'type' in package 'DelayedArray' does not exist and so has been treated as a topic
h5mread html
Rd warning: C:/Users/biocbuild/bbs-3.11-bioc/tmpdir/RtmpkXYHDe/R.INSTALLeb848183069/HDF5Array/man/h5mread.Rd:63: file link 'h5read' in package 'rhdf5' does not exist and so has been treated as a topic
Rd warning: C:/Users/biocbuild/bbs-3.11-bioc/tmpdir/RtmpkXYHDe/R.INSTALLeb848183069/HDF5Array/man/h5mread.Rd:65: file link 'h5read' in package 'rhdf5' does not exist and so has been treated as a topic
Rd warning: C:/Users/biocbuild/bbs-3.11-bioc/tmpdir/RtmpkXYHDe/R.INSTALLeb848183069/HDF5Array/man/h5mread.Rd:100: file link 'h5read' in package 'rhdf5' does not exist and so has been treated as a topic
Rd warning: C:/Users/biocbuild/bbs-3.11-bioc/tmpdir/RtmpkXYHDe/R.INSTALLeb848183069/HDF5Array/man/h5mread.Rd:102: file link 'type' in package 'DelayedArray' does not exist and so has been treated as a topic
h5mread_from_reshaped html
h5writeDimnames html
saveHDF5SummarizedExperiment html
Rd warning: C:/Users/biocbuild/bbs-3.11-bioc/tmpdir/RtmpkXYHDe/R.INSTALLeb848183069/HDF5Array/man/saveHDF5SummarizedExperiment.Rd:12: file link 'SummarizedExperiment' in package 'SummarizedExperiment' does not exist and so has been treated as a topic
Rd warning: C:/Users/biocbuild/bbs-3.11-bioc/tmpdir/RtmpkXYHDe/R.INSTALLeb848183069/HDF5Array/man/saveHDF5SummarizedExperiment.Rd:30: file link 'SummarizedExperiment' in package 'SummarizedExperiment' does not exist and so has been treated as a topic
Rd warning: C:/Users/biocbuild/bbs-3.11-bioc/tmpdir/RtmpkXYHDe/R.INSTALLeb848183069/HDF5Array/man/saveHDF5SummarizedExperiment.Rd:38: file link 'SummarizedExperiment' in package 'SummarizedExperiment' does not exist and so has been treated as a topic
Rd warning: C:/Users/biocbuild/bbs-3.11-bioc/tmpdir/RtmpkXYHDe/R.INSTALLeb848183069/HDF5Array/man/saveHDF5SummarizedExperiment.Rd:117: file link 'SummarizedExperiment' in package 'SummarizedExperiment' does not exist and so has been treated as a topic
Rd warning: C:/Users/biocbuild/bbs-3.11-bioc/tmpdir/RtmpkXYHDe/R.INSTALLeb848183069/HDF5Array/man/saveHDF5SummarizedExperiment.Rd:132: file link 'TxDb' in package 'GenomicFeatures' does not exist and so has been treated as a topic
Rd warning: C:/Users/biocbuild/bbs-3.11-bioc/tmpdir/RtmpkXYHDe/R.INSTALLeb848183069/HDF5Array/man/saveHDF5SummarizedExperiment.Rd:133: file link 'TxDb' in package 'GenomicFeatures' does not exist and so has been treated as a topic
Rd warning: C:/Users/biocbuild/bbs-3.11-bioc/tmpdir/RtmpkXYHDe/R.INSTALLeb848183069/HDF5Array/man/saveHDF5SummarizedExperiment.Rd:136: file link 'SummarizedExperiment' in package 'SummarizedExperiment' does not exist and so has been treated as a topic
Rd warning: C:/Users/biocbuild/bbs-3.11-bioc/tmpdir/RtmpkXYHDe/R.INSTALLeb848183069/HDF5Array/man/saveHDF5SummarizedExperiment.Rd:185: file link 'SummarizedExperiment' in package 'SummarizedExperiment' does not exist and so has been treated as a topic
Rd warning: C:/Users/biocbuild/bbs-3.11-bioc/tmpdir/RtmpkXYHDe/R.INSTALLeb848183069/HDF5Array/man/saveHDF5SummarizedExperiment.Rd:210: file link 'SummarizedExperiment' in package 'SummarizedExperiment' does not exist and so has been treated as a topic
Rd warning: C:/Users/biocbuild/bbs-3.11-bioc/tmpdir/RtmpkXYHDe/R.INSTALLeb848183069/HDF5Array/man/saveHDF5SummarizedExperiment.Rd:211: file link 'RangedSummarizedExperiment' in package 'SummarizedExperiment' does not exist and so has been treated as a topic
Rd warning: C:/Users/biocbuild/bbs-3.11-bioc/tmpdir/RtmpkXYHDe/R.INSTALLeb848183069/HDF5Array/man/saveHDF5SummarizedExperiment.Rd:218: file link 'saveRDS' in package 'base' does not exist and so has been treated as a topic
writeHDF5Array html
Rd warning: C:/Users/biocbuild/bbs-3.11-bioc/tmpdir/RtmpkXYHDe/R.INSTALLeb848183069/HDF5Array/man/writeHDF5Array.Rd:154: file link 'SummarizedExperiment' in package 'SummarizedExperiment' does not exist and so has been treated as a topic
writeTENxMatrix html
** building package indices
** testing if installed package can be loaded from temporary location
** testing if installed package can be loaded from final location
** testing if installed package keeps a record of temporary installation path
install for x64
* installing *source* package 'HDF5Array' ...
** libs
"C:/rtools40/mingw64/bin/"gcc -I"C:/Users/BIOCBU~1/BBS-3~1.11-/R/include" -DNDEBUG -I'C:/Users/biocbuild/bbs-3.11-bioc/R/library/S4Vectors/include' -I'C:/Users/biocbuild/bbs-3.11-bioc/R/library/Rhdf5lib/include' -I"C:/extsoft/include" -O2 -Wall -std=gnu99 -mfpmath=sse -msse2 -mstackrealign -c H5DSetDescriptor.c -o H5DSetDescriptor.o
H5DSetDescriptor.c: In function '_init_H5DSetDescriptor':
H5DSetDescriptor.c:238:6: warning: 'storage_mode_attr' may be used uninitialized in this function [-Wmaybe-uninitialized]
if (strcmp(storage_mode, "integer") == 0) {
^~~~~~~~~~~~~~~~~~~~~~~~~~~~~~~
H5DSetDescriptor.c:349:17: note: 'storage_mode_attr' was declared here
char *h5name, *storage_mode_attr;
^~~~~~~~~~~~~~~~~
"C:/rtools40/mingw64/bin/"gcc -I"C:/Users/BIOCBU~1/BBS-3~1.11-/R/include" -DNDEBUG -I'C:/Users/biocbuild/bbs-3.11-bioc/R/library/S4Vectors/include' -I'C:/Users/biocbuild/bbs-3.11-bioc/R/library/Rhdf5lib/include' -I"C:/extsoft/include" -O2 -Wall -std=gnu99 -mfpmath=sse -msse2 -mstackrealign -c R_init_HDF5Array.c -o R_init_HDF5Array.o
"C:/rtools40/mingw64/bin/"gcc -I"C:/Users/BIOCBU~1/BBS-3~1.11-/R/include" -DNDEBUG -I'C:/Users/biocbuild/bbs-3.11-bioc/R/library/S4Vectors/include' -I'C:/Users/biocbuild/bbs-3.11-bioc/R/library/Rhdf5lib/include' -I"C:/extsoft/include" -O2 -Wall -std=gnu99 -mfpmath=sse -msse2 -mstackrealign -c S4Vectors_stubs.c -o S4Vectors_stubs.o
"C:/rtools40/mingw64/bin/"gcc -I"C:/Users/BIOCBU~1/BBS-3~1.11-/R/include" -DNDEBUG -I'C:/Users/biocbuild/bbs-3.11-bioc/R/library/S4Vectors/include' -I'C:/Users/biocbuild/bbs-3.11-bioc/R/library/Rhdf5lib/include' -I"C:/extsoft/include" -O2 -Wall -std=gnu99 -mfpmath=sse -msse2 -mstackrealign -c array_selection.c -o array_selection.o
"C:/rtools40/mingw64/bin/"gcc -I"C:/Users/BIOCBU~1/BBS-3~1.11-/R/include" -DNDEBUG -I'C:/Users/biocbuild/bbs-3.11-bioc/R/library/S4Vectors/include' -I'C:/Users/biocbuild/bbs-3.11-bioc/R/library/Rhdf5lib/include' -I"C:/extsoft/include" -O2 -Wall -std=gnu99 -mfpmath=sse -msse2 -mstackrealign -c h5dimscales.c -o h5dimscales.o
"C:/rtools40/mingw64/bin/"gcc -I"C:/Users/BIOCBU~1/BBS-3~1.11-/R/include" -DNDEBUG -I'C:/Users/biocbuild/bbs-3.11-bioc/R/library/S4Vectors/include' -I'C:/Users/biocbuild/bbs-3.11-bioc/R/library/Rhdf5lib/include' -I"C:/extsoft/include" -O2 -Wall -std=gnu99 -mfpmath=sse -msse2 -mstackrealign -c h5mread.c -o h5mread.o
In file included from h5mread.c:14:
h5mread.c: In function 'load_chunk':
h5mread.c:857:23: warning: unknown conversion type character 'l' in format [-Wformat=]
PRINT_TO_ERRMSG_BUF("chunk storage size (%llu) bigger "
^~~~~~~~~~~~~~~~~~~~~~~~~~~~~~~~~~~
HDF5Array.h:9:55: note: in definition of macro 'PRINT_TO_ERRMSG_BUF'
snprintf(_HDF5Array_errmsg_buf(), ERRMSG_BUF_LENGTH, __VA_ARGS__)
^~~~~~~~~~~
h5mread.c:857:46: note: format string is defined here
PRINT_TO_ERRMSG_BUF("chunk storage size (%llu) bigger "
^
In file included from h5mread.c:14:
h5mread.c:857:23: warning: format '%lu' expects argument of type 'long unsigned int', but argument 4 has type 'hsize_t' {aka 'long long unsigned int'} [-Wformat=]
PRINT_TO_ERRMSG_BUF("chunk storage size (%llu) bigger "
^~~~~~~~~~~~~~~~~~~~~~~~~~~~~~~~~~~
h5mread.c:859:9:
chunk_storage_size,
~~~~~~~~~~~~~~~~~~
HDF5Array.h:9:55: note: in definition of macro 'PRINT_TO_ERRMSG_BUF'
snprintf(_HDF5Array_errmsg_buf(), ERRMSG_BUF_LENGTH, __VA_ARGS__)
^~~~~~~~~~~
h5mread.c:858:27: note: format string is defined here
"than expected (%lu + %d)",
~~^
%I64u
In file included from h5mread.c:14:
h5mread.c:857:23: warning: format '%d' expects argument of type 'int', but argument 5 has type 'size_t' {aka 'const long long unsigned int'} [-Wformat=]
PRINT_TO_ERRMSG_BUF("chunk storage size (%llu) bigger "
^~~~~~~~~~~~~~~~~~~~~~~~~~~~~~~~~~~
h5mread.c:860:9:
h5dset->chunk_data_buf_size,
~~~~~~~~~~~~~~~~~~~~~~~~~~~
HDF5Array.h:9:55: note: in definition of macro 'PRINT_TO_ERRMSG_BUF'
snprintf(_HDF5Array_errmsg_buf(), ERRMSG_BUF_LENGTH, __VA_ARGS__)
^~~~~~~~~~~
h5mread.c:858:32: note: format string is defined here
"than expected (%lu + %d)",
~^
%I64d
In file included from h5mread.c:14:
h5mread.c:857:23: warning: too many arguments for format [-Wformat-extra-args]
PRINT_TO_ERRMSG_BUF("chunk storage size (%llu) bigger "
^~~~~~~~~~~~~~~~~~~~~~~~~~~~~~~~~~~
HDF5Array.h:9:55: note: in definition of macro 'PRINT_TO_ERRMSG_BUF'
snprintf(_HDF5Array_errmsg_buf(), ERRMSG_BUF_LENGTH, __VA_ARGS__)
^~~~~~~~~~~
At top level:
h5mread.c:1309:22: warning: 'select_elements_from_chunk' defined but not used [-Wunused-function]
static long long int select_elements_from_chunk(
^~~~~~~~~~~~~~~~~~~~~~~~~~
C:/rtools40/mingw64/bin/gcc -shared -s -static-libgcc -o HDF5Array.dll tmp.def H5DSetDescriptor.o R_init_HDF5Array.o S4Vectors_stubs.o array_selection.o h5dimscales.o h5mread.o -LC:/Users/BIOCBU~1/BBS-3~1.11-/R/library/Rhdf5lib/lib/x64 -lhdf5_hl -lhdf5 -lszip -lz -lpsapi -LC:/extsoft/lib/x64 -LC:/extsoft/lib -LC:/Users/BIOCBU~1/BBS-3~1.11-/R/bin/x64 -lR
installing to C:/Users/biocbuild/bbs-3.11-bioc/meat/HDF5Array.buildbin-libdir/HDF5Array/libs/x64
** testing if installed package can be loaded
* MD5 sums
packaged installation of 'HDF5Array' as HDF5Array_1.16.1.zip
* DONE (HDF5Array)
* installing to library 'C:/Users/biocbuild/bbs-3.11-bioc/R/library'
package 'HDF5Array' successfully unpacked and MD5 sums checked
|
HDF5Array.Rcheck/tests_i386/run_unitTests.Rout
R version 4.0.3 (2020-10-10) -- "Bunny-Wunnies Freak Out"
Copyright (C) 2020 The R Foundation for Statistical Computing
Platform: i386-w64-mingw32/i386 (32-bit)
R is free software and comes with ABSOLUTELY NO WARRANTY.
You are welcome to redistribute it under certain conditions.
Type 'license()' or 'licence()' for distribution details.
R is a collaborative project with many contributors.
Type 'contributors()' for more information and
'citation()' on how to cite R or R packages in publications.
Type 'demo()' for some demos, 'help()' for on-line help, or
'help.start()' for an HTML browser interface to help.
Type 'q()' to quit R.
> require("HDF5Array") || stop("unable to load HDF5Array package")
Loading required package: HDF5Array
Loading required package: DelayedArray
Loading required package: stats4
Loading required package: matrixStats
Loading required package: BiocGenerics
Loading required package: parallel
Attaching package: 'BiocGenerics'
The following objects are masked from 'package:parallel':
clusterApply, clusterApplyLB, clusterCall, clusterEvalQ,
clusterExport, clusterMap, parApply, parCapply, parLapply,
parLapplyLB, parRapply, parSapply, parSapplyLB
The following objects are masked from 'package:stats':
IQR, mad, sd, var, xtabs
The following objects are masked from 'package:base':
Filter, Find, Map, Position, Reduce, anyDuplicated, append,
as.data.frame, basename, cbind, colnames, dirname, do.call,
duplicated, eval, evalq, get, grep, grepl, intersect, is.unsorted,
lapply, mapply, match, mget, order, paste, pmax, pmax.int, pmin,
pmin.int, rank, rbind, rownames, sapply, setdiff, sort, table,
tapply, union, unique, unsplit, which, which.max, which.min
Loading required package: S4Vectors
Attaching package: 'S4Vectors'
The following object is masked from 'package:base':
expand.grid
Loading required package: IRanges
Attaching package: 'IRanges'
The following object is masked from 'package:grDevices':
windows
Attaching package: 'DelayedArray'
The following objects are masked from 'package:matrixStats':
colMaxs, colMins, colRanges, rowMaxs, rowMins, rowRanges
The following objects are masked from 'package:base':
aperm, apply, rowsum
Loading required package: rhdf5
[1] TRUE
> HDF5Array:::.test()
RUNIT TEST PROTOCOL -- Sat Oct 17 05:20:08 2020
***********************************************
Number of test functions: 13
Number of errors: 0
Number of failures: 0
1 Test Suite :
HDF5Array RUnit Tests - 13 test functions, 0 errors, 0 failures
Number of test functions: 13
Number of errors: 0
Number of failures: 0
>
> proc.time()
user system elapsed
20.06 3.09 86.78
|
HDF5Array.Rcheck/tests_x64/run_unitTests.Rout
R version 4.0.3 (2020-10-10) -- "Bunny-Wunnies Freak Out"
Copyright (C) 2020 The R Foundation for Statistical Computing
Platform: x86_64-w64-mingw32/x64 (64-bit)
R is free software and comes with ABSOLUTELY NO WARRANTY.
You are welcome to redistribute it under certain conditions.
Type 'license()' or 'licence()' for distribution details.
R is a collaborative project with many contributors.
Type 'contributors()' for more information and
'citation()' on how to cite R or R packages in publications.
Type 'demo()' for some demos, 'help()' for on-line help, or
'help.start()' for an HTML browser interface to help.
Type 'q()' to quit R.
> require("HDF5Array") || stop("unable to load HDF5Array package")
Loading required package: HDF5Array
Loading required package: DelayedArray
Loading required package: stats4
Loading required package: matrixStats
Loading required package: BiocGenerics
Loading required package: parallel
Attaching package: 'BiocGenerics'
The following objects are masked from 'package:parallel':
clusterApply, clusterApplyLB, clusterCall, clusterEvalQ,
clusterExport, clusterMap, parApply, parCapply, parLapply,
parLapplyLB, parRapply, parSapply, parSapplyLB
The following objects are masked from 'package:stats':
IQR, mad, sd, var, xtabs
The following objects are masked from 'package:base':
Filter, Find, Map, Position, Reduce, anyDuplicated, append,
as.data.frame, basename, cbind, colnames, dirname, do.call,
duplicated, eval, evalq, get, grep, grepl, intersect, is.unsorted,
lapply, mapply, match, mget, order, paste, pmax, pmax.int, pmin,
pmin.int, rank, rbind, rownames, sapply, setdiff, sort, table,
tapply, union, unique, unsplit, which, which.max, which.min
Loading required package: S4Vectors
Attaching package: 'S4Vectors'
The following object is masked from 'package:base':
expand.grid
Loading required package: IRanges
Attaching package: 'IRanges'
The following object is masked from 'package:grDevices':
windows
Attaching package: 'DelayedArray'
The following objects are masked from 'package:matrixStats':
colMaxs, colMins, colRanges, rowMaxs, rowMins, rowRanges
The following objects are masked from 'package:base':
aperm, apply, rowsum
Loading required package: rhdf5
[1] TRUE
> HDF5Array:::.test()
RUNIT TEST PROTOCOL -- Sat Oct 17 05:23:08 2020
***********************************************
Number of test functions: 13
Number of errors: 0
Number of failures: 0
1 Test Suite :
HDF5Array RUnit Tests - 13 test functions, 0 errors, 0 failures
Number of test functions: 13
Number of errors: 0
Number of failures: 0
>
> proc.time()
user system elapsed
21.25 3.78 179.95
|
|
HDF5Array.Rcheck/examples_i386/HDF5Array-Ex.timings
|
HDF5Array.Rcheck/examples_x64/HDF5Array-Ex.timings
|