| Back to Multiple platform build/check report for BioC 3.11 |
|
This page was generated on 2020-10-17 11:58:49 -0400 (Sat, 17 Oct 2020).
| TO THE DEVELOPERS/MAINTAINERS OF THE lumi PACKAGE: Please make sure to use the following settings in order to reproduce any error or warning you see on this page. |
| Package 961/1905 | Hostname | OS / Arch | INSTALL | BUILD | CHECK | BUILD BIN | ||||||
| lumi 2.40.0 Lei Huang
| malbec2 | Linux (Ubuntu 18.04.4 LTS) / x86_64 | OK | OK | WARNINGS | |||||||
| tokay2 | Windows Server 2012 R2 Standard / x64 | OK | OK | WARNINGS | OK | |||||||
| machv2 | macOS 10.14.6 Mojave / x86_64 | OK | OK | [ WARNINGS ] | OK |
| Package: lumi |
| Version: 2.40.0 |
| Command: /Library/Frameworks/R.framework/Versions/Current/Resources/bin/R CMD check --install=check:lumi.install-out.txt --library=/Library/Frameworks/R.framework/Versions/Current/Resources/library --no-vignettes --timings lumi_2.40.0.tar.gz |
| StartedAt: 2020-10-17 02:32:45 -0400 (Sat, 17 Oct 2020) |
| EndedAt: 2020-10-17 02:43:49 -0400 (Sat, 17 Oct 2020) |
| EllapsedTime: 664.8 seconds |
| RetCode: 0 |
| Status: WARNINGS |
| CheckDir: lumi.Rcheck |
| Warnings: 3 |
##############################################################################
##############################################################################
###
### Running command:
###
### /Library/Frameworks/R.framework/Versions/Current/Resources/bin/R CMD check --install=check:lumi.install-out.txt --library=/Library/Frameworks/R.framework/Versions/Current/Resources/library --no-vignettes --timings lumi_2.40.0.tar.gz
###
##############################################################################
##############################################################################
* using log directory ‘/Users/biocbuild/bbs-3.11-bioc/meat/lumi.Rcheck’
* using R version 4.0.3 (2020-10-10)
* using platform: x86_64-apple-darwin17.0 (64-bit)
* using session charset: UTF-8
* using option ‘--no-vignettes’
* checking for file ‘lumi/DESCRIPTION’ ... OK
* checking extension type ... Package
* this is package ‘lumi’ version ‘2.40.0’
* checking package namespace information ... OK
* checking package dependencies ... OK
* checking if this is a source package ... OK
* checking if there is a namespace ... OK
* checking for hidden files and directories ... OK
* checking for portable file names ... OK
* checking for sufficient/correct file permissions ... OK
* checking whether package ‘lumi’ can be installed ... OK
* checking installed package size ... OK
* checking package directory ... OK
* checking DESCRIPTION meta-information ... OK
* checking top-level files ... OK
* checking for left-over files ... OK
* checking index information ... OK
* checking package subdirectories ... OK
* checking R files for non-ASCII characters ... OK
* checking R files for syntax errors ... OK
* checking whether the package can be loaded ... OK
* checking whether the package can be loaded with stated dependencies ... OK
* checking whether the package can be unloaded cleanly ... OK
* checking whether the namespace can be loaded with stated dependencies ... OK
* checking whether the namespace can be unloaded cleanly ... OK
* checking dependencies in R code ... WARNING
'::' or ':::' imports not declared from:
‘IRanges’ ‘bigmemoryExtras’
* checking S3 generic/method consistency ... OK
* checking replacement functions ... OK
* checking foreign function calls ... OK
* checking R code for possible problems ... OK
* checking Rd files ... OK
* checking Rd metadata ... OK
* checking Rd cross-references ... WARNING
Package unavailable to check Rd xrefs: ‘hdrcde’
Missing link or links in documentation object 'lumiN.Rd':
‘[vsn]{vsn}’
See section 'Cross-references' in the 'Writing R Extensions' manual.
* checking for missing documentation entries ... OK
* checking for code/documentation mismatches ... OK
* checking Rd \usage sections ... OK
* checking Rd contents ... OK
* checking for unstated dependencies in examples ... OK
* checking contents of ‘data’ directory ... OK
* checking data for non-ASCII characters ... OK
* checking data for ASCII and uncompressed saves ... OK
* checking files in ‘vignettes’ ... WARNING
Files in the 'vignettes' directory but no files in 'inst/doc':
‘IlluminaAnnotation.R’, ‘IlluminaAnnotation.pdf’, ‘lumi.R’,
‘lumi.pdf’, ‘lumi_VST_evaluation.R’, ‘lumi_VST_evaluation.pdf’,
‘methylationAnalysis.R’, ‘methylationAnalysis.pdf’
Package has no Sweave vignette sources and no VignetteBuilder field.
* checking examples ... OK
Examples with CPU (user + system) or elapsed time > 5s
user system elapsed
lumiMethyStatus 67.591 13.486 81.146
plotGammaFit 5.133 0.911 6.048
getChipInfo 5.400 0.257 5.689
* checking PDF version of manual ... OK
* DONE
Status: 3 WARNINGs
See
‘/Users/biocbuild/bbs-3.11-bioc/meat/lumi.Rcheck/00check.log’
for details.
lumi.Rcheck/00install.out
############################################################################## ############################################################################## ### ### Running command: ### ### /Library/Frameworks/R.framework/Versions/Current/Resources/bin/R CMD INSTALL lumi ### ############################################################################## ############################################################################## * installing to library ‘/Library/Frameworks/R.framework/Versions/4.0/Resources/library’ * installing *source* package ‘lumi’ ... ** using staged installation ** R ** data ** inst ** byte-compile and prepare package for lazy loading No methods found in package ‘RSQLite’ for request: ‘dbListFields’ when loading ‘lumi’ ** help *** installing help indices ** building package indices ** installing vignettes ** testing if installed package can be loaded from temporary location No methods found in package ‘RSQLite’ for request: ‘dbListFields’ when loading ‘lumi’ ** testing if installed package can be loaded from final location No methods found in package ‘RSQLite’ for request: ‘dbListFields’ when loading ‘lumi’ ** testing if installed package keeps a record of temporary installation path * DONE (lumi)
lumi.Rcheck/lumi-Ex.timings
| name | user | system | elapsed | |
| LumiBatch-class | 2.566 | 0.104 | 2.672 | |
| MAplot-methods | 4.721 | 0.069 | 4.797 | |
| addAnnotationInfo | 0.085 | 0.003 | 0.089 | |
| addControlData2lumi | 0.000 | 0.000 | 0.001 | |
| addNuID2lumi | 0.000 | 0.000 | 0.001 | |
| adjColorBias.quantile | 1.813 | 0.087 | 1.903 | |
| adjColorBias.ssn | 0.553 | 0.032 | 0.587 | |
| bgAdjust | 0.109 | 0.004 | 0.113 | |
| bgAdjustMethylation | 0.234 | 0.021 | 0.255 | |
| boxplot-MethyLumiM-methods | 0.712 | 0.010 | 0.723 | |
| boxplot-methods | 0.128 | 0.004 | 0.132 | |
| boxplotColorBias | 0.190 | 0.018 | 0.209 | |
| density-methods | 0.115 | 0.004 | 0.120 | |
| detectOutlier | 0.138 | 0.010 | 0.148 | |
| detectionCall | 0.189 | 0.007 | 0.198 | |
| estimateBeta | 0.242 | 0.005 | 0.249 | |
| estimateIntensity | 0.276 | 0.006 | 0.284 | |
| estimateLumiCV | 0.155 | 0.008 | 0.164 | |
| estimateM | 0.709 | 0.019 | 0.729 | |
| estimateMethylationBG | 0.172 | 0.006 | 0.178 | |
| example.lumi | 0.106 | 0.003 | 0.110 | |
| example.lumiMethy | 0.090 | 0.003 | 0.094 | |
| example.methyTitration | 0.198 | 0.004 | 0.203 | |
| gammaFitEM | 3.973 | 0.725 | 4.703 | |
| getChipInfo | 5.400 | 0.257 | 5.689 | |
| getControlData | 0.002 | 0.001 | 0.003 | |
| getControlProbe | 0.001 | 0.001 | 0.002 | |
| getControlType | 0.001 | 0.001 | 0.001 | |
| getNuIDMappingInfo | 1.714 | 0.067 | 1.783 | |
| hist-methods | 0.133 | 0.004 | 0.137 | |
| id2seq | 0.001 | 0.001 | 0.002 | |
| inverseVST | 1.546 | 0.014 | 1.561 | |
| is.nuID | 0.001 | 0.000 | 0.001 | |
| lumiB | 0.110 | 0.002 | 0.112 | |
| lumiExpresso | 0.327 | 0.008 | 0.334 | |
| lumiMethyB | 0.073 | 0.003 | 0.077 | |
| lumiMethyC | 1.110 | 0.079 | 1.193 | |
| lumiMethyN | 0.119 | 0.003 | 0.122 | |
| lumiMethyStatus | 67.591 | 13.486 | 81.146 | |
| lumiN | 0.568 | 0.019 | 0.587 | |
| lumiQ | 0.368 | 0.024 | 0.394 | |
| lumiR | 0.000 | 0.000 | 0.001 | |
| lumiR.batch | 0.000 | 0.001 | 0.000 | |
| lumiT | 0.410 | 0.019 | 0.433 | |
| methylationCall | 3.801 | 0.766 | 4.570 | |
| normalizeMethylation.quantile | 0.249 | 0.022 | 0.272 | |
| normalizeMethylation.ssn | 0.221 | 0.005 | 0.226 | |
| nuID2EntrezID | 1.412 | 0.049 | 1.461 | |
| nuID2IlluminaID | 4.648 | 0.038 | 4.689 | |
| nuID2RefSeqID | 1.529 | 0.029 | 1.560 | |
| nuID2probeID | 4.723 | 0.039 | 4.765 | |
| nuID2targetID | 4.494 | 0.019 | 4.516 | |
| pairs-methods | 1.061 | 0.094 | 1.156 | |
| plot-methods | 2.208 | 0.042 | 2.258 | |
| plotCDF | 0.178 | 0.014 | 0.230 | |
| plotColorBias1D | 0.380 | 0.013 | 0.394 | |
| plotColorBias2D | 0.292 | 0.007 | 0.300 | |
| plotControlData | 0.001 | 0.001 | 0.001 | |
| plotDensity | 0.151 | 0.004 | 0.156 | |
| plotGammaFit | 5.133 | 0.911 | 6.048 | |
| plotHousekeepingGene | 0.002 | 0.001 | 0.002 | |
| plotSampleRelation | 1.038 | 0.006 | 1.046 | |
| plotStringencyGene | 0.001 | 0.001 | 0.002 | |
| plotVST | 0.406 | 0.038 | 0.447 | |
| probeID2nuID | 4.551 | 0.026 | 4.582 | |
| produceGEOPlatformFile | 0.000 | 0.000 | 0.001 | |
| produceGEOSubmissionFile | 0 | 0 | 0 | |
| produceMethylationGEOSubmissionFile | 0.000 | 0.001 | 0.001 | |
| seq2id | 0.001 | 0.001 | 0.001 | |
| targetID2nuID | 4.524 | 0.023 | 4.550 | |
| vst | 0.251 | 0.006 | 0.258 | |