Back to the "Multiple platform build/check report"
| IMPORTANT NOTE: R was configured with --enable-strict-barrier on lamb1 |
| Package 153/247 | Hostname | OS | Arch | BUILD | CHECK | BUILD BIN |
nudge1.5.1N. DeanLast Changed Date: 2007-04-19 15:27:45 -0700 Last Changed Rev: 24052 | lamb1 | Linux (SUSE 10.1) | x86_64 | OK | [ ERROR ] | |
| wellington | Linux (SUSE 9.2) | i686 | OK | ERROR | ||
| liverpool | Windows Server 2003 R2 (32-bit) | x64 | OK | ERROR | OK | |
| pitt | Mac OS X (10.4.10) | i386 | OK | ERROR | OK |
| Package: nudge |
| Version: 1.5.1 |
| Command: /home/biocbuild/bbs-2.1-bioc/R/bin/R CMD check nudge_1.5.1.tar.gz |
| RetCode: 1 |
| Time: 1.5 seconds |
| Status: ERROR |
| CheckDir: nudge.Rcheck |
| Warnings: NA |
* checking for working latex ... OK * using log directory '/home/biocbuild/bbs-2.1-bioc/meat/nudge.Rcheck' * using R version 2.6.0 Under development (unstable) (2007-08-06 r42439) * checking for file 'nudge/DESCRIPTION' ... OK * this is package 'nudge' version '1.5.1' * checking package dependencies ... ERROR Former standard packages required but now defunct: modreg See the information on DESCRIPTION files in the chapter 'Creating R packages' of the 'Writing R Extensions' manual.