Back to the "Multiple platform build/check report"
| IMPORTANT NOTE: R was configured with --enable-strict-barrier on lamb1 |
| Package 106/247 | Hostname | OS | Arch | BUILD | CHECK | BUILD BIN |
gtkWidgets0.11.0Jianhua ZhangLast Changed Date: 2007-08-01 13:23:31 -0700 Last Changed Rev: 26107 | lamb1 | Linux (SUSE 10.1) | x86_64 | OK | WARNINGS | |
| wellington | Linux (SUSE 9.2) | i686 | OK | [ WARNINGS ] | ||
| liverpool | Windows Server 2003 R2 (32-bit) | x64 | OK | ERROR | OK | |
| pitt | Mac OS X (10.4.10) | i386 | OK | WARNINGS | OK |
| Package: gtkWidgets |
| Version: 0.11.0 |
| Command: /loc/biocbuild/bbs-2.1-bioc/R/bin/R CMD check gtkWidgets_0.11.0.tar.gz |
| RetCode: 0 |
| Time: 89.3 seconds |
| Status: WARNINGS |
| CheckDir: gtkWidgets.Rcheck |
| Warnings: 1 |
* checking for working latex ... OK * using log directory '/extra/loc/biocbuild/bbs-2.1-bioc/meat/gtkWidgets.Rcheck' * using R version 2.6.0 Under development (unstable) (2007-08-06 r42439) * checking for file 'gtkWidgets/DESCRIPTION' ... OK * this is package 'gtkWidgets' version '0.11.0' * checking package dependencies ... OK * checking if this is a source package ... OK * checking whether package 'gtkWidgets' can be installed ... OK * checking package directory ... OK * checking for portable file names ... OK * checking for sufficient/correct file permissions ... OK * checking DESCRIPTION meta-information ... OK * checking top-level files ... OK * checking index information ... OK * checking package subdirectories ... OK * checking R files for non-ASCII characters ... OK * checking R files for syntax errors ... OK * checking whether the package can be loaded ... OK * checking whether the package can be loaded with stated dependencies ... OK * checking for unstated dependencies in R code ... WARNING 'library' or 'require' calls not declared from: tools See the information on DESCRIPTION files in the chapter 'Creating R packages' of the 'Writing R Extensions' manual. * checking S3 generic/method consistency ... OK * checking replacement functions ... OK * checking foreign function calls ... OK * checking R code for possible problems ... NOTE .applyGSubSet: no visible global function definition for 'widgetInvoke' DPExplorer : getSelectionBox: no visible binding for '<<-' assignment to 'selected' .getOpen4ExprSet: no visible binding for global variable 'newMWidget' .getVigBox : <anonymous>: no visible binding for '<<-' assignment to 'pkgName' .getVigBox : <anonymous>: no visible binding for '<<-' assignment to 'vigPath' .getVigBox : <anonymous>: no visible binding for global variable 'pkgName' .getVigBox : <anonymous>: no visible binding for global variable 'vigPath' objectBrowser : goin: no visible binding for global variable 'listView' objectBrowser : goin: no visible binding for global variable 'selectedObj' .setViewItems: no visible binding for global variable 'bicmwidget' .viewPDF: no visible binding for global variable 'no' * checking Rd files ... OK * checking Rd cross-references ... OK * checking for missing documentation entries ... OK * checking for code/documentation mismatches ... OK * checking Rd \usage sections ... OK * creating gtkWidgets-Ex.R ... OK * checking examples ... OK * creating gtkWidgets-manual.tex ... OK * checking gtkWidgets-manual.tex ... OK WARNING: There was 1 warning, see /extra/loc/biocbuild/bbs-2.1-bioc/meat/gtkWidgets.Rcheck/00check.log for details
gtkWidgets.Rcheck/00install.out:
* Installing *source* package 'gtkWidgets' ...
** R
** inst
** preparing package for lazy loading
Loading required package: DynDoc
** help
>>> Building/Updating help pages for package 'gtkWidgets'
Formats: text html latex example
DPExplorer text html latex example
bioCMenu-class text html latex example
edgeTrimmer text html latex example
getCListWithVHScroll text html latex example
menuItem-class text html latex example
objectBrowser text html latex example
subExprSet text html latex example
vExplorer text html latex example
** building package indices ...
* DONE (gtkWidgets)