Back to the "Multiple platform build/check report"
| IMPORTANT NOTE: R was configured with --enable-strict-barrier on lamb1 |
| Package 106/247 | Hostname | OS | Arch | BUILD | CHECK | BUILD BIN |
gtkWidgets0.11.0Jianhua ZhangLast Changed Date: 2007-08-01 13:23:31 -0700 Last Changed Rev: 26107 | lamb1 | Linux (SUSE 10.1) | x86_64 | OK | WARNINGS | |
| wellington | Linux (SUSE 9.2) | i686 | OK | WARNINGS | ||
| liverpool | Windows Server 2003 R2 (32-bit) | x64 | OK | [ ERROR ] | OK | |
| pitt | Mac OS X (10.4.10) | i386 | OK | WARNINGS | OK |
| Package: gtkWidgets |
| Version: 0.11.0 |
| Command: E:\biocbld\bbs-2.1-bioc\R\bin\R.exe CMD check gtkWidgets_0.11.0.tar.gz |
| RetCode: 1 |
| Time: 1.7 seconds |
| Status: ERROR |
| CheckDir: gtkWidgets.Rcheck |
| Warnings: NA |
* checking for working latex ... OK * using log directory 'E:/biocbld/bbs-2.1-bioc/meat/gtkWidgets.Rcheck' * using R version 2.6.0 Under development (unstable) (2007-08-06 r42439) * checking for file 'gtkWidgets/DESCRIPTION' ... OK * this is package 'gtkWidgets' version '0.11.0' * checking package dependencies ... ERROR Packages required but not available: gtkDevice RGtk See the information on DESCRIPTION files in the chapter 'Creating R packages' of the 'Writing R Extensions' manual.