Back to the "Multiple platform build/check report"
| NOTES: (1) a maintainance reboot of lemming prevented these builds to complete on this machine (2) these are the last builds with R 2.6.0 (2007-06-03 r41797) on lamb1 and lemming, next builds will be with R 2.6.0 (2007-06-10 r41908) configured with --enable-strict-barrier |
| Package 66/238 | Hostname | OS | Arch | BUILD | CHECK | BUILD BIN |
exonmap1.1.06Michal OkoniewskiLast Changed Date: 2007-05-25 03:36:45 -0700 Last Changed Rev: 24982 | lamb1 | Linux (SUSE 10.1) | x86_64 | OK | OK | |
| wellington | Linux (SUSE 9.2) | i686 | OK | ERROR | ||
| churchill | Solaris 2.9 | sparc | OK | ERROR | ||
| lemming | Windows Server 2003 (32-bit) | x64 | OK | [ ERROR ] | skipped |
| Package: exonmap |
| Version: 1.1.06 |
| Command: D:\biocbld\bbs-2.1-bioc\R\bin\R.exe CMD check exonmap_1.1.06.tar.gz |
| RetCode: 1 |
| Time: 7.5 seconds |
| Status: ERROR |
| CheckDir: exonmap.Rcheck |
| Warnings: NA |
* checking for working latex ... OK * using log directory 'D:/biocbld/bbs-2.1-bioc/meat/exonmap.Rcheck' * using R version 2.6.0 Under development (unstable) (2007-06-03 r41797) * checking for file 'exonmap/DESCRIPTION' ... OK * this is package 'exonmap' version '1.1.06' * checking package dependencies ... ERROR Packages required but not available: RMySQL See the information on DESCRIPTION files in the chapter 'Creating R packages' of the 'Writing R Extensions' manual.