Back to the "Multiple platform build/check report"
| NOTES: (1) a maintainance reboot of lemming prevented these builds to complete on this machine (2) these are the last builds with R 2.6.0 (2007-06-03 r41797) on lamb1 and lemming, next builds will be with R 2.6.0 (2007-06-10 r41908) configured with --enable-strict-barrier |
| Package 13/238 | Hostname | OS | Arch | BUILD | CHECK | BUILD BIN |
affyQCReport1.15.2Craig ParmanLast Changed Date: 2007-05-18 08:50:21 -0700 Last Changed Rev: 24803 | lamb1 | Linux (SUSE 10.1) | x86_64 | OK | OK | |
| wellington | Linux (SUSE 9.2) | i686 | OK | OK | ||
| churchill | Solaris 2.9 | sparc | OK | OK | ||
| lemming | Windows Server 2003 (32-bit) | x64 | [ ERROR ] | skipped | skipped |
| Package: affyQCReport |
| Version: 1.15.2 |
| Command: D:\biocbld\bbs-2.1-bioc\R\bin\R.exe CMD build affyQCReport |
| RetCode: 1 |
| Time: 14.5 seconds |
| Status: ERROR |
| PackageFile: None |
* checking for file 'affyQCReport/DESCRIPTION' ... OK
* preparing 'affyQCReport':
* checking DESCRIPTION meta-information ... OK
* installing the package to re-build vignettes
installing R.css in D:/biocbld/bbs-2.1-bioc/tmpdir/Rinst807683541
---------- Making package affyQCReport ------------
adding build stamp to DESCRIPTION
installing R files
installing inst files
installing man source files
installing indices
installing help
>>> Building/Updating help pages for package 'affyQCReport'
Formats: text html latex example chm
QCReport text html latex example chm
affyQAReport text html latex example chm
borderQC1 text html latex example chm
borderQC2 text html latex example chm
correlationPlot text html latex example chm
signalDist text html latex example chm
titlePage text html latex example chm
Microsoft HTML Help Compiler 4.74.8702
Compiling d:\biocbld\bbs-2.1-bioc\meat\affyQCReport\chm\affyQCReport.chm
Compile time: 0 minutes, 0 seconds
8 Topics
29 Local links
0 Internet links
1 Graphic
Created d:\biocbld\bbs-2.1-bioc\meat\affyQCReport\chm\affyQCReport.chm, 27,141 bytes
Compression decreased file by 6,141 bytes.
adding MD5 sums
* DONE (affyQCReport)
* creating vignettes ... ERROR
Loading required package: Biobase
Welcome to Bioconductor
Vignettes contain introductory material. To view, type
'openVignette()'. To cite Bioconductor, see
'citation("Biobase")' and for packages 'citation(pkgname)'.
Loading required package: affy
Loading required package: affyio
Loading required package: preprocessCore
Loading required package: simpleaffy
Loading required package: genefilter
Loading required package: survival
Loading required package: splines
Loading required package: xtable
Loading required package: affyPLM
Error: processing vignette 'affyQCReport.Rnw' failed with diagnostics:
chunk 1
Error : package 'affyPLM' could not be loaded
In addition: Warning message:
In library(pkg, character.only = TRUE, logical.return = TRUE, lib.loc = lib.loc) :
there is no package called 'affyPLM'
Execution halted