Back to the "Multiple platform build/check report"
| NOTES: (1) a maintainance reboot of lemming prevented these builds to complete on this machine (2) these are the last builds with R 2.6.0 (2007-06-03 r41797) on lamb1 and lemming, next builds will be with R 2.6.0 (2007-06-10 r41908) configured with --enable-strict-barrier |
| Package 187/238 | Hostname | OS | Arch | BUILD | CHECK | BUILD BIN |
RefPlus1.5.0Kai-Ming ChangLast Changed Date: 2007-04-24 11:31:42 -0700 Last Changed Rev: 24217 | lamb1 | Linux (SUSE 10.1) | x86_64 | OK | OK | |
| wellington | Linux (SUSE 9.2) | i686 | OK | OK | ||
| churchill | Solaris 2.9 | sparc | OK | OK | ||
| lemming | Windows Server 2003 (32-bit) | x64 | [ ERROR ] | skipped | skipped |
| Package: RefPlus |
| Version: 1.5.0 |
| Command: D:\biocbld\bbs-2.1-bioc\R\bin\R.exe CMD build RefPlus |
| RetCode: 1 |
| Time: 12.5 seconds |
| Status: ERROR |
| PackageFile: None |
* checking for file 'RefPlus/DESCRIPTION' ... OK
* preparing 'RefPlus':
* checking DESCRIPTION meta-information ... OK
* checking whether 'INDEX' is up-to-date ... NO
* use '--force' to overwrite the existing 'INDEX'
* installing the package to re-build vignettes
installing R.css in D:/biocbld/bbs-2.1-bioc/tmpdir/Rinst53232809
---------- Making package RefPlus ------------
adding build stamp to DESCRIPTION
installing R files
installing inst files
installing man source files
installing indices
installing help
>>> Building/Updating help pages for package 'RefPlus'
Formats: text html latex example chm
RefPlus-package text html latex example chm
colMedians text html latex example chm
normalize.quantiles2 text html latex example chm
rma.para text html latex example chm
rmaplus text html latex example chm
rmaref.predict text html latex example chm
Microsoft HTML Help Compiler 4.74.8702
Compiling d:\biocbld\bbs-2.1-bioc\meat\RefPlus\chm\RefPlus.chm
Compile time: 0 minutes, 1 second
7 Topics
19 Local links
0 Internet links
1 Graphic
Created d:\biocbld\bbs-2.1-bioc\meat\RefPlus\chm\RefPlus.chm, 21,106 bytes
Compression decreased file by 2,065 bytes.
adding MD5 sums
* DONE (RefPlus)
* creating vignettes ... ERROR
Loading required package: Biobase
Welcome to Bioconductor
Vignettes contain introductory material. To view, type
'openVignette()'. To cite Bioconductor, see
'citation("Biobase")' and for packages 'citation(pkgname)'.
Loading required package: affy
Loading required package: affyio
Loading required package: preprocessCore
Error: processing vignette 'RefPlus.Rnw' failed with diagnostics:
chunk 1
Error : package 'affyPLM' required by 'RefPlus' could not be found
Execution halted