Back to the "Multiple platform build/check report"
| NOTES: (1) a maintainance reboot of lemming prevented these builds to complete on this machine (2) these are the last builds with R 2.6.0 (2007-06-03 r41797) on lamb1 and lemming, next builds will be with R 2.6.0 (2007-06-10 r41908) configured with --enable-strict-barrier |
| Package 101/238 | Hostname | OS | Arch | BUILD | CHECK | BUILD BIN |
GSEABase0.1.9Biocore TeamLast Changed Date: 2007-06-07 12:42:25 -0700 Last Changed Rev: 25261 | lamb1 | Linux (SUSE 10.1) | x86_64 | OK | ERROR | |
| wellington | Linux (SUSE 9.2) | i686 | OK | ERROR | ||
| churchill | Solaris 2.9 | sparc | OK | ERROR | ||
| lemming | Windows Server 2003 (32-bit) | x64 | OK | [ ERROR ] | skipped |
| Package: GSEABase |
| Version: 0.1.9 |
| Command: D:\biocbld\bbs-2.1-bioc\R\bin\R.exe CMD check GSEABase_0.1.9.tar.gz |
| RetCode: 1 |
| Time: 10.5 seconds |
| Status: ERROR |
| CheckDir: GSEABase.Rcheck |
| Warnings: NA |
* checking for working latex ... OK * using log directory 'D:/biocbld/bbs-2.1-bioc/meat/GSEABase.Rcheck' * using R version 2.6.0 Under development (unstable) (2007-06-03 r41797) * checking for file 'GSEABase/DESCRIPTION' ... OK * checking extension type ... Package * this is package 'GSEABase' version '0.1.9' * checking package name space information ... OK * checking package dependencies ... OK * checking if this is a source package ... OK * checking whether package 'GSEABase' can be installed ... ERROR Installation failed. See 'D:/biocbld/bbs-2.1-bioc/meat/GSEABase.Rcheck/00install.out' for details.
GSEABase.Rcheck/00install.out:
installing R.css in D:/biocbld/bbs-2.1-bioc/meat/GSEABase.Rcheck
---------- Making package GSEABase ------------
adding build stamp to DESCRIPTION
installing NAMESPACE file and metadata
installing R files
preparing package GSEABase for lazy loading
Loading required package: Biobase
Loading required package: tools
Welcome to Bioconductor
Vignettes contain introductory material. To view, type
'openVignette()'. To cite Bioconductor, see
'citation("Biobase")' and for packages 'citation(pkgname)'.
Error: package 'XML' 1.7-1 was found, but >= 1.7.3 is required by 'GSEABase'
Execution halted
make[2]: *** [lazyload] Error 1
make[1]: *** [all] Error 2
make: *** [pkg-GSEABase] Error 2
*** Installation of GSEABase failed ***
Removing 'D:/biocbld/bbs-2.1-bioc/meat/GSEABase.Rcheck/GSEABase'