Back to the "Multiple platform build/check report"
| Package 123/234 | Hostname | OS | Arch | BUILD | CHECK | BUILD BIN |
maDB1.9.3Johannes RainerLast Changed Date: 2007-05-17 02:16:45 -0700 Last Changed Rev: 24756 | lamb1 | Linux (SUSE 10.1) | x86_64 | OK | OK | |
| wellington | Linux (SUSE 9.2) | i686 | OK | OK | ||
| churchill | Solaris 2.9 | sparc | OK | ERROR | ||
| lemming | Windows Server 2003 (32-bit) | x64 | OK | [ ERROR ] | ERROR |
| Package: maDB |
| Version: 1.9.3 |
| Command: D:\biocbld\bbs-2.1-bioc\R\bin\R.exe CMD check maDB_1.9.3.tar.gz |
| RetCode: 1 |
| Time: 8.5 seconds |
| Status: ERROR |
| CheckDir: maDB.Rcheck |
| Warnings: NA |
* checking for working latex ... OK * using log directory 'D:/biocbld/bbs-2.1-bioc/meat/maDB.Rcheck' * using R version 2.6.0 Under development (unstable) (2007-04-17 r41210) * checking for file 'maDB/DESCRIPTION' ... OK * this is package 'maDB' version '1.9.3' * checking package dependencies ... ERROR Packages required but not available: pgUtils See the information on DESCRIPTION files in the chapter 'Creating R packages' of the 'Writing R Extensions' manual.