Back to the "Multiple platform build/check report"
| Package 141/208 | OS | Arch | BUILD | CHECK | BUILD BIN |
pathRender1.3.0Li Long | Linux (SUSE 9.2) | x86_64 | OK | OK | |
| Linux (SUSE 10.1) | x86_64 | OK | OK | ||
| Linux (SUSE 9.2) | i686 | OK | [ ERROR ] | ||
| Solaris 2.9 | sparc | OK | ERROR | ||
| Windows Server 2003 | x86_64 | OK | ERROR | ERROR | |
| Windows Server 2003 | NA | OK | ERROR | ERROR | |
| Mac OS X (10.4.6) | i686 | OK | ERROR |
| Package: pathRender |
| Version: 1.3.0 |
| Command: /loc/biocbuild/2.0d/R/bin/R CMD check pathRender_1.3.0.tar.gz |
| RetCode: 1 |
| Time: 20.8 seconds |
| Status: ERROR |
| CheckDir: pathRender.Rcheck |
| Warnings: NA |
* checking for working latex ... OK * using log directory '/extra/loc/biocbuild/2.0d/Rpacks/pathRender.Rcheck' * using R version 2.5.0 Under development (unstable) (2006-12-05 r40126) * checking for file 'pathRender/DESCRIPTION' ... OK * this is package 'pathRender' version '1.3.0' * checking package dependencies ... OK * checking if this is a source package ... OK * checking whether package 'pathRender' can be installed ... ERROR Installation failed. See '/extra/loc/biocbuild/2.0d/Rpacks/pathRender.Rcheck/00install.out' for details.
pathRender.Rcheck/00install.out:
* Installing *source* package 'pathRender' ...
** R
** save image
Loading required package: graph
Loading required package: Rgraphviz
Loading required package: geneplotter
Loading required package: annotate
Loading required package: Biobase
Loading required package: tools
Welcome to Bioconductor
Vignettes contain introductory material. To view, type
'openVignette()' or start with 'help(Biobase)'. For details
on reading vignettes, see the openVignette help page.
Loading required package: lattice
KernSmooth 2.22 installed
Copyright M. P. Wand 1997
Error in dyn.load(x, as.logical(local), as.logical(now)) :
unable to load shared library '/loc/biocbuild/2.0d/R/library/Rgraphviz/libs/Rgraphviz.so':
/loc/biocbuild/2.0d/R/library/Rgraphviz/libs/Rgraphviz.so: undefined symbol: gvRenderFilename
Error: .onLoad failed in 'loadNamespace' for 'Rgraphviz'
Error: package 'Rgraphviz' could not be loaded
Execution halted
ERROR: execution of package source for 'pathRender' failed
** Removing '/extra/loc/biocbuild/2.0d/Rpacks/pathRender.Rcheck/pathRender'