Back to the "Multiple platform build/check report"
| Package 101/187 | OS | Arch | BUILD | CHECK | BUILD BIN |
makePlatformDesign0.99.8Benilton Carvalho | Linux (SUSE 9.2) | x86_64 | OK | WARNINGS | |
| Linux (SUSE 9.2) | i686 | OK | WARNINGS | ||
| Solaris 2.9 | sparc | OK | WARNINGS | ||
| Linux (SUSE 10.0) | x86_64 | OK | WARNINGS | ||
| Windows Server 2003 | x86_64 | OK | [ WARNINGS ] | OK |
| Package: makePlatformDesign |
| Version: 0.99.8 |
| Command: D:\biocbld\1.9d\R\bin\R.exe CMD check makePlatformDesign_0.99.8.tar.gz |
| RetCode: 0 |
| Time: 47.5 seconds |
| Status: WARNINGS |
| CheckDir: makePlatformDesign.Rcheck |
| Warnings: 1 |
* checking for working latex ... OK
* using log directory 'D:/biocbld/1.9d/Rpacks/makePlatformDesign.Rcheck'
* using R version 2.4.0 Under development (unstable) (2006-06-04 r38279)
* checking for file 'makePlatformDesign/DESCRIPTION' ... OK
* this is package 'makePlatformDesign' version '0.99.8'
* checking package dependencies ... OK
* checking if this is a source package ... OK
* checking whether package 'makePlatformDesign' can be installed ... OK
* checking package directory ... OK
* checking for portable file names ... OK
* checking DESCRIPTION meta-information ... OK
* checking top-level files ... OK
* checking index information ... OK
* checking package subdirectories ... OK
* checking R files for syntax errors ... OK
* checking R files for non-ASCII characters ... OK
* checking R files for library.dynam ... OK
* checking S3 generic/method consistency ... OK
* checking replacement functions ... OK
* checking foreign function calls ... OK
* checking Rd files ... OK
* checking for missing documentation entries ... OK
* checking for code/documentation mismatches ... WARNING
Codoc mismatches from documentation object 'makePDpackage':
makePDpackage
Code: function(designFile, file1 = NULL, file2 = NULL, manufacturer =
c("affymetrix", "nimblegen"), type = c("expression",
"SNP", "tiling"), extra = NULL, genomebuild = "hg12")
Docs: function(designFile, file1 = NULL, file2 = NULL, manufacturer =
c("affymetrix", "nimblegen"), type = c("expression",
"SNP", "tiling"), extra = NULL)
* checking Rd \usage sections ... OK
* checking for CRLF line endings in C/C++/Fortran sources/headers ... OK
* creating makePlatformDesign-Ex.R ... OK
* checking examples ... OK
* creating makePlatformDesign-manual.tex ... OK
* checking makePlatformDesign-manual.tex ... OK
WARNING: There was 1 warning, see
D:/biocbld/1.9d/Rpacks/makePlatformDesign.Rcheck/00check.log
for details
makePlatformDesign.Rcheck/00install.out:
installing R.css in D:/biocbld/1.9d/Rpacks/makePlatformDesign.Rcheck
---------- Making package makePlatformDesign ------------
adding build stamp to DESCRIPTION
making DLL ...
making main.d from main.c
making strutils.d from strutils.c
gcc -Id:/biocbld/1.9d/R/include -Wall -O2 -c main.c -o main.o
main.c: In function `strstr_with_pmormm':
main.c:70: warning: suggest parentheses around assignment used as truth value
main.c:87: warning: suggest parentheses around assignment used as truth value
main.c: In function `MP_matchprobes':
main.c:111: warning: 'rvpos' might be used uninitialized in this function
gcc -Id:/biocbld/1.9d/R/include -Wall -O2 -c strutils.c -o strutils.o
strutils.c:242:1: warning: "/*" within comment
windres --include-dir d:/biocbld/1.9d/R/include -i makePlatformDesign_res.rc -o makePlatformDesign_res.o
gcc -shared -s -o makePlatformDesign.dll makePlatformDesign.def main.o strutils.o makePlatformDesign_res.o -Ld:/biocbld/1.9d/R/bin -lR
... DLL made
installing DLL
installing R files
installing inst files
installing man source files
installing indices
installing help
>>> Building/Updating help pages for package 'makePlatformDesign'
Formats: text html latex example chm
makePDpackage text html latex example chm
makePlatformDesign-internal text html latex chm
Microsoft HTML Help Compiler 4.74.8702
Compiling d:\biocbld\1.9d\Rpacks\makePlatformDesign.Rcheck\00_pkg_src\makePlatformDesign\chm\makePlatformDesign.chm
Compile time: 0 minutes, 1 second
3 Topics
35 Local links
0 Internet links
1 Graphic
Created d:\biocbld\1.9d\Rpacks\makePlatformDesign.Rcheck\00_pkg_src\makePlatformDesign\chm\makePlatformDesign.chm, 18,517 bytes
Compression decreased file by 1,493 bytes.
preparing package makePlatformDesign for lazy loading
adding MD5 sums
* DONE (makePlatformDesign)