Back to the "Multiple platform build/check report"
| Package 101/187 | OS | Arch | BUILD | CHECK | BUILD BIN |
makePlatformDesign0.99.8Benilton Carvalho | Linux (SUSE 9.2) | x86_64 | OK | [ WARNINGS ] | |
| Linux (SUSE 9.2) | i686 | OK | WARNINGS | ||
| Solaris 2.9 | sparc | OK | WARNINGS | ||
| Linux (SUSE 10.0) | x86_64 | OK | WARNINGS | ||
| Windows Server 2003 | x86_64 | OK | WARNINGS | OK |
| Package: makePlatformDesign |
| Version: 0.99.8 |
| Command: /loc/biocbuild/1.9d/R/bin/R CMD check makePlatformDesign_0.99.8.tar.gz |
| RetCode: 0 |
| Time: 49.8 seconds |
| Status: WARNINGS |
| CheckDir: makePlatformDesign.Rcheck |
| Warnings: 1 |
* checking for working latex ... OK
* using log directory '/loc/biocbuild/1.9d/Rpacks/makePlatformDesign.Rcheck'
* using R version 2.4.0 Under development (unstable) (2006-06-04 r38279)
* checking for file 'makePlatformDesign/DESCRIPTION' ... OK
* this is package 'makePlatformDesign' version '0.99.8'
* checking package dependencies ... OK
* checking if this is a source package ... OK
* checking whether package 'makePlatformDesign' can be installed ... OK
* checking package directory ... OK
* checking for portable file names ... OK
* checking for sufficient/correct file permissions ... OK
* checking DESCRIPTION meta-information ... OK
* checking top-level files ... OK
* checking index information ... OK
* checking package subdirectories ... OK
* checking R files for syntax errors ... OK
* checking R files for non-ASCII characters ... OK
* checking R files for library.dynam ... OK
* checking S3 generic/method consistency ... OK
* checking replacement functions ... OK
* checking foreign function calls ... OK
* checking Rd files ... OK
* checking for missing documentation entries ... OK
* checking for code/documentation mismatches ... WARNING
Codoc mismatches from documentation object 'makePDpackage':
makePDpackage
Code: function(designFile, file1 = NULL, file2 = NULL, manufacturer =
c("affymetrix", "nimblegen"), type = c("expression",
"SNP", "tiling"), extra = NULL, genomebuild = "hg12")
Docs: function(designFile, file1 = NULL, file2 = NULL, manufacturer =
c("affymetrix", "nimblegen"), type = c("expression",
"SNP", "tiling"), extra = NULL)
* checking Rd \usage sections ... OK
* checking for CRLF line endings in C/C++/Fortran sources/headers ... OK
* creating makePlatformDesign-Ex.R ... OK
* checking examples ... OK
* creating makePlatformDesign-manual.tex ... OK
* checking makePlatformDesign-manual.tex ... OK
WARNING: There was 1 warning, see
/loc/biocbuild/1.9d/Rpacks/makePlatformDesign.Rcheck/00check.log
for details
makePlatformDesign.Rcheck/00install.out:
* Installing *source* package 'makePlatformDesign' ...
** libs
gcc -I/loc/biocbuild/1.9d/R/include -I/loc/biocbuild/1.9d/R/include -I/usr/local/include -fpic -g -O2 -std=gnu99 -Wall -c main.c -o main.o
main.c: In function `strstr_with_pmormm':
main.c:70: warning: suggest parentheses around assignment used as truth value
main.c:87: warning: suggest parentheses around assignment used as truth value
main.c: In function `MP_matchprobes':
main.c:111: warning: `rvpos' might be used uninitialized in this function
gcc -I/loc/biocbuild/1.9d/R/include -I/loc/biocbuild/1.9d/R/include -I/usr/local/include -fpic -g -O2 -std=gnu99 -Wall -c strutils.c -o strutils.o
strutils.c:242:1: warning: "/*" within comment
strutils.c: In function `MP_longestConsecutive':
strutils.c:259: warning: int format, different type arg (arg 3)
gcc -shared -L/usr/local/lib64 -o makePlatformDesign.so main.o strutils.o
** R
** inst
** preparing package for lazy loading
Loading required package: affyio
** help
>>> Building/Updating help pages for package 'makePlatformDesign'
Formats: text html latex example
makePDpackage text html latex example
makePlatformDesign-internal text html latex
** building package indices ...
* DONE (makePlatformDesign)