Back to Multiple platform build/check report for BioC 3.22:   simplified   long
ABCDEFGHIJKLMNOPQR[S]TUVWXYZ

This page was generated on 2025-10-31 12:03 -0400 (Fri, 31 Oct 2025).

HostnameOSArch (*)R versionInstalled pkgs
nebbiolo2Linux (Ubuntu 24.04.3 LTS)x86_644.5.1 Patched (2025-08-23 r88802) -- "Great Square Root" 4901
lconwaymacOS 12.7.6 Montereyx86_644.5.1 Patched (2025-09-10 r88807) -- "Great Square Root" 4691
kjohnson3macOS 13.7.7 Venturaarm644.5.1 Patched (2025-09-10 r88807) -- "Great Square Root" 4637
Click on any hostname to see more info about the system (e.g. compilers)      (*) as reported by 'uname -p', except on Windows and Mac OS X

Package 1955/2361HostnameOS / ArchINSTALLBUILDCHECKBUILD BIN
scRepertoire 2.6.0  (landing page)
Nick Borcherding
Snapshot Date: 2025-10-30 13:45 -0400 (Thu, 30 Oct 2025)
git_url: https://git.bioconductor.org/packages/scRepertoire
git_branch: RELEASE_3_22
git_last_commit: 3fccfb0
git_last_commit_date: 2025-10-29 11:04:19 -0400 (Wed, 29 Oct 2025)
nebbiolo2Linux (Ubuntu 24.04.3 LTS) / x86_64  OK    ERROR  skipped
lconwaymacOS 12.7.6 Monterey / x86_64  OK    ERROR  skippedskipped
kjohnson3macOS 13.7.7 Ventura / arm64  OK    ERROR  skippedskipped


BUILD results for scRepertoire on nebbiolo2

To the developers/maintainers of the scRepertoire package:
- Allow up to 24 hours (and sometimes 48 hours) for your latest push to git@git.bioconductor.org:packages/scRepertoire.git to reflect on this report. See Troubleshooting Build Report for more information.
- Use the following Renviron settings to reproduce errors and warnings.
- If 'R CMD check' started to fail recently on the Linux builder(s) over a missing dependency, add the missing dependency to 'Suggests:' in your DESCRIPTION file. See Renviron.bioc for more information.

raw results


Summary

Package: scRepertoire
Version: 2.6.0
Command: /home/biocbuild/bbs-3.22-bioc/R/bin/R CMD build --keep-empty-dirs --no-resave-data --md5 scRepertoire
StartedAt: 2025-10-30 19:58:50 -0400 (Thu, 30 Oct 2025)
EndedAt: 2025-10-30 20:02:19 -0400 (Thu, 30 Oct 2025)
EllapsedTime: 209.2 seconds
RetCode: 1
Status:   ERROR  
PackageFile: None
PackageFileSize: NA

Command output

##############################################################################
##############################################################################
###
### Running command:
###
###   /home/biocbuild/bbs-3.22-bioc/R/bin/R CMD build --keep-empty-dirs --no-resave-data --md5 scRepertoire
###
##############################################################################
##############################################################################


* checking for file ‘scRepertoire/DESCRIPTION’ ... OK
* preparing ‘scRepertoire’:
* checking DESCRIPTION meta-information ... OK
* cleaning src
* installing the package to build vignettes
* creating vignettes ... ERROR
--- re-building ‘vignette.Rmd’ using rmarkdown

Quitting from vignette.Rmd:1117-1127 [unnamed-chunk-59]
~~~~~~~~~~~~~~~~~~~~~~~~~~~~~~~~~~~~~~~~~~~~~~~~~~~~~~~~~~~~~~~~~~~~~~~~~~~~~~~~
<error/rlang_error>
Error in `data.frame()`:
! arguments imply differing number of rows: 500, 365
---
Backtrace:
    ▆
 1. └─Seurat::DimPlot(scRep_example, group.by = "cloneSize")
 2.   └─base::cbind(embed, meta)
 3.     └─base::cbind(deparse.level, ...)
 4.       └─base::data.frame(..., check.names = FALSE)
~~~~~~~~~~~~~~~~~~~~~~~~~~~~~~~~~~~~~~~~~~~~~~~~~~~~~~~~~~~~~~~~~~~~~~~~~~~~~~~~

Error: processing vignette 'vignette.Rmd' failed with diagnostics:
arguments imply differing number of rows: 500, 365
--- failed re-building ‘vignette.Rmd’

SUMMARY: processing the following file failed:
  ‘vignette.Rmd’

Error: Vignette re-building failed.
Execution halted