| Back to Multiple platform build/check report for BioC 3.21: simplified long |
|
This page was generated on 2025-04-22 13:18 -0400 (Tue, 22 Apr 2025).
| Hostname | OS | Arch (*) | R version | Installed pkgs |
|---|---|---|---|---|
| nebbiolo1 | Linux (Ubuntu 24.04.1 LTS) | x86_64 | 4.5.0 RC (2025-04-04 r88126) -- "How About a Twenty-Six" | 4831 |
| palomino7 | Windows Server 2022 Datacenter | x64 | 4.5.0 RC (2025-04-04 r88126 ucrt) -- "How About a Twenty-Six" | 4573 |
| lconway | macOS 12.7.1 Monterey | x86_64 | 4.5.0 RC (2025-04-04 r88126) -- "How About a Twenty-Six" | 4599 |
| kjohnson3 | macOS 13.7.1 Ventura | arm64 | 4.5.0 RC (2025-04-04 r88126) -- "How About a Twenty-Six" | 4553 |
| kunpeng2 | Linux (openEuler 24.03 LTS) | aarch64 | R Under development (unstable) (2025-02-19 r87757) -- "Unsuffered Consequences" | 4570 |
| Click on any hostname to see more info about the system (e.g. compilers) (*) as reported by 'uname -p', except on Windows and Mac OS X | ||||
| Package 1871/2341 | Hostname | OS / Arch | INSTALL | BUILD | CHECK | BUILD BIN | ||||||||
| sangeranalyseR 1.18.0 (landing page) Kuan-Hao Chao
| nebbiolo1 | Linux (Ubuntu 24.04.1 LTS) / x86_64 | OK | OK | WARNINGS | |||||||||
| palomino7 | Windows Server 2022 Datacenter / x64 | OK | OK | WARNINGS | OK | |||||||||
| lconway | macOS 12.7.1 Monterey / x86_64 | OK | OK | WARNINGS | OK | |||||||||
| kjohnson3 | macOS 13.7.1 Ventura / arm64 | OK | OK | WARNINGS | OK | |||||||||
| kunpeng2 | Linux (openEuler 24.03 LTS) / aarch64 | OK | OK | WARNINGS | ||||||||||
|
To the developers/maintainers of the sangeranalyseR package: - Allow up to 24 hours (and sometimes 48 hours) for your latest push to git@git.bioconductor.org:packages/sangeranalyseR.git to reflect on this report. See Troubleshooting Build Report for more information. - Use the following Renviron settings to reproduce errors and warnings. - If 'R CMD check' started to fail recently on the Linux builder(s) over a missing dependency, add the missing dependency to 'Suggests:' in your DESCRIPTION file. See Renviron.bioc for more information. |
| Package: sangeranalyseR |
| Version: 1.18.0 |
| Command: /Library/Frameworks/R.framework/Resources/bin/R CMD check --install=check:sangeranalyseR.install-out.txt --library=/Library/Frameworks/R.framework/Resources/library --no-vignettes --timings sangeranalyseR_1.18.0.tar.gz |
| StartedAt: 2025-04-21 21:24:47 -0400 (Mon, 21 Apr 2025) |
| EndedAt: 2025-04-21 21:26:15 -0400 (Mon, 21 Apr 2025) |
| EllapsedTime: 88.1 seconds |
| RetCode: 0 |
| Status: WARNINGS |
| CheckDir: sangeranalyseR.Rcheck |
| Warnings: 6 |
##############################################################################
##############################################################################
###
### Running command:
###
### /Library/Frameworks/R.framework/Resources/bin/R CMD check --install=check:sangeranalyseR.install-out.txt --library=/Library/Frameworks/R.framework/Resources/library --no-vignettes --timings sangeranalyseR_1.18.0.tar.gz
###
##############################################################################
##############################################################################
* using log directory ‘/Users/biocbuild/bbs-3.21-bioc/meat/sangeranalyseR.Rcheck’
* using R version 4.5.0 RC (2025-04-04 r88126)
* using platform: aarch64-apple-darwin20
* R was compiled by
Apple clang version 14.0.0 (clang-1400.0.29.202)
GNU Fortran (GCC) 14.2.0
* running under: macOS Ventura 13.7.1
* using session charset: UTF-8
* using option ‘--no-vignettes’
* checking for file ‘sangeranalyseR/DESCRIPTION’ ... OK
* checking extension type ... Package
* this is package ‘sangeranalyseR’ version ‘1.18.0’
* package encoding: UTF-8
* checking package namespace information ... NOTE
Found export directives that require package ‘methods’:
‘exportClasses’ ‘exportMethods’
Remove all such namespace directives (if obsolete) or ensure that the
DESCRIPTION Depends or Imports field contains ‘methods’.
* checking package dependencies ... INFO
Depends: includes the non-default packages:
'stringr', 'ape', 'Biostrings', 'pwalign', 'DECIPHER', 'parallel',
'reshape2', 'sangerseqR', 'gridExtra', 'shiny', 'shinydashboard',
'shinyjs', 'data.table', 'plotly', 'DT', 'zeallot', 'excelR',
'shinycssloaders', 'ggdendro', 'shinyWidgets', 'openxlsx', 'tools',
'rmarkdown', 'knitr', 'seqinr', 'BiocStyle', 'logger'
Adding so many packages to the search path is excessive and importing
selectively is preferable.
* checking if this is a source package ... OK
* checking if there is a namespace ... OK
* checking for hidden files and directories ... NOTE
Found the following hidden files and directories:
.travis.yml
docs/build/html/.buildinfo
These were most likely included in error. See section ‘Package
structure’ in the ‘Writing R Extensions’ manual.
* checking for portable file names ... WARNING
Found the following file with a non-portable file name:
docs/wallpaperflare.com_wallpaper (1).jpg
These are not fully portable file names.
See section ‘Package structure’ in the ‘Writing R Extensions’ manual.
Found the following non-portable file paths:
sangeranalyseR/docs/build/html/_downloads/081987116457968e1b81ae1616525c7d/Sanger_contigs_unalignment.fa
sangeranalyseR/docs/build/html/_downloads/13b875bc704f73b8bd67dc07d86fc474/Sanger_contigs_alignment.fa
sangeranalyseR/docs/build/html/_downloads/144d09562ae5b2c7dc079e4bc2b33fb7/Sanger_contigs_alignment.fa
sangeranalyseR/docs/build/html/_downloads/165af37e8893cfdfa4dba91c44cd791b/Sanger_contigs_unalignment.fa
sangeranalyseR/docs/build/html/_downloads/345ac400befc4f176c75732770ec3fcb/Achl_RBNII384-13_contig.fa
sangeranalyseR/docs/build/html/_downloads/438c8bd47d93d92c65b35b613ef14739/Sanger_all_trimmed_reads.fa
sangeranalyseR/docs/build/html/_downloads/6211ea1e7e3ccc1fcc9b74b78224eab6/Achl_ACHLO006-09_reads_unalignment.fa
sangeranalyseR/docs/build/html/_downloads/67bcad64cca804ec2e14cc42d016c08f/Achl_ACHLO006-09_reads_alignment.fa
sangeranalyseR/docs/build/html/_downloads/81a7338101f110748cb72056d9975225/Sanger_all_trimmed_reads.fa
sangeranalyseR/docs/build/html/_downloads/95ef9378c1407481d69c3bf882a580bb/Achl_RBNII384-13_reads_unalignment.fa
sangeranalyseR/docs/build/html/_downloads/a664bed9cc5d32924dc2ce60f8c60554/Sanger_all_trimmed_reads.fa
sangeranalyseR/docs/build/html/_downloads/b608796fffaaa7335a7341cffc9a9db7/Achl_ACHLO006-09_contig.fa
sangeranalyseR/docs/build/html/_downloads/b6b18aa3e34c6ae0be86c3940972dd38/Sanger_contigs_alignment.fa
sangeranalyseR/docs/build/html/_downloads/eeb554b575ee5b29ef733dafbf876c36/Achl_RBNII384-13_reads_alignment.fa
sangeranalyseR/docs/build/html/_downloads/fef71e7b2e1e49c01df301435e972047/Sanger_contigs_unalignment.fa
Tarballs are only required to store paths of up to 100 bytes and cannot
store those of more than 256 bytes, with restrictions including to 100
bytes for the final component.
See section ‘Package structure’ in the ‘Writing R Extensions’ manual.
* checking for sufficient/correct file permissions ... OK
* checking whether package ‘sangeranalyseR’ can be installed ... OK
* checking installed package size ... INFO
installed size is 8.5Mb
sub-directories of 1Mb or more:
data 2.2Mb
extdata 5.5Mb
* checking package directory ... OK
* checking ‘build’ directory ... OK
* checking DESCRIPTION meta-information ... OK
* checking top-level files ... NOTE
File
LICENSE
is not mentioned in the DESCRIPTION file.
* checking for left-over files ... OK
* checking index information ... OK
* checking package subdirectories ... OK
* checking code files for non-ASCII characters ... WARNING
Found the following files with non-ASCII characters:
R/ClassSangerAlignment.R
R/ClassSangerContig.R
R/ClassSangerRead.R
Portable packages must use only ASCII characters in their R code and
NAMESPACE directives, except perhaps in comments.
Use \uxxxx escapes for other characters.
Function ‘tools::showNonASCIIfile’ can help in finding non-ASCII
characters in files.
* checking R files for syntax errors ... OK
* checking whether the package can be loaded ... OK
* checking whether the package can be loaded with stated dependencies ... OK
* checking whether the package can be unloaded cleanly ... OK
* checking whether the namespace can be loaded with stated dependencies ... OK
* checking whether the namespace can be unloaded cleanly ... OK
* checking whether startup messages can be suppressed ... OK
* checking dependencies in R code ... NOTE
Packages in Depends field not imported from:
‘BiocStyle’ ‘knitr’ ‘reshape2’ ‘zeallot’
These packages need to be imported from (in the NAMESPACE file)
for when this namespace is loaded but not attached.
package 'methods' is used but not declared
* checking S3 generic/method consistency ... OK
* checking replacement functions ... OK
* checking foreign function calls ... OK
* checking R code for possible problems ... NOTE
QualityBasePlotly: no visible global function definition for ‘%>%’
SangerAlignment: no visible global function definition for ‘new’
SangerAlignmentServer: no visible global function definition for ‘%>%’
SangerAlignmentServer: no visible binding for '<<-' assignment to
‘NEW_SANGER_ALIGNED_CONSENSUS_READ_SET’
SangerAlignmentServer: no visible global function definition for
‘colorRamp’
SangerContig: no visible global function definition for ‘new’
SangerContigServer: no visible global function definition for ‘%>%’
SangerContigServer: no visible binding for '<<-' assignment to
‘NEW_SANGER_CONTIG’
SangerContigServer: no visible global function definition for
‘colorRamp’
SangerRead: no visible global function definition for ‘new’
SetCharStyleList: no visible global function definition for ‘%>%’
alignContigs: no visible global function definition for ‘as.phylo’
alignContigs: no visible global function definition for ‘rtree’
checkAb1FastaCsv: no visible global function definition for ‘read.csv’
checkTargetFastaName: no visible global function definition for
‘isEmpty’
chromatogram_overwrite: no visible global function definition for ‘rgb’
chromatogram_overwrite: no visible global function definition for ‘par’
chromatogram_overwrite: no visible global function definition for
‘quantile’
chromatogram_overwrite: no visible global function definition for ‘IQR’
chromatogram_overwrite: no visible global function definition for ‘pdf’
chromatogram_overwrite: no visible global function definition for
‘rect’
chromatogram_overwrite: no visible global function definition for
‘lines’
chromatogram_overwrite: no visible global function definition for
‘mtext’
chromatogram_overwrite: no visible global function definition for
‘axis’
chromatogram_overwrite: no visible global function definition for
‘dev.off’
primarySeqDisplay: no visible global function definition for ‘rgb’
primarySeqTrimmedDisplay: no visible global function definition for
‘rgb’
secondSeqTrimmedDisplay: no visible global function definition for
‘rgb’
secondarySeqDisplay: no visible global function definition for ‘rgb’
initialize,ChromatogramParam: no visible global function definition for
‘callNextMethod’
initialize,ObjectResults: no visible global function definition for
‘callNextMethod’
initialize,QualityReport: no visible global function definition for
‘callNextMethod’
initialize,SangerAlignment: no visible global function definition for
‘str_split’
initialize,SangerAlignment : <anonymous>: no visible global function
definition for ‘new’
initialize,SangerAlignment: no visible global function definition for
‘read.csv’
initialize,SangerAlignment: no visible global function definition for
‘new’
initialize,SangerAlignment: no visible global function definition for
‘callNextMethod’
initialize,SangerContig : <anonymous>: no visible global function
definition for ‘new’
initialize,SangerContig: no visible global function definition for
‘read.csv’
initialize,SangerContig: no visible global function definition for
‘new’
initialize,SangerContig: no visible global function definition for
‘callNextMethod’
initialize,SangerRead: no visible global function definition for ‘new’
initialize,SangerRead: no visible global function definition for
‘AAString’
initialize,SangerRead: no visible global function definition for
‘callNextMethod’
launchAppSA,SangerAlignment: no visible global function definition for
‘shinyOptions’
launchAppSA,SangerAlignment: no visible global function definition for
‘shinyApp’
launchAppSC,SangerContig: no visible global function definition for
‘shinyOptions’
launchAppSC,SangerContig: no visible global function definition for
‘shinyApp’
Undefined global functions or variables:
%>% AAString IQR as.phylo axis callNextMethod colorRamp dev.off
isEmpty lines mtext new par pdf quantile read.csv rect rgb rtree
shinyApp shinyOptions str_split
Consider adding
importFrom("grDevices", "colorRamp", "dev.off", "pdf", "rgb")
importFrom("graphics", "axis", "lines", "mtext", "par", "rect")
importFrom("methods", "callNextMethod", "new")
importFrom("stats", "IQR", "quantile")
importFrom("utils", "read.csv")
to your NAMESPACE file (and ensure that your DESCRIPTION Imports field
contains 'methods').
* checking Rd files ... OK
* checking Rd metadata ... OK
* checking Rd cross-references ... OK
* checking for missing documentation entries ... WARNING
Undocumented code objects:
‘chromatogram_overwrite’
All user-level objects in a package should have documentation entries.
See chapter ‘Writing R documentation files’ in the ‘Writing R
Extensions’ manual.
* checking for code/documentation mismatches ... WARNING
S4 class codoc mismatches from Rd file 'ObjectResults-class.Rd':
Slots for class 'ObjectResults'
Code: creationResult errorMessages errorTypes printLevel
readResultTable warningMessages warningTypes
Docs: printLevel
* checking Rd \usage sections ... WARNING
Undocumented arguments in Rd file 'SangerAlignment.Rd'
‘printLevel’ ‘processMethod’
Documented arguments not in \usage in Rd file 'SangerAlignment.Rd':
‘minFractionCallSA’ ‘maxFractionLostSA’
Undocumented arguments in Rd file 'SangerContig.Rd'
‘printLevel’ ‘processMethod’
Undocumented arguments in Rd file 'SangerRead.Rd'
‘printLevel’
Functions with \usage entries need to have the appropriate \alias
entries, and all their arguments documented.
The \usage entries must correspond to syntactically valid R code.
See chapter ‘Writing R documentation files’ in the ‘Writing R
Extensions’ manual.
* checking Rd contents ... OK
* checking for unstated dependencies in examples ... OK
* checking contents of ‘data’ directory ... OK
* checking data for non-ASCII characters ... OK
* checking data for ASCII and uncompressed saves ... WARNING
Note: significantly better compression could be obtained
by using R CMD build --resave-data
old_size new_size compress
sangerAlignmentData.RData 1.5Mb 698Kb xz
sangerContigData.RData 451Kb 203Kb xz
sangerReadFData.RData 269Kb 118Kb xz
* checking line endings in Makefiles ... OK
* checking for GNU extensions in Makefiles ... OK
* checking include directives in Makefiles ... OK
* checking files in ‘vignettes’ ... OK
* checking examples ... OK
Examples with CPU (user + system) or elapsed time > 5s
user system elapsed
SangerAlignment-class 16.236 0.574 16.864
* checking for unstated dependencies in ‘tests’ ... OK
* checking tests ...
Running ‘testthat.R’
OK
* checking for unstated dependencies in vignettes ... OK
* checking package vignettes ... OK
* checking running R code from vignettes ... SKIPPED
* checking re-building of vignette outputs ... SKIPPED
* checking PDF version of manual ... OK
* DONE
Status: 6 WARNINGs, 5 NOTEs
See
‘/Users/biocbuild/bbs-3.21-bioc/meat/sangeranalyseR.Rcheck/00check.log’
for details.
sangeranalyseR.Rcheck/00install.out
############################################################################## ############################################################################## ### ### Running command: ### ### /Library/Frameworks/R.framework/Resources/bin/R CMD INSTALL sangeranalyseR ### ############################################################################## ############################################################################## * installing to library ‘/Library/Frameworks/R.framework/Versions/4.5-arm64/Resources/library’ * installing *source* package ‘sangeranalyseR’ ... ** this is package ‘sangeranalyseR’ version ‘1.18.0’ ** using staged installation ** R ** data ** inst ** byte-compile and prepare package for lazy loading Note: wrong number of arguments to '==' ** help *** installing help indices ** building package indices ** installing vignettes ** testing if installed package can be loaded from temporary location ** testing if installed package can be loaded from final location ** testing if installed package keeps a record of temporary installation path * DONE (sangeranalyseR)
sangeranalyseR.Rcheck/tests/testthat.Rout
R version 4.5.0 RC (2025-04-04 r88126) -- "How About a Twenty-Six"
Copyright (C) 2025 The R Foundation for Statistical Computing
Platform: aarch64-apple-darwin20
R is free software and comes with ABSOLUTELY NO WARRANTY.
You are welcome to redistribute it under certain conditions.
Type 'license()' or 'licence()' for distribution details.
R is a collaborative project with many contributors.
Type 'contributors()' for more information and
'citation()' on how to cite R or R packages in publications.
Type 'demo()' for some demos, 'help()' for on-line help, or
'help.start()' for an HTML browser interface to help.
Type 'q()' to quit R.
> library(testthat)
> library(sangeranalyseR)
Loading required package: stringr
Loading required package: ape
Loading required package: Biostrings
Loading required package: BiocGenerics
Loading required package: generics
Attaching package: 'generics'
The following objects are masked from 'package:base':
as.difftime, as.factor, as.ordered, intersect, is.element, setdiff,
setequal, union
Attaching package: 'BiocGenerics'
The following objects are masked from 'package:stats':
IQR, mad, sd, var, xtabs
The following objects are masked from 'package:base':
Filter, Find, Map, Position, Reduce, anyDuplicated, aperm, append,
as.data.frame, basename, cbind, colnames, dirname, do.call,
duplicated, eval, evalq, get, grep, grepl, is.unsorted, lapply,
mapply, match, mget, order, paste, pmax, pmax.int, pmin, pmin.int,
rank, rbind, rownames, sapply, saveRDS, table, tapply, unique,
unsplit, which.max, which.min
Loading required package: S4Vectors
Loading required package: stats4
Attaching package: 'S4Vectors'
The following object is masked from 'package:utils':
findMatches
The following objects are masked from 'package:base':
I, expand.grid, unname
Loading required package: IRanges
Loading required package: XVector
Loading required package: GenomeInfoDb
Attaching package: 'Biostrings'
The following object is masked from 'package:ape':
complement
The following object is masked from 'package:base':
strsplit
Loading required package: pwalign
Attaching package: 'pwalign'
The following objects are masked from 'package:Biostrings':
PairwiseAlignments, PairwiseAlignmentsSingleSubject, aligned,
alignedPattern, alignedSubject, compareStrings, deletion,
errorSubstitutionMatrices, indel, insertion, mismatchSummary,
mismatchTable, nedit, nindel, nucleotideSubstitutionMatrix,
pairwiseAlignment, pattern, pid, qualitySubstitutionMatrices,
stringDist, unaligned, writePairwiseAlignments
Loading required package: DECIPHER
Loading required package: parallel
Loading required package: reshape2
Loading required package: sangerseqR
Loading required package: gridExtra
Attaching package: 'gridExtra'
The following object is masked from 'package:BiocGenerics':
combine
Loading required package: shiny
Loading required package: shinydashboard
Attaching package: 'shinydashboard'
The following object is masked from 'package:graphics':
box
Loading required package: shinyjs
Attaching package: 'shinyjs'
The following object is masked from 'package:shiny':
runExample
The following object is masked from 'package:pwalign':
show
The following object is masked from 'package:Biostrings':
show
The following object is masked from 'package:GenomeInfoDb':
show
The following object is masked from 'package:XVector':
show
The following object is masked from 'package:IRanges':
show
The following object is masked from 'package:S4Vectors':
show
The following object is masked from 'package:stats4':
show
The following objects are masked from 'package:methods':
removeClass, show
Loading required package: data.table
Attaching package: 'data.table'
The following objects are masked from 'package:reshape2':
dcast, melt
The following object is masked from 'package:IRanges':
shift
The following objects are masked from 'package:S4Vectors':
first, second
Loading required package: plotly
Loading required package: ggplot2
Attaching package: 'plotly'
The following object is masked from 'package:ggplot2':
last_plot
The following object is masked from 'package:XVector':
slice
The following object is masked from 'package:IRanges':
slice
The following object is masked from 'package:S4Vectors':
rename
The following object is masked from 'package:stats':
filter
The following object is masked from 'package:graphics':
layout
Loading required package: DT
Attaching package: 'DT'
The following objects are masked from 'package:shiny':
dataTableOutput, renderDataTable
Loading required package: zeallot
Loading required package: excelR
Loading required package: shinycssloaders
Loading required package: ggdendro
Loading required package: shinyWidgets
Attaching package: 'shinyWidgets'
The following object is masked from 'package:shinyjs':
alert
Loading required package: openxlsx
Loading required package: tools
Loading required package: rmarkdown
Loading required package: knitr
Loading required package: seqinr
Attaching package: 'seqinr'
The following object is masked from 'package:shiny':
a
The following object is masked from 'package:sangerseqR':
read.abif
The following object is masked from 'package:Biostrings':
translate
The following objects are masked from 'package:ape':
as.alignment, consensus
Loading required package: BiocStyle
Attaching package: 'BiocStyle'
The following objects are masked from 'package:rmarkdown':
html_document, md_document, pdf_document
The following object is masked from 'package:shiny':
markdown
Loading required package: logger
Welcome to sangeranalyseR
>
>
> # test_check("sangeranalyseR")
>
> proc.time()
user system elapsed
1.777 0.116 1.894
sangeranalyseR.Rcheck/sangeranalyseR-Ex.timings
| name | user | system | elapsed | |
| ChromatogramParam-class | 0.001 | 0.000 | 0.002 | |
| MakeBaseCalls-methods | 0.210 | 0.026 | 0.240 | |
| ObjectResults-class | 0.001 | 0.000 | 0.001 | |
| QualityReport-class-qualityBasePlot | 0.001 | 0.003 | 0.003 | |
| QualityReport-class-updateQualityParam | 0.002 | 0.005 | 0.007 | |
| QualityReport-class | 0.182 | 0.015 | 0.198 | |
| SangerAlignment-class-generateReportSA | 0.023 | 0.003 | 0.026 | |
| SangerAlignment-class-launchAppSA | 0.028 | 0.003 | 0.031 | |
| SangerAlignment-class-updateQualityParam | 0.027 | 0.003 | 0.030 | |
| SangerAlignment-class-writeFastaSA | 0.030 | 0.003 | 0.033 | |
| SangerAlignment-class | 16.236 | 0.574 | 16.864 | |
| SangerAlignment | 3.384 | 0.156 | 3.574 | |
| SangerContig-class-generateReportSC | 0.012 | 0.002 | 0.014 | |
| SangerContig-class-launchAppSC | 0.015 | 0.003 | 0.018 | |
| SangerContig-class-readTable | 0.050 | 0.006 | 0.056 | |
| SangerContig-class-updateQualityParam | 0.012 | 0.002 | 0.014 | |
| SangerContig-class-writeFastaSC | 0.022 | 0.003 | 0.025 | |
| SangerContig-class | 3.364 | 0.085 | 3.468 | |
| SangerContig | 0.009 | 0.001 | 0.010 | |
| SangerRead-class-MakeBaseCalls | 0.149 | 0.019 | 0.169 | |
| SangerRead-class-generateReportSR | 0.010 | 0.002 | 0.012 | |
| SangerRead-class-qualityBasePlot | 0.010 | 0.002 | 0.012 | |
| SangerRead-class-readTable | 0.052 | 0.007 | 0.059 | |
| SangerRead-class-updateQualityParam | 0.089 | 0.003 | 0.092 | |
| SangerRead-class-writeFastaSR | 0.014 | 0.003 | 0.016 | |
| SangerRead-class | 0.700 | 0.067 | 0.768 | |
| SangerRead | 0.163 | 0.013 | 0.176 | |
| generateReport | 0.044 | 0.007 | 0.050 | |
| generateReportSA-methods | 0.023 | 0.003 | 0.026 | |
| generateReportSC-methods | 0.012 | 0.003 | 0.014 | |
| generateReportSR-methods | 0.010 | 0.002 | 0.012 | |
| launchApp | 0.041 | 0.007 | 0.048 | |
| launchAppSA-methods | 0.023 | 0.002 | 0.026 | |
| launchAppSC-methods | 0.011 | 0.003 | 0.014 | |
| qualityBasePlot-methods | 0.119 | 0.018 | 0.138 | |
| readTable-methods | 0.045 | 0.007 | 0.052 | |
| updateQualityParam-methods | 0.045 | 0.010 | 0.055 | |
| writeFasta | 0.067 | 0.011 | 0.092 | |
| writeFastaSA-methods | 0.032 | 0.003 | 0.035 | |
| writeFastaSC-methods | 0.022 | 0.003 | 0.025 | |
| writeFastaSR-methods | 0.014 | 0.002 | 0.016 | |